{"id":8721,"date":"2019-11-28T15:47:15","date_gmt":"2019-11-28T15:47:15","guid":{"rendered":"http:\/\/saludsinaloa.gob.mx\/?page_id=8721"},"modified":"2020-12-22T14:40:56","modified_gmt":"2020-12-22T14:40:56","slug":"ejercicio-auditado-2019","status":"publish","type":"page","link":"https:\/\/saludsinaloa.gob.mx\/index.php\/ejercicio-auditado-2019\/","title":{"rendered":"Ejercicio Auditado 2019"},"content":{"rendered":"<h3><a href=\"http:\/\/saludsinaloa.gob.mx\/index.php\/informe-de-auditorias-internas\/\">Regresar<\/a><\/h3>\n<ul>\n<li><a href=\"http:\/\/saludsinaloa.gob.mx\/wp-content\/uploads\/2019\/transparencia\/Oficio_de_inicio_H_Psiq_de_Sin_001_2019.pdf\">Auditor\u00eda Hospital Psiqui\u00e1trico de Sinaloa (Inicio)<\/a><\/li>\n<li><a href=\"http:\/\/saludsinaloa.gob.mx\/wp-content\/uploads\/2019\/transparencia\/Informe_Final_H_Psiq_de_sin_001_2019.pdf\">Auditor\u00eda Hospital Psiqui\u00e1trico de Sinaloa (Informe Final)<\/a><\/li>\n<li><a href=\"http:\/\/saludsinaloa.gob.mx\/wp-content\/uploads\/2019\/transparencia\/Oficio_de_Inicio_C_Derm_de_Sin_002_2019.pdf\">Auditor\u00eda Centro Dermatol\u00f3gico de Sinaloa (Inicio)<\/a><\/li>\n<li><a href=\"http:\/\/saludsinaloa.gob.mx\/wp-content\/uploads\/2019\/transparencia\/Informe_final_C_Derm_de_Sin_002_2019.pdf\">Auditor\u00eda Centro Dermatol\u00f3gico de Sinaloa (Informe Final)<\/a><\/li>\n<li><a href=\"http:\/\/saludsinaloa.gob.mx\/wp-content\/uploads\/2019\/transparencia\/Oficio_de_inicio_LESP_de Sin_003_2019.pdf\">Auditor\u00eda Laboratorio Estatal de Salud P\u00fablica de Sinaloa (Inicio)<\/a><\/li>\n<li><a href=\"http:\/\/saludsinaloa.gob.mx\/wp-content\/uploads\/2019\/transparencia\/Informe_Final_LESPS_003_2019.pdf\">Auditor\u00eda Laboratorio Estatal de Salud P\u00fablica de Sinaloa (Informe Final)<\/a><\/li>\n<li><a href=\"http:\/\/saludsinaloa.gob.mx\/wp-content\/uploads\/2019\/transparencia\/Oficio_de_Inicio__HI_El_Rosario_004_2019.pdf\">Auditor\u00eda Hospital Integral el Rosario (Inicio)<\/a><\/li>\n<li><a href=\"http:\/\/saludsinaloa.gob.mx\/wp-content\/uploads\/2019\/transparencia\/Acta_de_cierre_HI_El_Rosario_004_2019.pdf\">Auditor\u00eda Hospital Integral el Rosario (Informe Final)<\/a><\/li>\n<li><a href=\"http:\/\/saludsinaloa.gob.mx\/wp-content\/uploads\/2019\/transparencia\/Oficio_de_Inicio_JSIV_005_2019.pdf\">Auditor\u00eda Jurisdicci\u00f3n Sanitaria IV (Inicio)<\/a><\/li>\n<li><a href=\"http:\/\/saludsinaloa.gob.mx\/wp-content\/uploads\/2019\/transparencia\/Oficio_Final_JSIV_ 005_2019.pdf\">Auditor\u00eda Jurisdicci\u00f3n Sanitaria IV (Informe Final)<\/a><\/li>\n<li><a href=\"http:\/\/saludsinaloa.gob.mx\/wp-content\/uploads\/2019\/transparencia\/Oficio_de_Inicio_HG_La_Cruz_006_2019.pdf\">Auditor\u00eda Hospital General la Cruz (Inicio)<\/a><\/li>\n<li><a href=\"http:\/\/saludsinaloa.gob.mx\/wp-content\/uploads\/2019\/transparencia\/Oficio_Final_HG_La_Cruz_006_2019.pdf\">Auditor\u00eda Hospital General la Cruz (Informe Final)<\/a><\/li>\n<li><a href=\"http:\/\/saludsinaloa.gob.mx\/wp-content\/uploads\/2019\/transparencia\/Oficio_de_inicio_H_de_la_Mujer_007_2019.pdf\">Auditor\u00eda Hospital de la Mujer (Inicio)<\/a><\/li>\n<li><a href=\"http:\/\/saludsinaloa.gob.mx\/wp-content\/uploads\/2019\/transparencia\/Oficio_de_observaciones_H_de_la_mujer_007_2019.pdf\">Auditor\u00eda Hospital de la Mujer (Informe Final)<\/a><\/li>\n<li><a href=\"http:\/\/saludsinaloa.gob.mx\/wp-content\/uploads\/2019\/transparencia\/Oficio_de_inicio_HG_Guasave_008_2019.pdf\">Auditor\u00eda Hospital General de Guasave (Inicio)<\/a><\/li>\n<li><a href=\"http:\/\/saludsinaloa.gob.mx\/wp-content\/uploads\/2019\/transparencia\/Oficio_de_observs_HG_Gve_008_2019.pdf\">Auditor\u00eda Hospital General de Guasave (Informe Final)<\/a><\/li>\n<li><a href=\"http:\/\/saludsinaloa.gob.mx\/wp-content\/uploads\/2019\/transparencia\/Oficio_de_inicio_H_G_MOCHIS_009_2019.pdf\">Auditor\u00eda Hospital General los Mochis (Inicio)<\/a><\/li>\n<li><a href=\"http:\/\/saludsinaloa.gob.mx\/wp-content\/uploads\/2019\/transparencia\/Oficio_de_observs_HG_Mochis_009_2019.pdf\">Auditor\u00eda Hospital General los Mochis (Informe Final)<\/a><\/li>\n<li><a href=\"http:\/\/saludsinaloa.gob.mx\/wp-content\/uploads\/2019\/transparencia\/Oficio_de_inicio_CSU_Gsv_010_2019.pdf\">Auditor\u00eda Centro de Salud Urbano de Guasave (Inicio)<\/a><\/li>\n<li><a href=\"http:\/\/saludsinaloa.gob.mx\/wp-content\/uploads\/2019\/transparencia\/Oficio_de_obsevs_CSU_Gve_010_2019.pdf\">Auditor\u00eda Centro de Salud Urbano de Guasave (Informe Final)<\/a><\/li>\n<li><a href=\"http:\/\/saludsinaloa.gob.mx\/wp-content\/uploads\/2019\/transparencia\/Oficio_de_Inicio_HI_Badiraguato_011_2019.pdf\">Auditor\u00eda Hospital Integral de Badiraguato (Inicio)<\/a><\/li>\n<li><a href=\"http:\/\/saludsinaloa.gob.mx\/wp-content\/uploads\/2019\/transparencia\/Oficio_de_Observs_HI_Badiraguato_011_2019.pdf\">Auditor\u00eda Hospital Integral de Badiraguato (Informe Final)<\/a><\/li>\n<li><a href=\"http:\/\/saludsinaloa.gob.mx\/wp-content\/uploads\/2020\/files\/2019 Informe Hospital Psiquiatrico de Sinaloa.pdf\" target=\"_blank\" rel=\"noopener noreferrer\">Auditor\u00eda Hospital Psiqui\u00e1trico de Sinaloa(Informe Final)<\/a><\/li>\n<\/ul>\n","protected":false},"excerpt":{"rendered":"<p>Regresar Auditor\u00eda Hospital Psiqui\u00e1trico de Sinaloa (Inicio) Auditor\u00eda Hospital Psiqui\u00e1trico de Sinaloa (Informe Final) Auditor\u00eda Centro Dermatol\u00f3gico de Sinaloa (Inicio) Auditor\u00eda Centro Dermatol\u00f3gico de Sinaloa (Informe Final) Auditor\u00eda Laboratorio Estatal de Salud P\u00fablica de Sinaloa (Inicio) Auditor\u00eda Laboratorio Estatal de Salud P\u00fablica de Sinaloa (Informe Final) Auditor\u00eda Hospital Integral el Rosario (Inicio) Auditor\u00eda Hospital Integral [&hellip;]<\/p>\n","protected":false},"author":1,"featured_media":0,"parent":0,"menu_order":0,"comment_status":"closed","ping_status":"closed","template":"templates\/full-width-page.php","meta":{"footnotes":""},"class_list":["post-8721","page","type-page","status-publish","hentry"],"_links":{"self":[{"href":"https:\/\/saludsinaloa.gob.mx\/index.php\/wp-json\/wp\/v2\/pages\/8721","targetHints":{"allow":["GET"]}}],"collection":[{"href":"https:\/\/saludsinaloa.gob.mx\/index.php\/wp-json\/wp\/v2\/pages"}],"about":[{"href":"https:\/\/saludsinaloa.gob.mx\/index.php\/wp-json\/wp\/v2\/types\/page"}],"author":[{"embeddable":true,"href":"https:\/\/saludsinaloa.gob.mx\/index.php\/wp-json\/wp\/v2\/users\/1"}],"replies":[{"embeddable":true,"href":"https:\/\/saludsinaloa.gob.mx\/index.php\/wp-json\/wp\/v2\/comments?post=8721"}],"version-history":[{"count":9,"href":"https:\/\/saludsinaloa.gob.mx\/index.php\/wp-json\/wp\/v2\/pages\/8721\/revisions"}],"predecessor-version":[{"id":11398,"href":"https:\/\/saludsinaloa.gob.mx\/index.php\/wp-json\/wp\/v2\/pages\/8721\/revisions\/11398"}],"wp:attachment":[{"href":"https:\/\/saludsinaloa.gob.mx\/index.php\/wp-json\/wp\/v2\/media?parent=8721"}],"curies":[{"name":"wp","href":"https:\/\/api.w.org\/{rel}","templated":true}]}}