{"id":673,"date":"2017-11-14T17:49:55","date_gmt":"2017-11-14T17:49:55","guid":{"rendered":"http:\/\/wpress2.saludsinaloa.gob.mx\/wordpress\/?page_id=673"},"modified":"2023-02-13T20:43:19","modified_gmt":"2023-02-13T20:43:19","slug":"hospital-integral-de-mocorito","status":"publish","type":"page","link":"https:\/\/saludsinaloa.gob.mx\/index.php\/unidades\/hospital-integral-de-mocorito\/","title":{"rendered":"HOSPITAL INTEGRAL DE MOCORITO"},"content":{"rendered":"<p>Director: Dr. Melit\u00f3n Araujo Vizcarra.<br \/>\nDomicilio: Obreg\u00f3n e Hidalgo #4 Col. Centro C.P. 80800, Mocorito, Sinaloa.<br \/>\nTel\u00e9fono: 01673 7350299 ext. #620, #756<br \/>\n<a class=\"button cta-button cta-button-primary\" style=\"background: #f1703d!important;\" href=\"http:\/\/saludsinaloa.gob.mx\/index.php\/unidades\/hospital-integral-de-mocorito\/\" target=\"_blank\" rel=\"noopener\">Ir al Sitio<\/a><\/p>\n","protected":false},"excerpt":{"rendered":"<p>Director: Dr. Melit\u00f3n Araujo Vizcarra. Domicilio: Obreg\u00f3n e Hidalgo #4 Col. Centro C.P. 80800, Mocorito, Sinaloa. Tel\u00e9fono: 01673 7350299 ext. #620, #756 Ir al Sitio<\/p>\n","protected":false},"author":1,"featured_media":674,"parent":538,"menu_order":14,"comment_status":"closed","ping_status":"closed","template":"templates\/full-width-page.php","meta":{"footnotes":""},"class_list":["post-673","page","type-page","status-publish","has-post-thumbnail","hentry"],"_links":{"self":[{"href":"https:\/\/saludsinaloa.gob.mx\/index.php\/wp-json\/wp\/v2\/pages\/673","targetHints":{"allow":["GET"]}}],"collection":[{"href":"https:\/\/saludsinaloa.gob.mx\/index.php\/wp-json\/wp\/v2\/pages"}],"about":[{"href":"https:\/\/saludsinaloa.gob.mx\/index.php\/wp-json\/wp\/v2\/types\/page"}],"author":[{"embeddable":true,"href":"https:\/\/saludsinaloa.gob.mx\/index.php\/wp-json\/wp\/v2\/users\/1"}],"replies":[{"embeddable":true,"href":"https:\/\/saludsinaloa.gob.mx\/index.php\/wp-json\/wp\/v2\/comments?post=673"}],"version-history":[{"count":3,"href":"https:\/\/saludsinaloa.gob.mx\/index.php\/wp-json\/wp\/v2\/pages\/673\/revisions"}],"predecessor-version":[{"id":14328,"href":"https:\/\/saludsinaloa.gob.mx\/index.php\/wp-json\/wp\/v2\/pages\/673\/revisions\/14328"}],"up":[{"embeddable":true,"href":"https:\/\/saludsinaloa.gob.mx\/index.php\/wp-json\/wp\/v2\/pages\/538"}],"wp:featuredmedia":[{"embeddable":true,"href":"https:\/\/saludsinaloa.gob.mx\/index.php\/wp-json\/wp\/v2\/media\/674"}],"wp:attachment":[{"href":"https:\/\/saludsinaloa.gob.mx\/index.php\/wp-json\/wp\/v2\/media?parent=673"}],"curies":[{"name":"wp","href":"https:\/\/api.w.org\/{rel}","templated":true}]}}