{"id":6524,"date":"2019-02-20T16:30:29","date_gmt":"2019-02-20T16:30:29","guid":{"rendered":"http:\/\/saludsinaloa.gob.mx\/?page_id=6524"},"modified":"2020-01-14T21:35:59","modified_gmt":"2020-01-14T21:35:59","slug":"atencion-de-urgencias","status":"publish","type":"page","link":"https:\/\/saludsinaloa.gob.mx\/index.php\/atencion-de-urgencias\/","title":{"rendered":"Atenci\u00f3n de Urgencias"},"content":{"rendered":"<p style=\"text-align: justify;\"><strong>Atenci\u00f3n de Urgencias<\/strong><\/p>\n<p style=\"text-align: justify;\">Este servicio se ofrece a poblaci\u00f3n abierta y derechohabientes del Seguro\u00a0Popular. Los pacientes pueden tener una urgencia real o sentida, el m\u00e9dico\u00a0realizar\u00e1 una valoraci\u00f3n m\u00e9dica integral de los problemas por los que acude el\u00a0paciente.<\/p>\n<p style=\"text-align: justify;\"><strong>Tipo de Tr\u00e1mite:<\/strong><br \/>\nPresencial.<\/p>\n<p style=\"text-align: justify;\"><strong>Requerimientos:<\/strong><br \/>\nPresentarse en la ventanilla urgencias y registrarse.<\/p>\n<p style=\"text-align: justify;\"><strong>\u00bfD\u00f3nde Puedo Obtener el Servicio?<\/strong><br \/>\nUsted puede consultar el directorio de unidades de segundo nivel de atenci\u00f3n\u00a0en:<br \/>\n<a href=\"http:\/\/saludsinaloa.gob.mx\/index.php\/unidades\/\">Http:\/\/saludsinaloa.gob.mx\/saludsinaloa.gob.mx\/sitio\/unidades-medicas.html<\/a><\/p>\n<p style=\"text-align: justify;\"><strong>\u00bfCuanto Cuesta el Servicio?<\/strong><br \/>\nEl servicio no tiene costo para pacientes afiliados al seguro popular. La atenci\u00f3n\u00a0urgente no debe generar ning\u00fan costo. Una vez atendida la urgencia se pueden\u00a0generar costos por atenci\u00f3n a pacientes no derechohabientes. Existe un\u00a0tabulador vigente por el cual usted puede preguntar en su unidad m\u00e9dica.<\/p>\n<p style=\"text-align: justify;\"><strong>\u00bfMe Pueden Negar el Servicio? \u00bfPuedo Quejarme?<\/strong><br \/>\nEl servicio no puede negarse. Usted puede interponer una queja por maltrato o\u00a0negativa en el servicio. Para tal fin existen buzones de quejas y oficinas\u00a0disponibles en su unidad m\u00e9dica.<\/p>\n","protected":false},"excerpt":{"rendered":"<p>Atenci\u00f3n de Urgencias Este servicio se ofrece a poblaci\u00f3n abierta y derechohabientes del Seguro\u00a0Popular. Los pacientes pueden tener una urgencia real o sentida, el m\u00e9dico\u00a0realizar\u00e1 una valoraci\u00f3n m\u00e9dica integral de los problemas por los que acude el\u00a0paciente. Tipo de Tr\u00e1mite: Presencial. Requerimientos: Presentarse en la ventanilla urgencias y registrarse. \u00bfD\u00f3nde Puedo Obtener el Servicio? Usted [&hellip;]<\/p>\n","protected":false},"author":1,"featured_media":0,"parent":0,"menu_order":0,"comment_status":"closed","ping_status":"closed","template":"templates\/full-width-page.php","meta":{"footnotes":""},"class_list":["post-6524","page","type-page","status-publish","hentry"],"_links":{"self":[{"href":"https:\/\/saludsinaloa.gob.mx\/index.php\/wp-json\/wp\/v2\/pages\/6524","targetHints":{"allow":["GET"]}}],"collection":[{"href":"https:\/\/saludsinaloa.gob.mx\/index.php\/wp-json\/wp\/v2\/pages"}],"about":[{"href":"https:\/\/saludsinaloa.gob.mx\/index.php\/wp-json\/wp\/v2\/types\/page"}],"author":[{"embeddable":true,"href":"https:\/\/saludsinaloa.gob.mx\/index.php\/wp-json\/wp\/v2\/users\/1"}],"replies":[{"embeddable":true,"href":"https:\/\/saludsinaloa.gob.mx\/index.php\/wp-json\/wp\/v2\/comments?post=6524"}],"version-history":[{"count":2,"href":"https:\/\/saludsinaloa.gob.mx\/index.php\/wp-json\/wp\/v2\/pages\/6524\/revisions"}],"predecessor-version":[{"id":9350,"href":"https:\/\/saludsinaloa.gob.mx\/index.php\/wp-json\/wp\/v2\/pages\/6524\/revisions\/9350"}],"wp:attachment":[{"href":"https:\/\/saludsinaloa.gob.mx\/index.php\/wp-json\/wp\/v2\/media?parent=6524"}],"curies":[{"name":"wp","href":"https:\/\/api.w.org\/{rel}","templated":true}]}}