{"id":6503,"date":"2019-02-19T20:31:37","date_gmt":"2019-02-19T20:31:37","guid":{"rendered":"http:\/\/saludsinaloa.gob.mx\/?page_id=6503"},"modified":"2025-03-14T19:19:11","modified_gmt":"2025-03-14T19:19:11","slug":"departamento-nueva-cultura-de-la-salud","status":"publish","type":"page","link":"https:\/\/saludsinaloa.gob.mx\/index.php\/departamento-nueva-cultura-de-la-salud\/","title":{"rendered":"Departamento Nueva Cultura de la Salud"},"content":{"rendered":"<h4><strong>Objetivo:<\/strong><\/h4>\n<p>Impulsar las pol\u00edticas p\u00fablicas con enfoque de salud, que incidan en los principales problemas de Salud P\u00fablica, mediante el fomento de comportamientos, estilos de vida y entornos saludables; desarrollo de competencias en salud; participaci\u00f3n de otros sectores, de los tres \u00f3rdenes del gobierno y de la ciudadan\u00eda, empoderando a las comunidades y mejorando as\u00ed la salud de la poblaci\u00f3n a lo largo del curso de vida. Aumentar la pr\u00e1ctica y adherencia de actividad f\u00edsica as\u00ed como la correcta alimentaci\u00f3n para mejorar la salud en la poblaci\u00f3n del Estado de Sinaloa.<\/p>\n<h4><strong>Descripci\u00f3n:<\/strong><\/h4>\n<p>Busca mejorar y crear estilos de vida saludables en la poblaci\u00f3n,\u00a0mediante la implementaci\u00f3n de estrategias dirigidas a entornos espec\u00edficos como centros\u00a0escolares, laborales, comunitarios y centros de salud. Las intervenciones se realizan a\u00a0grupos cautivos de los entornos antes mencionados y mediante eventos masivos en la\u00a0poblaci\u00f3n general.<\/p>\n<h4><strong>Bienes y\/o servicios que entrega el programa:<\/strong><\/h4>\n<p>&#8211; Diagn\u00f3stico y evaluaci\u00f3n nutricional.<br \/>\n&#8211; Diagn\u00f3sticos de la condici\u00f3n f\u00edsica.<br \/>\n&#8211; Sesiones educativas para la promoci\u00f3n de estilos de vida saludables.<br \/>\n&#8211; Eventos masivos de promoci\u00f3n de estilos de vida saludables.<\/p>\n<p>&#8211; Certificaci\u00f3n de escuelas saludables.<\/p>\n<h4><strong>\u00a0<\/strong><strong>Cobertura:<\/strong><\/h4>\n<p>Ahome, El Fuerte, Choix, Guasave, Sinaloa de Leyva, Salvador Alvarado, Angostura, Mocorito, Badiraguato, Navolato, Culiac\u00e1n, Elota, San Ignacio, Mazatl\u00e1n, Concordia, El Rosario y Escuinapa.<\/p>\n<h4><strong>Beneficiarios:<\/strong><\/h4>\n<ul>\n<li>Poblaci\u00f3n en general.<\/li>\n<\/ul>\n<h4><strong>Requisitos del beneficiario:<\/strong><\/h4>\n<p>Los beneficiarios de los entornos escolar, laboral y comunitario:<\/p>\n<ul>\n<li>Presentar un documento que avale a la persona como perteneciente a la instituci\u00f3n o localidad.<\/li>\n<li>Aceptar, de palabra, participar en el programa.<\/li>\n<li>No presentar contraindicaciones para la pr\u00e1ctica de ejercicio.<\/li>\n<li>En el caso del entorno comunitario, identificaci\u00f3n oficial donde indique nombre, edad y domicilio.<\/li>\n<\/ul>\n<p><strong>\u00a0<\/strong><\/p>\n<h4><strong>Procedimientos para acceder a los bienes y\/o servicios del programa:<\/strong><\/h4>\n<ul>\n<li>Identificar si el entorno es beneficiario del Programa o est\u00e1 programado para serlo.<\/li>\n<li>En el caso de los entornos escolar y laboral, la informaci\u00f3n la obtendr\u00e1n con las autoridades de sus instituciones y en el caso del comunitario y centros de salud, con el director de los mismos.<\/li>\n<li>El entorno estar\u00e1 formado por individuos interesados en participar en el Programa y solicitar\u00e1n la intervenci\u00f3n a la unidad de salud, o, en su caso, si hay individuos que quisieran participar, solicitar su integraci\u00f3n al grupo.<\/li>\n<li>El promotor de\u00a0 salud asignado a esa unidad registrar\u00e1 al entorno y a sus beneficiarios en una base de datos.<\/li>\n<li>El promotor de salud programar\u00e1 las actividades de manera cronol\u00f3gica para que el usuario conozca los d\u00edas de asistencia a las actividades.<\/li>\n<li>El usuario se beneficiar\u00e1 de las actividades que previamente se programaron.<\/li>\n<\/ul>\n<p><strong>\u00a0<\/strong><\/p>\n<p><strong>Datos del responsable del programa: <\/strong><br \/>\nDr. Manuel Alejandro Macias Mancillas.<br \/>\nDepartamento Nueva Cultura de la Salud.<br \/>\nSubdirecci\u00f3n de Promoci\u00f3n de la Salud.<br \/>\nDirecci\u00f3n de Prevenci\u00f3n y Promoci\u00f3n de la Salud.<br \/>\nServicios de la Salud de Sinaloa.<br \/>\n<strong>Correo oficial:<\/strong> <a href=\"mailto:nueva.cultura@saludsinaloa.gob.mx\">nueva.cultura@saludsinaloa.gob.mx<\/a><br \/>\n<strong>Tel\u00e9fono:<\/strong> 667 758 7000 <strong>extensi\u00f3n:<\/strong> 40412.<br \/>\n<strong>Direcci\u00f3n:<\/strong> Blvd. Alfonso Zaragoza No. 2204, Edificio B, Tercer Piso. Fracc. Bonanza, C.P. 80020, Culiac\u00e1n, Sinaloa.<br \/>\n<strong>Horario de atenci\u00f3n:<\/strong> de 08:00 a 15:30 horas.<br \/>\nP\u00e1gina web:<br \/>\n<a href=\"http:\/\/saludsinaloa.gob.mx\/index.php\/direccion-de-prevencion-y-promocion-de-la-salud\/\">http:\/\/saludsinaloa.gob.mx\/index.php\/direccion-de-prevencion-y-promocion-de-la-salud\/<\/a><\/p>\n","protected":false},"excerpt":{"rendered":"<p>Objetivo: Impulsar las pol\u00edticas p\u00fablicas con enfoque de salud, que incidan en los principales problemas de Salud P\u00fablica, mediante el fomento de comportamientos, estilos de vida y entornos saludables; desarrollo de competencias en salud; participaci\u00f3n de otros sectores, de los tres \u00f3rdenes del gobierno y de la ciudadan\u00eda, empoderando a las comunidades y mejorando as\u00ed [&hellip;]<\/p>\n","protected":false},"author":1,"featured_media":0,"parent":0,"menu_order":0,"comment_status":"closed","ping_status":"closed","template":"templates\/full-width-page.php","meta":{"footnotes":""},"class_list":["post-6503","page","type-page","status-publish","hentry"],"_links":{"self":[{"href":"https:\/\/saludsinaloa.gob.mx\/index.php\/wp-json\/wp\/v2\/pages\/6503","targetHints":{"allow":["GET"]}}],"collection":[{"href":"https:\/\/saludsinaloa.gob.mx\/index.php\/wp-json\/wp\/v2\/pages"}],"about":[{"href":"https:\/\/saludsinaloa.gob.mx\/index.php\/wp-json\/wp\/v2\/types\/page"}],"author":[{"embeddable":true,"href":"https:\/\/saludsinaloa.gob.mx\/index.php\/wp-json\/wp\/v2\/users\/1"}],"replies":[{"embeddable":true,"href":"https:\/\/saludsinaloa.gob.mx\/index.php\/wp-json\/wp\/v2\/comments?post=6503"}],"version-history":[{"count":5,"href":"https:\/\/saludsinaloa.gob.mx\/index.php\/wp-json\/wp\/v2\/pages\/6503\/revisions"}],"predecessor-version":[{"id":19784,"href":"https:\/\/saludsinaloa.gob.mx\/index.php\/wp-json\/wp\/v2\/pages\/6503\/revisions\/19784"}],"wp:attachment":[{"href":"https:\/\/saludsinaloa.gob.mx\/index.php\/wp-json\/wp\/v2\/media?parent=6503"}],"curies":[{"name":"wp","href":"https:\/\/api.w.org\/{rel}","templated":true}]}}