{"id":6492,"date":"2019-02-19T19:51:26","date_gmt":"2019-02-19T19:51:26","guid":{"rendered":"http:\/\/saludsinaloa.gob.mx\/?page_id=6492"},"modified":"2025-03-14T19:26:40","modified_gmt":"2025-03-14T19:26:40","slug":"programa-enfermedades-diarreica-agudas-y-colera","status":"publish","type":"page","link":"https:\/\/saludsinaloa.gob.mx\/index.php\/programa-enfermedades-diarreica-agudas-y-colera\/","title":{"rendered":"Programa Enfermedades Diarreica Agudas y C\u00f3lera"},"content":{"rendered":"<p><strong>Objetivo:<\/strong><\/p>\n<ul>\n<li>Mantener el control epidemiol\u00f3gico del c\u00f3lera en el estado mediante acciones de vigilancia que<br \/>\npermitan limitar el da\u00f1o de esta patolog\u00eda en la poblaci\u00f3n.<br \/>\nDescripci\u00f3n:<\/li>\n<li>Identificaci\u00f3n de la circulaci\u00f3n del c\u00f3lera en el territorio sinaloense y el control epidemiol\u00f3gico (o de<br \/>\nenfermedades diarreicas) para evitar brotes en la poblaci\u00f3n, a trav\u00e9s de la toma de muestras fecales<br \/>\na 2% de los pacientes con diarrea aguda que acudan a la unidad m\u00e9dica de salud, que son analizadas<br \/>\npor el Laboratorio Estatal de Salud P\u00fablica a trav\u00e9s de Control Epidemiol\u00f3gico. En las localidades en<br \/>\ndonde se identifique la presencia de la bacteria vibri\u00f3n c\u00f3lera, se realizan acciones inmediatas tales<br \/>\ncomo las visitas alrededor del domicilio comprometido, para la orientaci\u00f3n y toma de muestras a<br \/>\npersonas con s\u00edntomas diarreicos, as\u00ed como la promoci\u00f3n de los cuidados de la salud para evitar la<br \/>\naparici\u00f3n de brotes.<br \/>\n<strong>Bienes y servicios que entrega el programa:<\/strong><\/li>\n<li>\u00a0Estudios de muestras fecales para detecci\u00f3n del c\u00f3lera.<\/li>\n<li>\u00a0Tratamiento espec\u00edfico a todos los casos sospechosos de c\u00f3lera.<\/li>\n<li>\u00a0Informaci\u00f3n de c\u00f3mo prevenir evacuaciones l\u00edquidas y el cuidado que deben tener en su<br \/>\ndomicilio los pacientes atendidos por padecimiento diarreico agudo en la unidad m\u00e9dica de<br \/>\nsalud.<br \/>\n<strong>Cobertura:<\/strong><\/li>\n<li>Todos los municipios del Estado de Sinaloa.<br \/>\n<strong>Beneficiarios:<\/strong><\/li>\n<li>Poblaci\u00f3n en general.<br \/>\n<strong>Requisitos del beneficiario:<\/strong><\/li>\n<li>Ninguno.<br \/>\n<strong>Procedimiento para acceder a los bienes y\/o servicios del programa:<\/strong><\/li>\n<li>\u00a0El paciente debe acudir a consulta m\u00e9dica si presenta s\u00edntomas de evacuaciones l\u00edquidas, v\u00f3mito y<br \/>\nmalestar general.<\/li>\n<li>\u00a0Se toman muestras de laboratorio para su an\u00e1lisis a los pacientes con enfermedad de sospecha a<br \/>\nla presencia de c\u00f3lera.<\/li>\n<li>\u00a0Se proporciona tratamiento m\u00e9dico e hidrataci\u00f3n a todos los pacientes.<\/li>\n<li>\u00a0En caso de ser positivo, se da orientaci\u00f3n al paciente sobre el manejo de la enfermedad en su<br \/>\ndomicilio.<\/li>\n<li>\u00a0Se realiza la visita de casa en casa alrededor del domicilio del caso identificado, se proporciona<br \/>\norientaci\u00f3n y tomas de muestras a personas con evacuaciones l\u00edquidas.<\/li>\n<\/ul>\n<p><strong>Datos del contacto y responsable del programa:<\/strong><br \/>\nDr. Camilo Alejandro Esquerra Aldana.<br \/>\nCoordinador Estatal de Enfermedades Diarreica Agudas y C\u00f3lera.<br \/>\nDirecci\u00f3n de Prevenci\u00f3n y Promoci\u00f3n de la Salud.<br \/>\n<strong>Horario de atenci\u00f3n:<\/strong><br \/>\nDe lunes a viernes de 8:00 a 13:00 horas.<br \/>\n<strong>Medios de contacto:<\/strong><br \/>\nTel\u00e9fono: 667 758 7000 ext. 40413<br \/>\nCorreo oficial:<a href=\"mailto:colera@saludsinaloa.gob.mx\">colera@saludsinaloa.gob.mx<\/a><br \/>\n<strong>Domicilio:<\/strong><br \/>\nBoulevard Alfonso Zaragoza Maytorena #2204, Edificio B, tercer piso, Fraccionamiento Bonanza,<br \/>\nC\u00f3digo Postal 80020, Culiac\u00e1n, Sinaloa, M\u00e9xico.<\/p>\n","protected":false},"excerpt":{"rendered":"<p>Objetivo: Mantener el control epidemiol\u00f3gico del c\u00f3lera en el estado mediante acciones de vigilancia que permitan limitar el da\u00f1o de esta patolog\u00eda en la poblaci\u00f3n. Descripci\u00f3n: Identificaci\u00f3n de la circulaci\u00f3n del c\u00f3lera en el territorio sinaloense y el control epidemiol\u00f3gico (o de enfermedades diarreicas) para evitar brotes en la poblaci\u00f3n, a trav\u00e9s de la toma [&hellip;]<\/p>\n","protected":false},"author":1,"featured_media":0,"parent":0,"menu_order":0,"comment_status":"closed","ping_status":"closed","template":"templates\/full-width-page.php","meta":{"footnotes":""},"class_list":["post-6492","page","type-page","status-publish","hentry"],"_links":{"self":[{"href":"https:\/\/saludsinaloa.gob.mx\/index.php\/wp-json\/wp\/v2\/pages\/6492","targetHints":{"allow":["GET"]}}],"collection":[{"href":"https:\/\/saludsinaloa.gob.mx\/index.php\/wp-json\/wp\/v2\/pages"}],"about":[{"href":"https:\/\/saludsinaloa.gob.mx\/index.php\/wp-json\/wp\/v2\/types\/page"}],"author":[{"embeddable":true,"href":"https:\/\/saludsinaloa.gob.mx\/index.php\/wp-json\/wp\/v2\/users\/1"}],"replies":[{"embeddable":true,"href":"https:\/\/saludsinaloa.gob.mx\/index.php\/wp-json\/wp\/v2\/comments?post=6492"}],"version-history":[{"count":7,"href":"https:\/\/saludsinaloa.gob.mx\/index.php\/wp-json\/wp\/v2\/pages\/6492\/revisions"}],"predecessor-version":[{"id":19788,"href":"https:\/\/saludsinaloa.gob.mx\/index.php\/wp-json\/wp\/v2\/pages\/6492\/revisions\/19788"}],"wp:attachment":[{"href":"https:\/\/saludsinaloa.gob.mx\/index.php\/wp-json\/wp\/v2\/media?parent=6492"}],"curies":[{"name":"wp","href":"https:\/\/api.w.org\/{rel}","templated":true}]}}