{"id":6456,"date":"2019-02-18T20:11:28","date_gmt":"2019-02-18T20:11:28","guid":{"rendered":"http:\/\/saludsinaloa.gob.mx\/?page_id=6456"},"modified":"2025-03-14T18:10:29","modified_gmt":"2025-03-14T18:10:29","slug":"programa-violencia-genero","status":"publish","type":"page","link":"https:\/\/saludsinaloa.gob.mx\/index.php\/programa-violencia-genero\/","title":{"rendered":"Programa Violencia G\u00e9nero"},"content":{"rendered":"<p><strong>Objetivo:<\/strong><\/p>\n<ul>\n<li>Reducir la prevalencia y severidad de los da\u00f1os a la salud causados por la violencia contra las mujeres,<br \/>\ncon particular \u00e9nfasis entre aquellas que se encuentran en situaci\u00f3n de mayor riesgo y vulnerabilidad.<br \/>\nDescripci\u00f3n:<\/li>\n<li>La violencia contra las mujeres constituye un grave problema de salud p\u00fablica y una violaci\u00f3n a sus<br \/>\nderechos humanos. Los distintos tipos y manifestaciones de la violencia de g\u00e9nero, ocasionan graves<br \/>\nproblemas de salud f\u00edsica, mental, sexual y reproductiva a corto, mediano y largo plazo para las<br \/>\npersonas y particularmente las mujeres que lo enfrentan. En ese sentido, las violencias no solo<br \/>\nafectan la interdependencia de los distintos \u00e1mbitos de la salud de las mujeres, sino que, tambi\u00e9n<br \/>\ntienen un elevado costo social y econ\u00f3mico para los sistemas de salud y la sociedad en general.<br \/>\n<strong>Bienes y servicios que entrega el programa:<\/strong><\/li>\n<li>\u00a0Brindar servicios de informaci\u00f3n, orientaci\u00f3n, consejer\u00eda a poblaci\u00f3n abierta en temas de<br \/>\nviolencia de g\u00e9nero y sexual.<\/li>\n<li>\u00a0Unidades que no cuenten con el servicio psicol\u00f3gico especializado, deber\u00e1n referir a las<br \/>\nusuarias a las unidades que cuenten con el servicio para la atenci\u00f3n a la violencia de g\u00e9nero y<br \/>\nsexual.<br \/>\n<strong>Cobertura:<\/strong><br \/>\nEl Estado de Sinaloa cuenta con 6 jurisdicciones sanitarias para otorgar el servicio a la atenci\u00f3n<br \/>\npsicol\u00f3gica especializada, para la atenci\u00f3n a la violencia de g\u00e9nero y sexual, que son los municipios<br \/>\nde:<\/li>\n<li>Los Mochis, Ahome; Guasave; Salvador Alvarado; Culiac\u00e1n; Mazatl\u00e1n y Escuinapa.<br \/>\nSe cuenta con 14 Unidades de salud que otorgan los servicios de atenci\u00f3n psicol\u00f3gica especializada,<br \/>\npara aquellas usuarias que refiera haber sufrido alg\u00fan tipo de violencia de g\u00e9nero:<br \/>\nHospital General Los Mochis, Hospital General Culiac\u00e1n, Hospital General Guam\u00fachil, Hospital<br \/>\nGeneral Guasave, Hospital General Mazatl\u00e1n, Hospital Integral El Rosario, Hospital General Eldorado, ,<br \/>\nHospital General Escuinapa y Hospital de la Mujer, Hospital Integral Cosal\u00e1, Hospital Integral Sinaloa<br \/>\nde Leyva, Centro de Salud Los Mochis, Centro de Salud Culiac\u00e1n y Centro de Salud Mazatl\u00e1n.<br \/>\n<strong>Beneficiarios:<\/strong><\/li>\n<li>Mujeres de 15 a\u00f1os y m\u00e1s, en situaci\u00f3n de violencia familiar y de g\u00e9nero severa.<br \/>\n<strong>Requisitos del beneficiario:<\/strong><\/li>\n<li>Ninguno.<\/li>\n<\/ul>\n<p><strong>Procedimiento para acceder a los bienes y\/o servicios del programa:<\/strong><\/p>\n<ul>\n<li>Acudir a una de las unidades de la Secretar\u00eda de Salud de primer nivel de atenci\u00f3n (Centros de salud) o de<br \/>\nsegundo nivel de atenci\u00f3n (Hospitales Generales o Integrales). El servicio estar\u00e1 exento de cobro toda mujer que refiera haber sufrido alg\u00fan tipo de violencia de g\u00e9nero, de acuerdo a la Norma Oficial Mexicana<br \/>\n(NOM 046-SSA2- 2005).<\/li>\n<\/ul>\n<p><strong>Datos del contacto y responsable del programa:<\/strong><br \/>\nLcda. Mar\u00eda del Rosario Ramos Russell.<br \/>\nCoordinador Estatal del Programa de Violencia G\u00e9nero.<br \/>\nDirecci\u00f3n de Prevenci\u00f3n y Promoci\u00f3n de la Salud.<br \/>\n<strong>Horario de atenci\u00f3n:<\/strong><br \/>\nDe Lunes a Viernes de 08:00 a 15:00 horas.<br \/>\n<strong>Medios de contacto:<\/strong><br \/>\nTel\u00e9fono: 667 758 7000 ext. 40454<br \/>\nCorreo oficial: <a href=\"mailto:sinviolencia@saludsinaloa.gob.mx\">sinviolencia@saludsinaloa.gob.mx<\/a><br \/>\n<strong>Domicilio:<\/strong><br \/>\nBoulevard Alfonso Zaragoza Maytorena #2204, Edificio B, tercer piso, Fraccionamiento Bonanza,<br \/>\nC\u00f3digo Postal 80020, Culiac\u00e1n, Sinaloa, M\u00e9xico.<\/p>\n<p>&nbsp;<\/p>\n","protected":false},"excerpt":{"rendered":"<p>Objetivo: Reducir la prevalencia y severidad de los da\u00f1os a la salud causados por la violencia contra las mujeres, con particular \u00e9nfasis entre aquellas que se encuentran en situaci\u00f3n de mayor riesgo y vulnerabilidad. Descripci\u00f3n: La violencia contra las mujeres constituye un grave problema de salud p\u00fablica y una violaci\u00f3n a sus derechos humanos. Los [&hellip;]<\/p>\n","protected":false},"author":1,"featured_media":0,"parent":0,"menu_order":0,"comment_status":"closed","ping_status":"closed","template":"templates\/full-width-page.php","meta":{"footnotes":""},"class_list":["post-6456","page","type-page","status-publish","hentry"],"_links":{"self":[{"href":"https:\/\/saludsinaloa.gob.mx\/index.php\/wp-json\/wp\/v2\/pages\/6456","targetHints":{"allow":["GET"]}}],"collection":[{"href":"https:\/\/saludsinaloa.gob.mx\/index.php\/wp-json\/wp\/v2\/pages"}],"about":[{"href":"https:\/\/saludsinaloa.gob.mx\/index.php\/wp-json\/wp\/v2\/types\/page"}],"author":[{"embeddable":true,"href":"https:\/\/saludsinaloa.gob.mx\/index.php\/wp-json\/wp\/v2\/users\/1"}],"replies":[{"embeddable":true,"href":"https:\/\/saludsinaloa.gob.mx\/index.php\/wp-json\/wp\/v2\/comments?post=6456"}],"version-history":[{"count":6,"href":"https:\/\/saludsinaloa.gob.mx\/index.php\/wp-json\/wp\/v2\/pages\/6456\/revisions"}],"predecessor-version":[{"id":19755,"href":"https:\/\/saludsinaloa.gob.mx\/index.php\/wp-json\/wp\/v2\/pages\/6456\/revisions\/19755"}],"wp:attachment":[{"href":"https:\/\/saludsinaloa.gob.mx\/index.php\/wp-json\/wp\/v2\/media?parent=6456"}],"curies":[{"name":"wp","href":"https:\/\/api.w.org\/{rel}","templated":true}]}}