{"id":6445,"date":"2019-02-18T20:01:25","date_gmt":"2019-02-18T20:01:25","guid":{"rendered":"http:\/\/saludsinaloa.gob.mx\/?page_id=6445"},"modified":"2025-03-14T18:38:21","modified_gmt":"2025-03-14T18:38:21","slug":"programa-dengue","status":"publish","type":"page","link":"https:\/\/saludsinaloa.gob.mx\/index.php\/programa-dengue\/","title":{"rendered":"Programa Dengue"},"content":{"rendered":"<p><strong>Objetivo<\/strong>:<\/p>\n<p>Contribuir al control de la Incidencia del Dengue no Grave (DNG), Dengue con Signos de Alarma (DCSA), Dengue Grave (DG), implementado acciones de prevenci\u00f3n y control, fundamentados en acciones comunitarias y la participaci\u00f3n multisectorial con base en informaci\u00f3n epidemiol\u00f3gica y entomol\u00f3gica.<\/p>\n<p>&nbsp;<\/p>\n<h4><strong>Descripci\u00f3n<\/strong>:<\/h4>\n<p>Prevenci\u00f3n y control del Dengue, se intervienen de manera intersectorial y comunitaria los factores de riesgo ambiental y social de la transmisi\u00f3n. Mediante la aplicaci\u00f3n del manejo integrado del vector con actividades encaminadas a disminuir las densidades del mosquito <em>Aedes aegypti<\/em> transmisor del virus dengue, una vez que se presentan casos probables de dengue se siguen los lineamientos para la vigilancia epidemiol\u00f3gica del Dengue en la comunidad y centros de atenci\u00f3n m\u00e9dica para captar informaci\u00f3n oportuna y consistente para la toma de decisiones. Adecuando estrat\u00e9gicamente el control integrado del vector para lograr acciones eficaces y sustentables.<\/p>\n<p>&nbsp;<\/p>\n<h4><strong>Bienes y servicios que entrega el programa:<\/strong><\/h4>\n<p>Manejo integrado del vector mediante control larvario casa casa, Estudios entomol\u00f3gicos en la fase larvaria del mosquito, Vigilancia entomol\u00f3gica con ovitrampas, rociado intradomiciliario, Nebulizaci\u00f3n espacial y promoci\u00f3n a la salud.<\/p>\n<p>&nbsp;<\/p>\n<h4><strong>Cobertura:<\/strong><\/h4>\n<p>Los 18 municipios del Estado de Sinaloa.<\/p>\n<p>&nbsp;<\/p>\n<h4><strong>Beneficiarios:<\/strong><\/h4>\n<p>La poblaci\u00f3n total del Estado de Sinaloa.<\/p>\n<p>&nbsp;<\/p>\n<h4><strong>Requisitos del beneficiario:<\/strong><\/h4>\n<p>Acudir a la unidad de salud de la localidad ante la presencia de cualquiera de los siguientes s\u00edntomas: fiebre, dolor de cabeza, dolor detr\u00e1s de los ojos, dolor muscular o dolor de las articulaciones.<\/p>\n<p>&nbsp;<\/p>\n<h4><strong>Procedimiento para acceder a los bienes y\/o servicios del programa:<\/strong><\/h4>\n<p>Los casos probables son detectados por el m\u00e9dico cuando la persona acude a consultar a los servicios de salud de Sinaloa. Ante la presencia de casos probables o confirmados de dengue se activan las medidas de prevenci\u00f3n y control en las comunidades afectadas. Estas medidas tambi\u00e9n se realizan en las localidades de alto riesgo de transmisi\u00f3n.<\/p>\n<p>&nbsp;<\/p>\n<h4><strong>En caso de requerir atenci\u00f3n m\u00e9dica:<\/strong><\/h4>\n<p>Ante la presencia de casos probables de dengue se activan las medidas de prevenci\u00f3n y control en las localidades y\/o colonias afectadas.<\/p>\n<p>&nbsp;<\/p>\n<p><strong>Datos del contacto y responsable del programa:<\/strong><br \/>\nBi\u00f3loga Carmina Yanett L\u00f3pez Moreno<br \/>\nCoordinadora del Programa Dengue.<br \/>\nDepartamento de Vectores y Zoonosis Sinaloa.<br \/>\nSubdirecci\u00f3n de Prevenci\u00f3n y Control de Enfermedades.<br \/>\nDirecci\u00f3n de Prevenci\u00f3n y Promoci\u00f3n de la Salud.<br \/>\nServicios de Salud de Sinaloa.<br \/>\n<strong>Correo oficial:<\/strong> <a href=\"mailto:dengue@saludsinaloa.gob.mx\">dengue@saludsinaloa.gob.mx<\/a><br \/>\n<strong>Tel\u00e9fono:<\/strong> 667 445 5771<br \/>\n<strong>Direcci\u00f3n:<\/strong> Mariano Escobedo 1026, Las Vegas, 80090 Culiac\u00e1n Rosales, Sin.<br \/>\n<strong>Horario de atenci\u00f3n:<\/strong> de 08:00 a 14:30 horas.<br \/>\n<strong>P\u00e1gina web: <\/strong><br \/>\n<a href=\"http:\/\/saludsinaloa.gob.mx\/index.php\/direccion-de-prevencion-y-promocion-de-la-salud\/\">http:\/\/saludsinaloa.gob.mx\/index.php\/direccion-de-prevencion-y-promocion-de-la-salud\/<\/a><\/p>\n","protected":false},"excerpt":{"rendered":"<p>Objetivo: Contribuir al control de la Incidencia del Dengue no Grave (DNG), Dengue con Signos de Alarma (DCSA), Dengue Grave (DG), implementado acciones de prevenci\u00f3n y control, fundamentados en acciones comunitarias y la participaci\u00f3n multisectorial con base en informaci\u00f3n epidemiol\u00f3gica y entomol\u00f3gica. &nbsp; Descripci\u00f3n: Prevenci\u00f3n y control del Dengue, se intervienen de manera intersectorial y [&hellip;]<\/p>\n","protected":false},"author":1,"featured_media":0,"parent":0,"menu_order":0,"comment_status":"closed","ping_status":"closed","template":"templates\/full-width-page.php","meta":{"footnotes":""},"class_list":["post-6445","page","type-page","status-publish","hentry"],"_links":{"self":[{"href":"https:\/\/saludsinaloa.gob.mx\/index.php\/wp-json\/wp\/v2\/pages\/6445","targetHints":{"allow":["GET"]}}],"collection":[{"href":"https:\/\/saludsinaloa.gob.mx\/index.php\/wp-json\/wp\/v2\/pages"}],"about":[{"href":"https:\/\/saludsinaloa.gob.mx\/index.php\/wp-json\/wp\/v2\/types\/page"}],"author":[{"embeddable":true,"href":"https:\/\/saludsinaloa.gob.mx\/index.php\/wp-json\/wp\/v2\/users\/1"}],"replies":[{"embeddable":true,"href":"https:\/\/saludsinaloa.gob.mx\/index.php\/wp-json\/wp\/v2\/comments?post=6445"}],"version-history":[{"count":7,"href":"https:\/\/saludsinaloa.gob.mx\/index.php\/wp-json\/wp\/v2\/pages\/6445\/revisions"}],"predecessor-version":[{"id":19768,"href":"https:\/\/saludsinaloa.gob.mx\/index.php\/wp-json\/wp\/v2\/pages\/6445\/revisions\/19768"}],"wp:attachment":[{"href":"https:\/\/saludsinaloa.gob.mx\/index.php\/wp-json\/wp\/v2\/media?parent=6445"}],"curies":[{"name":"wp","href":"https:\/\/api.w.org\/{rel}","templated":true}]}}