{"id":6437,"date":"2019-02-18T19:25:44","date_gmt":"2019-02-18T19:25:44","guid":{"rendered":"http:\/\/saludsinaloa.gob.mx\/?page_id=6437"},"modified":"2026-01-14T19:16:54","modified_gmt":"2026-01-14T19:16:54","slug":"salud-mental","status":"publish","type":"page","link":"https:\/\/saludsinaloa.gob.mx\/index.php\/salud-mental\/","title":{"rendered":"Programa Salud Mental"},"content":{"rendered":"<p><strong>Objetivo:<\/strong><\/p>\n<ul>\n<li>Contribuir al fomento del bienestar mental de la poblaci\u00f3n para asegurar una sociedad saludable,<br \/>\nmediante servicios de prevenci\u00f3n y atenci\u00f3n integral para la salud mental, adicciones y conducta<br \/>\nsuicida con perspectiva de g\u00e9nero intercultural y de derechos humanos en el Estado de Sinaloa.<br \/>\nFomentar la cobertura de los servicios de salud mental, capacitaci\u00f3n a personal de salud que<br \/>\nfortalezca la calidad de vida de la poblaci\u00f3n bajo un enfoque integral.<br \/>\n<strong>Descripci\u00f3n:<\/strong><\/li>\n<li>El programa de salud mental tiene como prop\u00f3sito fortalecer los servicios de prevenci\u00f3n, promoci\u00f3n<br \/>\ny atenci\u00f3n en base a un sistema de redes de servicios de atenci\u00f3n con unidades de primer nivel,<br \/>\nsegundo nivel y tercer nivel, garantizando la seguridad, calidad y protecci\u00f3n financiera a la poblaci\u00f3n<br \/>\nque carece de seguridad social, con \u00e9nfasis en la atenci\u00f3n primaria en comunidad implementando<br \/>\nesquemas proactivos de prevenci\u00f3n, detecci\u00f3n oportuna y sensibilizaci\u00f3n de los riesgos para la salud<br \/>\ncon apoyo psicol\u00f3gico y prevenci\u00f3n del suicidio y adicciones. Garantizar que se otorgue capacitaci\u00f3n<br \/>\nen atenci\u00f3n primaria para la detecci\u00f3n oportuna, diagn\u00f3stico, tratamiento y manejo de personas con<br \/>\ntrastornos mentales, y\/o debidos al consumo de sustancias y conducta suicida, para reducir la brecha<br \/>\nde atenci\u00f3n de salud mental y adicciones.<br \/>\n<strong>Bienes y servicios que entrega el programa:<\/strong><\/li>\n<li>\u00a0Promoci\u00f3n, prevenci\u00f3n, detecci\u00f3n y atenci\u00f3n m\u00e9dica y psicol\u00f3gica de los trastornos mentales<br \/>\nm\u00e1s frecuentes en la poblaci\u00f3n sinaloense.<\/li>\n<li>\u00a0Atenci\u00f3n psicosocial en unidades de primer nivel con servicios de salud mental<\/li>\n<li>\u00a0Brigadas de apoyo en salud mental con Informaci\u00f3n y detecci\u00f3n en comunidad, escuelas,<br \/>\nlugares de trabajo y m\u00f3dulos.<\/li>\n<li>\u00a0Grupos de apoyo emocional en prevenci\u00f3n de suicidio.<br \/>\nPrevenci\u00f3n secundaria: Diagn\u00f3stico y Tratamiento<\/li>\n<li>\u00a0Atenci\u00f3n psicol\u00f3gica, terapia.<\/li>\n<li>\u00a0Aplicaci\u00f3n del proceso enfermer\u00eda, (plan de cuidados individualizado).<\/li>\n<li>\u00a0Psi coeducaci\u00f3n a familiares y usuarios con trastornos mentales y grupos educativos.<\/li>\n<li>\u00a0Terapia.<br \/>\n<strong>Intervenciones espec\u00edficas:<\/strong><\/li>\n<li>\u00a0Diagn\u00f3stico y tratamiento de depresi\u00f3n y ansiedad.<\/li>\n<li>\u00a0Diagn\u00f3stico y tratamiento de Trastornos por D\u00e9ficit de Atenci\u00f3n e Hiperactividad (TDAH).<\/li>\n<li>\u00a0Diagn\u00f3stico y tratamiento de trastornos de la conducta alimentaria.<\/li>\n<li>\u00a0Diagn\u00f3stico y tratamiento de trastornos de autismo y s\u00edndrome de asperge.<\/li>\n<li>\u00a0Detecci\u00f3n tempana de trastornos de conducta en ni\u00f1os y adolescentes.<\/li>\n<li>\u00a0Detecci\u00f3n temprana y prevenci\u00f3n de la autolesi\u00f3n y conducta suicida.Cobertura:<br \/>\nEl programa de salud mental tiene cobertura en unidades con servicios de salud mental, a partir de<br \/>\nlos cinco a\u00f1os de edad en derechohabientes de OPD IMSS BIENESTAR, IMSS e ISSSTE, y en la<br \/>\npoblaci\u00f3n abierta sin seguridad social, garantizando el respeto de los derechos humanos en Unidades<br \/>\nde salud con servicios de salud mental en:<\/p>\n<table style=\"border-collapse: collapse; width: 86.2158%; height: 322px;\">\n<tbody>\n<tr style=\"height: 23px;\">\n<td style=\"width: 17.8044%; height: 23px; text-align: center;\"><strong>UNIDAD\u00a0<\/strong><\/td>\n<td style=\"width: 23.2473%; height: 23px; text-align: center;\"><strong>DIRECCI\u00d3N<\/strong><\/td>\n<td style=\"width: 24.3542%; height: 23px; text-align: center;\"><strong>TELEFONO<\/strong><\/td>\n<td style=\"width: 20.2108%; height: 23px; text-align: center;\"><strong>HORARIO<\/strong><\/td>\n<\/tr>\n<tr style=\"height: 23px;\">\n<td style=\"width: 17.8044%; height: 23px; text-align: center;\">UNEME-CISAME<br \/>\nCULIAC\u00c1N<\/td>\n<td style=\"width: 23.2473%; height: 23px; text-align: center;\">Boulevard Lola Beltr\u00e1n 1001-B,<br \/>\nFraccionamiento Rinc\u00f3n del<br \/>\nHumaya, C.P. 80020<\/td>\n<td style=\"width: 24.3542%; height: 23px; text-align: center;\">6671469509<\/td>\n<td style=\"width: 20.2108%; height: 23px; text-align: center;\">Lunes A Viernes De<br \/>\n7:30 A 19:30 Hrs.<\/td>\n<\/tr>\n<tr style=\"height: 23px;\">\n<td style=\"width: 17.8044%; height: 23px; text-align: center;\">UNEME-CISAME LOS<br \/>\nMOCHIS<\/td>\n<td style=\"width: 23.2473%; height: 23px; text-align: center;\">Melchor Ocampo y Ni\u00f1os H\u00e9roes<br \/>\nCol. An\u00e1huac, Los Mochis<\/td>\n<td style=\"width: 24.3542%; height: 23px; text-align: center;\">6688123225<\/td>\n<td style=\"width: 20.2108%; height: 23px; text-align: center;\">Lunes a Viernes de<br \/>\n8:00 A 15:30 Hrs.<\/td>\n<\/tr>\n<tr style=\"height: 23px;\">\n<td style=\"width: 17.8044%; height: 23px; text-align: center;\">UNEME-CISAME<br \/>\nGUAMUCHIL<\/td>\n<td style=\"width: 23.2473%; height: 23px; text-align: center;\">Calle primera sur No. 229, Col.<br \/>\nSan Pedro ampliaci\u00f3n C.P. 81480,<br \/>\nSalvador Alvarado, Sin.<\/td>\n<td style=\"width: 24.3542%; height: 23px; text-align: center;\">6737322923<\/td>\n<td style=\"width: 20.2108%; height: 23px; text-align: center;\">Lunes a Viernes de<br \/>\n8:00 A 15:30 Hrs.<\/td>\n<\/tr>\n<tr style=\"height: 23px;\">\n<td style=\"width: 17.8044%; height: 23px; text-align: center;\">UNEME-CISAME<br \/>\nMAZATL\u00c1N<\/td>\n<td style=\"width: 23.2473%; height: 23px; text-align: center;\">Ave. Ferrocarril s\/n, Col. Santa<br \/>\nElena, Mazatl\u00e1n, Sin.<\/td>\n<td style=\"width: 24.3542%; height: 23px; text-align: center;\">6699863059<\/td>\n<td style=\"width: 20.2108%; height: 23px; text-align: center;\">Lunes a Viernes de<br \/>\n8:00 A 15:30 Hrs.<\/td>\n<\/tr>\n<tr style=\"height: 23px;\">\n<td style=\"width: 17.8044%; height: 23px; text-align: center;\">MOD. SALUD MENTAL<br \/>\nGUASAVE<\/td>\n<td style=\"width: 23.2473%; height: 23px; text-align: center;\">Dr. De la Torre y Guillermo<br \/>\nNelson Col Centro. Cp. 81000<br \/>\nGuasave Sin.<\/td>\n<td style=\"width: 24.3542%; height: 23px; text-align: center;\">6871230892<\/td>\n<td style=\"width: 20.2108%; height: 23px; text-align: center;\">Lunes a Viernes de<br \/>\n8:00 A 15:30 Hrs.<\/td>\n<\/tr>\n<tr style=\"height: 23px;\">\n<td style=\"width: 17.8044%; height: 23px; text-align: center;\">CENTRO DE SALUD<br \/>\nNAVOLATO (MODULO DE<br \/>\nSALUD MENTAL)<\/td>\n<td style=\"width: 23.2473%; height: 23px; text-align: center;\">Calle Almada No. 349 Pte. Col.<br \/>\nCentro C.p. 80370 Navolato Sin.<\/td>\n<td style=\"width: 24.3542%; height: 23px; text-align: center;\">6671191474<\/td>\n<td style=\"width: 20.2108%; height: 23px; text-align: center;\">Lunes a Viernes de<br \/>\n8:00 A 15:30 Hrs.<\/td>\n<\/tr>\n<tr style=\"height: 23px;\">\n<td style=\"width: 17.8044%; height: 23px; text-align: center;\">CENTRO DE SALUD<br \/>\nCULIAC\u00c1N (CESSA)<\/td>\n<td style=\"width: 23.2473%; height: 23px; text-align: center;\">Calle Francisco Zarco y Rio<br \/>\nZuaques , 320 OTE.<\/td>\n<td style=\"width: 24.3542%; height: 23px; text-align: center;\">6671520385<\/td>\n<td style=\"width: 20.2108%; height: 23px; text-align: center;\">Lunes a Domingo de<br \/>\n8:00 A 19:30 Hrs.<\/td>\n<\/tr>\n<tr style=\"height: 23px;\">\n<td style=\"width: 17.8044%; height: 23px; text-align: center;\">CENTRO DE SALUD<br \/>\nLAZARO CARDENAS<\/td>\n<td style=\"width: 23.2473%; height: 23px; text-align: center;\">Calle \u00c1vila Camacho S\/N, Col.<br \/>\nL\u00e1zaro C\u00e1rdenas<\/td>\n<td style=\"width: 24.3542%; height: 23px; text-align: center;\">6677587153<\/td>\n<td style=\"width: 20.2108%; height: 23px; text-align: center;\">Lunes A Viernes de<br \/>\n8:00 A 15:30 Hrs.<\/td>\n<\/tr>\n<tr style=\"height: 23px;\">\n<td style=\"width: 17.8044%; height: 23px; text-align: center;\">CENTRO DE SALUD LA<br \/>\nAMISTAD<\/td>\n<td style=\"width: 23.2473%; height: 23px; text-align: center;\">Calle francisco Verdugo 731, Col.<br \/>\nLa Amistad<\/td>\n<td style=\"width: 24.3542%; height: 23px; text-align: center;\">6671435149<\/td>\n<td style=\"width: 20.2108%; height: 23px; text-align: center;\">Lunes A Viernes de<br \/>\n8:00 A 15:30 Hrs.<\/td>\n<\/tr>\n<tr style=\"height: 23px;\">\n<td style=\"width: 17.8044%; height: 23px; text-align: center;\">CENTRO DE SALUD<br \/>\nMAZATL\u00c1N<\/td>\n<td style=\"width: 23.2473%; height: 23px; text-align: center;\">Benito Ju\u00e1rez e Hidalgo, S\/N, Col.<br \/>\nCentro, Cp. 82000<\/td>\n<td style=\"width: 24.3542%; height: 23px; text-align: center;\">6691360269<\/td>\n<td style=\"width: 20.2108%; height: 23px; text-align: center;\">Lunes A Viernes de<br \/>\n8:00 A 15:30 Hrs.<\/td>\n<\/tr>\n<tr style=\"height: 23px;\">\n<td style=\"width: 17.8044%; height: 23px; text-align: center;\">MOD. SALUD MENTAL<br \/>\nESCUINAPA<\/td>\n<td style=\"width: 23.2473%; height: 23px; text-align: center;\">Calle Gabriel Leyva No. 300 Col<br \/>\nCentro C.p. 82400<\/td>\n<td style=\"width: 24.3542%; height: 23px; text-align: center;\">6951226946<\/td>\n<td style=\"width: 20.2108%; height: 23px; text-align: center;\">Lunes A Viernes de<br \/>\n8:00 A 15:30 Hrs.<\/td>\n<\/tr>\n<tr style=\"height: 23px;\">\n<td style=\"width: 17.8044%; height: 23px; text-align: center;\">CENTRO DE SALUD<br \/>\nCOLONIA AGR\u00cdCOLA<br \/>\nM\u00c9XICO (PALMITAS)<\/td>\n<td style=\"width: 23.2473%; height: 23px; text-align: center;\">Boulevard Gabriel Leyva Solano<br \/>\nS\/N, Colonia Agr\u00edcola M\u00e9xico,<br \/>\nAngostura, Sin.<\/td>\n<td style=\"width: 24.3542%; height: 23px; text-align: center;\">6971028226<\/td>\n<td style=\"width: 20.2108%; height: 23px; text-align: center;\">Lunes A Viernes de<br \/>\n8:00 A 15:30 Hrs.<\/td>\n<\/tr>\n<tr style=\"height: 23px;\">\n<td style=\"width: 17.8044%; height: 23px; text-align: center;\">HOSPITAL PSIQUI\u00c1TRICO<\/td>\n<td style=\"width: 23.2473%; height: 23px; text-align: center;\">Boulevard Lola Beltr\u00e1n, 3065,<br \/>\nFraccionamiento Rinc\u00f3n del<br \/>\nHumaya, C.P. 80020.<\/td>\n<td style=\"width: 24.3542%; height: 23px; text-align: center;\">667 754 1510<\/td>\n<td style=\"width: 20.2108%; height: 23px; text-align: center;\">24 Horas Urgencias.<\/td>\n<\/tr>\n<\/tbody>\n<\/table>\n<p><strong>Beneficiarios:<\/strong><br \/>\nPoblaci\u00f3n en general mayor de 5 a\u00f1os.<br \/>\n<strong>Requisitos del beneficiario:<\/strong><\/li>\n<li>\u00a0Copia impresa de Clave \u00danica de Registro de Poblaci\u00f3n (CURP), si son poblaci\u00f3n beneficiaria<br \/>\nde OPD IMSS BIENESTAR.<\/li>\n<li>\u00a0Si son beneficiarios de IMSS e ISSSTE, llevar el N\u00famero de Seguridad Social.<\/li>\n<li>\u00a0Hoja de referencia de la unidad de primer nivel de atenci\u00f3n, si cuenta con ella.<\/li>\n<\/ul>\n<p><strong>Procedimiento para acceder a los bienes y\/o servicios del programa:<\/strong><\/p>\n<ul>\n<li>\u00a0Solicitar servicios de promoci\u00f3n y prevenci\u00f3n sobre salud mental en las unidades de salud<br \/>\nque se encuentran ubicadas en los 19 municipios del Estado Sinaloa.<br \/>\nEn caso de requerir atenci\u00f3n Integral en las Unidades de Especialidades M\u00e9dicas (UNEMEs) CISAME<br \/>\n(Centros Integrales de Salud Mental).<\/li>\n<li>\u00a0Acudir a la Unidad M\u00e9dica Especializada de Centros Integrales de Salud Mental (UNEME<br \/>\nCISAME) m\u00e1s cercana por voluntad propia o referida por una unidad de salud, llevando el\/los<br \/>\nrequisitos correspondientes.<\/li>\n<li>\u00a0Solicitar atenci\u00f3n integral y entregar los documentos de hoja de referencia, en el servicio de<br \/>\nRecepci\u00f3n, las fichas de primera vez se otorgan de lunes a viernes a las 8:00 am.<\/li>\n<li>\u00a0Pasar a los servicios de trabajo social y firmar carta compromiso, as\u00ed como realizar las<br \/>\nencuestas (varios), posteriormente recibir\u00e1 la atenci\u00f3n del proceso enfermer\u00eda y consultas<br \/>\ncon m\u00e9dico psiquiatra, psicol\u00f3gico para su atenci\u00f3n y elaboraci\u00f3n de historia cl\u00ednica y<br \/>\ntratamiento, y para su seguimiento se asignaran las consultas subsecuentes por el \u00e1rea de<br \/>\nagenda para sus citas.<\/li>\n<li>\u00a0Asistir de manera voluntaria a las citas establecidas por la unidad y en menores de edad<br \/>\nacompa\u00f1ados por un adulto.<\/li>\n<\/ul>\n<p><strong>Datos del contacto y responsable del programa:<\/strong><br \/>\nLic. Humberta Cecilia Pereda Quintero.<br \/>\nJefe del Departamento de Salud Mental.<br \/>\nDirecci\u00f3n de Prevenci\u00f3n y Promoci\u00f3n de la Salud.<br \/>\n<strong>Horario de atenci\u00f3n:<\/strong><br \/>\nDe lunes a viernes de 8:00 a 15:00 horas.<br \/>\n<strong>Medios de contacto:<\/strong><br \/>\nTel\u00e9fono: 667 758 7000 ext. 40391<br \/>\nCorreo oficial: <a href=\"mailto:salud.mental@saludsinaloa.gob.mx\">salud.mental@saludsinaloa.gob.mx<\/a><br \/>\n<strong>Domicilio:<\/strong><br \/>\nBoulevard Alfonso Zaragoza Maytorena #2204, Edificio B, tercer piso, Fraccionamiento Bonanza,<br \/>\nC\u00f3digo Postal 80020, Culiac\u00e1n, Sinaloa, M\u00e9xico.<\/p>\n<p>&nbsp;<\/p>\n","protected":false},"excerpt":{"rendered":"<p>Objetivo: Contribuir al fomento del bienestar mental de la poblaci\u00f3n para asegurar una sociedad saludable, mediante servicios de prevenci\u00f3n y atenci\u00f3n integral para la salud mental, adicciones y conducta suicida con perspectiva de g\u00e9nero intercultural y de derechos humanos en el Estado de Sinaloa. Fomentar la cobertura de los servicios de salud mental, capacitaci\u00f3n a [&hellip;]<\/p>\n","protected":false},"author":1,"featured_media":0,"parent":0,"menu_order":0,"comment_status":"closed","ping_status":"closed","template":"templates\/full-width-page.php","meta":{"footnotes":""},"class_list":["post-6437","page","type-page","status-publish","hentry"],"_links":{"self":[{"href":"https:\/\/saludsinaloa.gob.mx\/index.php\/wp-json\/wp\/v2\/pages\/6437","targetHints":{"allow":["GET"]}}],"collection":[{"href":"https:\/\/saludsinaloa.gob.mx\/index.php\/wp-json\/wp\/v2\/pages"}],"about":[{"href":"https:\/\/saludsinaloa.gob.mx\/index.php\/wp-json\/wp\/v2\/types\/page"}],"author":[{"embeddable":true,"href":"https:\/\/saludsinaloa.gob.mx\/index.php\/wp-json\/wp\/v2\/users\/1"}],"replies":[{"embeddable":true,"href":"https:\/\/saludsinaloa.gob.mx\/index.php\/wp-json\/wp\/v2\/comments?post=6437"}],"version-history":[{"count":7,"href":"https:\/\/saludsinaloa.gob.mx\/index.php\/wp-json\/wp\/v2\/pages\/6437\/revisions"}],"predecessor-version":[{"id":21732,"href":"https:\/\/saludsinaloa.gob.mx\/index.php\/wp-json\/wp\/v2\/pages\/6437\/revisions\/21732"}],"wp:attachment":[{"href":"https:\/\/saludsinaloa.gob.mx\/index.php\/wp-json\/wp\/v2\/media?parent=6437"}],"curies":[{"name":"wp","href":"https:\/\/api.w.org\/{rel}","templated":true}]}}