{"id":6424,"date":"2019-02-18T17:31:10","date_gmt":"2019-02-18T17:31:10","guid":{"rendered":"http:\/\/saludsinaloa.gob.mx\/?page_id=6424"},"modified":"2025-03-14T18:27:40","modified_gmt":"2025-03-14T18:27:40","slug":"programa-enfermedades-cardiometabolicas","status":"publish","type":"page","link":"https:\/\/saludsinaloa.gob.mx\/index.php\/programa-enfermedades-cardiometabolicas\/","title":{"rendered":"Programa Enfermedades Cardiometab\u00f3licas"},"content":{"rendered":"<p><strong>Objetivo:<\/strong><\/p>\n<ul>\n<li>Implementar esquemas proactivos de prevenci\u00f3n y detecci\u00f3n oportuna de casos para tratar,<br \/>\ncontrolar y prevenir las enfermedades cardiometab\u00f3licas y sus complicaciones, as\u00ed como fortalecer<br \/>\nlas acciones que permitan incrementar la cobertura de pacientes con enfermedades<br \/>\ncardiometab\u00f3licas en control, mejorando los est\u00e1ndares de calidad en el primer nivel de atenci\u00f3n en<br \/>\ncuanto a abasto de insumos y personal de salud capacitado.<br \/>\n<strong>Descripci\u00f3n:<\/strong><\/li>\n<li>La salud es una condici\u00f3n indispensable para el bienestar de las personas y uno de los componentes<br \/>\nfundamentales del capital humano al permitir que la poblaci\u00f3n desarrolle todo su potencial a lo largo<br \/>\nde la vida. As\u00ed mismo, la salud reduce la carga econ\u00f3mica de las enfermedades e incrementa la<br \/>\nproductividad laboral para impulsar un M\u00e9xico pr\u00f3spero. El programa sectorial de salud 2024-2030<br \/>\ntraza la ruta para cimentar las bases de un Sistema Nacional de Salud universal, para lo que se espera<br \/>\nque se ponga en marcha el Proyecto Plan Nacional de Salud 2024-2030 el cual plantea como objetivos<br \/>\ngenerales lograr: 1.- Servicios de Salud y Medicamentos gratuitos. 2.- Federalizar los sistemas<br \/>\nestatales de Salud 3.- Implementar el modelo de APS-I (Atenci\u00f3n Primaria de Salud Integral) 4.-<br \/>\nReorganizar la regulaci\u00f3n sanitaria. 5.- Fortalecer la industria farmac\u00e9utica nacional e investigaci\u00f3n<br \/>\ninnovadora. El modelo de Atenci\u00f3n Primaria de Salud Integral (APS-I) tiene como objetivos a corto<br \/>\nplazo el abasto de medicamentos, mantenimiento de inmuebles, mantenimiento de equipo y<br \/>\ncontrataci\u00f3n de personal necesario. As\u00ed mismo el objetivo a mediano plazo contempla la ampliaci\u00f3n<br \/>\nde la infraestructura, sistema de control en tiempo real de abasto de medicamentos e insumos, y<br \/>\nmantenimiento preventivo de unidades y equipo. En lo referente espec\u00edficamente al programa de<br \/>\nEnfermedades Cardiometab\u00f3licas, en los \u00faltimos dos a\u00f1os, se ha estado trabajando en dos<br \/>\nestrategias: C\u00f3digo Infarto, antes Iniciativa IAM Mx (Infarto Agudo al Miocardio en M\u00e9xico) y la<br \/>\nEstrategia HEARTS que por sus siglas significa, H: H\u00e1bitos y estilos de vida saludables, E: Evidencia, A:<br \/>\nAcceso a medicamentos y tecnolog\u00edas esenciales, R: Riesgo Cardiovascular, T: Trabajo basado en<br \/>\nequipos multidisciplinarios, S: Sistemas de monitoreos. Ambas estrategias est\u00e1n encaminadas a<br \/>\ndesacelerar el aumento en la mortalidad por enfermedad cardiovascular. Por un lado, la Iniciativa<br \/>\nIAM Mx se enfoca en la atenci\u00f3n oportuna del Infarto agudo al miocardio con elevaci\u00f3n del segmento<br \/>\nST, mediante el diagn\u00f3stico oportuno y la terapia farmacoinvasiva para disminuci\u00f3n de la mortalidad<br \/>\npor esta causa. Por su parte la estrategia HEARTS busca el control de la presi\u00f3n arterial, basado en la<br \/>\ntoma correcta de la presi\u00f3n arterial y la prescripci\u00f3n de terapias duales o triples que favorezcan el<br \/>\ncontrol de la presi\u00f3n arterial y con esto se logre la reducci\u00f3n de la presi\u00f3n arterial, disminuya el riesgo<br \/>\ncardiovascular y con ello sus complicaciones como es la insuficiencia cardiaca y el infarto agudo al<br \/>\nmiocardio.<br \/>\n<strong>Bienes y servicios que entrega el programa:<\/strong><\/li>\n<li>\u00a0Detecci\u00f3n y control del sobrepeso, el riesgo cardiovascular y diabetes tipo 2.<\/li>\n<li>\u00a0Tratamiento integral del sobrepeso, el riesgo cardiovascular y la diabetes tipo 2.<\/li>\n<li>\u00a0Prevenci\u00f3n y tratamiento de algunas complicaciones (comorbilidades) y secuelas de diabetes<br \/>\ntipo 2, hipertensi\u00f3n arterial y dislipidemias.<\/li>\n<li>\u00a0Atenci\u00f3n de pacientes con alto riesgo en desarrollar Enfermedades Cardiometab\u00f3licas.<\/li>\n<li>\u00a0Promoci\u00f3n para el control de las Enfermedades Cardiometab\u00f3licas.<\/li>\n<li>\u00a0Aplicaci\u00f3n del proceso enfermer\u00eda, (plan de cuidados individualizado).<\/li>\n<li>\u00a0Consejer\u00eda en nutrici\u00f3n.<\/li>\n<li>\u00a0Terapia psicol\u00f3gica.<\/li>\n<li>\u00a0Formaci\u00f3n de grupos preventivos de Unidad de Especialidades M\u00e9dicas en Enfermedades<br \/>\nCr\u00f3nicas (UNEME EC).<\/li>\n<li>\u00a0Actividades de trabajo de campo en escuelas, lugares laborales y m\u00f3dulos de detecci\u00f3n.<\/li>\n<li>\u00a0Formaci\u00f3n para acreditaci\u00f3n, re-acreditaci\u00f3n, acreditaci\u00f3n por excelencia de los grupos de<br \/>\nayuda mutua en unidades de salud.<br \/>\n<strong>Cobertura:<\/strong><\/li>\n<li>En el Estado de Sinaloa brindamos atenci\u00f3n en los municipios de: Ahome \u2013 UNEME EC Los Mochis, en<br \/>\nSalvador Alvarado \u2013 UNEME EC Guam\u00fachil, en Culiac\u00e1n &#8211; UNEME EC Toledo Corro y UNEME EC<br \/>\nSolidaridad, en Mazatl\u00e1n \u2013 UNEME EC Mazatl\u00e1n y en El Rosario \u2013 UNEME EC El Rosario en el estado<br \/>\nde Sinaloa.<br \/>\n<strong>Beneficiarios:<\/strong><br \/>\nPoblaci\u00f3n no derechohabiente mayores de 20 a\u00f1os, (Personas que no se encuentran registradas o<br \/>\nafiliadas en instituciones p\u00fablicas como el Instituto Mexicano del Seguro Social (IMSS) o Instituci\u00f3n de<br \/>\nSeguridad y Servicios Sociales de los Trabajadores del Estado (ISSSTE)).<br \/>\n<strong>Requisitos del beneficiario:<\/strong><\/li>\n<li>\u00a0Constancia de No Derechohabiente del IMSS o ISSSTE, (Instituto Mexicano del Seguro Social o<br \/>\nInstituci\u00f3n de Seguridad y Servicios Sociales de los Trabajadores del Estado).<\/li>\n<li>\u00a0Hoja de Referencia de la Unidad de Primer Nivel de Atenci\u00f3n.<\/li>\n<li>\u00a0A trav\u00e9s de cita por contacto directo de la Unidad de Especialidades M\u00e9dicas en<br \/>\nEnfermedades Cr\u00f3nicas (UNEME EC).<br \/>\n<strong>Procedimiento para acceder a los bienes y\/o servicios del programa:<\/strong><br \/>\nAcudir a una de las de Unidad de Especialidades M\u00e9dicas en Enfermedades Cr\u00f3nicas (UNEMES EC) por<br \/>\nvoluntad propia y referida por una unidad de salud, llevando consigo alg\u00fan documento de<br \/>\nidentificaci\u00f3n oficial.<br \/>\n<strong>En caso de requerir atenci\u00f3n medica:<\/strong><\/li>\n<li>\u00a0Acudir a una de las Unidades de Especialidades M\u00e9dicas en Enfermedades Cr\u00f3nicas (UNEMES<br \/>\nEC) llevando la hoja de referencia en caso de haber sido referido por una unidad de salud<br \/>\nm\u00e9dica de los Servicios de Salud de Sinaloa, o a trav\u00e9s de cita directa.<\/li>\n<li>\u00a0Solicitar la atenci\u00f3n m\u00e9dica y entregar los documentos antes mencionados, en caso de contar<br \/>\ncon ellos.<\/li>\n<li>\u00a0Responder a las encuestas que realicen los servicios de trabajo social y firmar carta<br \/>\ncompromiso, as\u00ed como realizar el estudio socioecon\u00f3mico y encuestas (varios),posteriormente acude a consulta con m\u00e9dico especialista para elaboraci\u00f3n de su historia<br \/>\ncl\u00ednica, finalizando con; las siguientes asistencias: enfermer\u00eda, psicolog\u00eda, y nutrici\u00f3n.<\/li>\n<li>\u00a0Asistir de manera voluntaria a las citas establecidas por la unidad.<\/li>\n<li>\u00a0En caso de alguna emergencia acudir a alguna unidad de salud de segundo y tercer nivel.<\/li>\n<\/ul>\n<p><strong>Datos del contacto y responsable del programa:<\/strong><br \/>\nDr. C\u00e9sar Augusto Acu\u00f1a C\u00f3rdova.<br \/>\nCoordinador Estatal de Enfermedades Cardiometab\u00f3licas.<br \/>\nDirecci\u00f3n de Prevenci\u00f3n y Promoci\u00f3n de la Salud.<br \/>\n<strong>Horario de atenci\u00f3n:<\/strong><br \/>\nDe lunes a viernes de 8:00 a 15:00 horas.<br \/>\n<strong>Medios de contacto:<\/strong><br \/>\nTel\u00e9fono: 667 758 7000 ext. 40440<br \/>\nCorreo oficial: <a href=\"mailto:salud.cardiometabolicas@saludsinaloa.gob.mx\">salud.cardiometabolicas@saludsinaloa.gob.mx<\/a><br \/>\n<strong>Domicilio:<\/strong><br \/>\nBoulevard Alfonso Zaragoza Maytorena #2204, Edificio B, tercer piso, Fraccionamiento Bonanza,<br \/>\nC\u00f3digo Postal 80020, Culiac\u00e1n, Sinaloa, M\u00e9xico.<\/p>\n<p>&nbsp;<\/p>\n","protected":false},"excerpt":{"rendered":"<p>Objetivo: Implementar esquemas proactivos de prevenci\u00f3n y detecci\u00f3n oportuna de casos para tratar, controlar y prevenir las enfermedades cardiometab\u00f3licas y sus complicaciones, as\u00ed como fortalecer las acciones que permitan incrementar la cobertura de pacientes con enfermedades cardiometab\u00f3licas en control, mejorando los est\u00e1ndares de calidad en el primer nivel de atenci\u00f3n en cuanto a abasto de [&hellip;]<\/p>\n","protected":false},"author":1,"featured_media":0,"parent":0,"menu_order":0,"comment_status":"closed","ping_status":"closed","template":"templates\/full-width-page.php","meta":{"footnotes":""},"class_list":["post-6424","page","type-page","status-publish","hentry"],"_links":{"self":[{"href":"https:\/\/saludsinaloa.gob.mx\/index.php\/wp-json\/wp\/v2\/pages\/6424","targetHints":{"allow":["GET"]}}],"collection":[{"href":"https:\/\/saludsinaloa.gob.mx\/index.php\/wp-json\/wp\/v2\/pages"}],"about":[{"href":"https:\/\/saludsinaloa.gob.mx\/index.php\/wp-json\/wp\/v2\/types\/page"}],"author":[{"embeddable":true,"href":"https:\/\/saludsinaloa.gob.mx\/index.php\/wp-json\/wp\/v2\/users\/1"}],"replies":[{"embeddable":true,"href":"https:\/\/saludsinaloa.gob.mx\/index.php\/wp-json\/wp\/v2\/comments?post=6424"}],"version-history":[{"count":11,"href":"https:\/\/saludsinaloa.gob.mx\/index.php\/wp-json\/wp\/v2\/pages\/6424\/revisions"}],"predecessor-version":[{"id":19761,"href":"https:\/\/saludsinaloa.gob.mx\/index.php\/wp-json\/wp\/v2\/pages\/6424\/revisions\/19761"}],"wp:attachment":[{"href":"https:\/\/saludsinaloa.gob.mx\/index.php\/wp-json\/wp\/v2\/media?parent=6424"}],"curies":[{"name":"wp","href":"https:\/\/api.w.org\/{rel}","templated":true}]}}