{"id":5629,"date":"2018-12-10T16:26:03","date_gmt":"2018-12-10T16:26:03","guid":{"rendered":"http:\/\/saludsinaloa.gob.mx\/?page_id=5629"},"modified":"2026-04-15T00:03:33","modified_gmt":"2026-04-15T00:03:33","slug":"informe-de-auditorias-externas","status":"publish","type":"page","link":"https:\/\/saludsinaloa.gob.mx\/index.php\/informe-de-auditorias-externas\/","title":{"rendered":"Informe de Auditorias Externas"},"content":{"rendered":"\n<h3 class=\"wp-block-heading\"><a href=\"https:\/\/saludsinaloa.gob.mx\/index.php\/menu-transparencia-de-gasto-en-salud\/\">Regresar<\/a><\/h3>\n\n\n\n<p>&nbsp;<\/p>\n\n\n\n<figure class=\"wp-block-table\"><table class=\"has-fixed-layout\"><thead><tr><th>Documento<\/th><th>Ejercicio\n<p>Auditado 2020<\/p>\n<\/th><th>Ejercicio\n<p>Auditado 2021<\/p>\n<\/th><th>&nbsp;\n<p>Ejercicio<\/p>\n<p>Auditado 2022<\/p>\n<p>&nbsp;<\/p>\n<\/th><th>Ejercicio\n<p>Auditado 2023<\/p>\n<\/th><th>Ejercicio\n<p>Auditado 2024<\/p>\n<p>&nbsp;<\/p>\n<\/th><th>EjercicioAuditado 2025<\/th><\/tr><\/thead><tbody><tr><td>Auditor\u00eda Superior de la Federaci\u00f3n<\/td><td>\n<ul>\n<li><a href=\"http:\/\/saludsinaloa.gob.mx\/wp-content\/uploads\/2022\/files\/1254-DS-GF.pdf\" target=\"_blank\" rel=\"noopener noreferrer\">1254-DS-GF&nbsp;<\/a><\/li>\n<li><a href=\"http:\/\/saludsinaloa.gob.mx\/wp-content\/uploads\/2022\/files\/1263-DS-GF.pdf\" target=\"_blank\" rel=\"noopener noreferrer\">1263-DS-GF<\/a><\/li>\n<li><a href=\"http:\/\/saludsinaloa.gob.mx\/wp-content\/uploads\/2022\/files\/1264-DE-GF.pdf\" target=\"_blank\" rel=\"noopener noreferrer\">1264-DE-GF<\/a><\/li>\n<li><a href=\"http:\/\/saludsinaloa.gob.mx\/wp-content\/uploads\/2022\/files\/1265-DE-GF.pdf\" target=\"_blank\" rel=\"noopener noreferrer\">1265-DE-GF<\/a><\/li>\n<li><a href=\"http:\/\/saludsinaloa.gob.mx\/wp-content\/uploads\/2022\/files\/1267-DS-GF.pdf\" target=\"_blank\" rel=\"noopener noreferrer\">1267-DS-GF <\/a><\/li>\n<li><a href=\"http:\/\/saludsinaloa.gob.mx\/wp-content\/uploads\/2022\/files\/1617-GB-GF.pdf\" target=\"_blank\" rel=\"noopener noreferrer\">1617-GB-GF<\/a><\/li>\n<\/ul>\n<\/td><td>\n<ul>\n<li><a href=\"http:\/\/SALUDSINALOA.GOB.MX\/wp-content\/uploads\/2023\/10\/auditoria-1630.pdf\" target=\"_blank\" rel=\"noopener\">1630<\/a><\/li>\n<li><a href=\"http:\/\/SALUDSINALOA.GOB.MX\/wp-content\/uploads\/2023\/10\/auditoria-1632.pdf\" target=\"_blank\" rel=\"noopener\">1632<\/a><\/li>\n<li><a href=\"http:\/\/SALUDSINALOA.GOB.MX\/wp-content\/uploads\/2023\/10\/auditoria-1635.pdf\" target=\"_blank\" rel=\"noopener\">1635<\/a><\/li>\n<li><a href=\"http:\/\/SALUDSINALOA.GOB.MX\/wp-content\/uploads\/2023\/10\/auditoria-1636.pdf\" target=\"_blank\" rel=\"noopener\">1636<\/a><\/li>\n<li><a href=\"http:\/\/saludsinaloa.gob.mx\/wp-content\/uploads\/2022\/files\/1642 L.D.F..pdf\" target=\"_blank\" rel=\"noopener\">1642 L.D.F<\/a><\/li>\n<\/ul>\n<\/td><td>\n<ul>\n<li><a href=\"https:\/\/saludsinaloa.gob.mx\/wp-content\/uploads\/2024\/08\/1699-ASF-2022.pdf\">1699 <\/a><\/li>\n<li><a href=\"https:\/\/saludsinaloa.gob.mx\/wp-content\/uploads\/2024\/08\/1700-ASF-2022.pdf\">1700<\/a><\/li>\n<li><a href=\"https:\/\/saludsinaloa.gob.mx\/wp-content\/uploads\/2024\/08\/1693-ASF-2022.pdf\">1693<\/a><\/li>\n<li><a href=\"https:\/\/saludsinaloa.gob.mx\/wp-content\/uploads\/2024\/08\/1696-ASF-2022.pdf\">1696 <\/a><\/li>\n<\/ul>\n<\/td><td>\n<ul>\n<li><a href=\"https:\/\/saludsinaloa.gob.mx\/wp-content\/uploads\/2025\/11\/1819.pdf\">1819<\/a><\/li>\n<li><a href=\"https:\/\/saludsinaloa.gob.mx\/wp-content\/uploads\/2025\/11\/1822.pdf\">1822<\/a><\/li>\n<li><a href=\"https:\/\/saludsinaloa.gob.mx\/wp-content\/uploads\/2025\/11\/1823.pdf\">1823<\/a><\/li>\n<li><a href=\"https:\/\/saludsinaloa.gob.mx\/wp-content\/uploads\/2025\/11\/1826.pdf\">1826<\/a><\/li>\n<li><a href=\"https:\/\/saludsinaloa.gob.mx\/wp-content\/uploads\/2025\/11\/1827.pdf\">1827<\/a><\/li>\n<\/ul>\n<p>&nbsp;<\/p>\n<\/td><td>\n<ul>\n<li><a href=\"https:\/\/saludsinaloa.gob.mx\/wp-content\/uploads\/2025\/11\/1732.pdf\">1732<\/a><\/li>\n<li><a href=\"https:\/\/saludsinaloa.gob.mx\/wp-content\/uploads\/2025\/11\/1745.pdf\">1745<\/a><\/li>\n<li><a href=\"https:\/\/saludsinaloa.gob.mx\/wp-content\/uploads\/2025\/11\/1746.pdf\">1746<\/a><\/li>\n<\/ul>\n<p>&nbsp;<\/p>\n<\/td><td><ul><li><a href=\"https:\/\/saludsinaloa.gob.mx\/wp-content\/uploads\/2026\/04\/INTEGRAL.pdf\">OFICIO DE AUDITORIA<\/a><\/li><\/ul><\/td><\/tr><tr><td>Auditor\u00eda Superior del Estado\n<p><strong>Nota: Se Realizaron Auditorias Conjuntas con la Auditor\u00eda Superior de la Federaci\u00f3n los Ejercicios de los a\u00f1os (2014-2016)<\/strong><\/p>\n<\/td><td>\n<ul>\n<li><a href=\"http:\/\/saludsinaloa.gob.mx\/wp-content\/uploads\/2022\/files\/031-2021.pdf\" target=\"_blank\" rel=\"noopener\">031-2021 ASE<\/a><\/li>\n<\/ul>\n<\/td><td>\n<ul>\n<li><a href=\"http:\/\/saludsinaloa.gob.mx\/wp-content\/uploads\/2022\/files\/010-2022.pdf\">010-2022<\/a><\/li>\n<\/ul>\n<\/td><td>\n<ul>\n<li><a href=\"http:\/\/SALUDSINALOA.GOB.MX\/wp-content\/uploads\/2023\/10\/010.pdf\">&nbsp; 010<\/a><\/li>\n<li><a href=\"http:\/\/SALUDSINALOA.GOB.MX\/wp-content\/uploads\/2023\/10\/045.pdf\">045<\/a><\/li>\n<\/ul>\n<\/td><td>\n<ul>\n<li><a href=\"https:\/\/saludsinaloa.gob.mx\/wp-content\/uploads\/2025\/01\/AFI-028-2024.pdf\">&nbsp; AFI-028-2024<\/a><\/li>\n<li><a href=\"https:\/\/saludsinaloa.gob.mx\/wp-content\/uploads\/2025\/01\/ASD-001-2024.pdf\">&nbsp; ASD-001-2024<\/a><\/li>\n<\/ul>\n<\/td><td>\n<ul>\n<li><a href=\"https:\/\/saludsinaloa.gob.mx\/wp-content\/uploads\/2025\/11\/AFI-032-2025-Part.-1.pdf\">&nbsp; AFI-032-2025 Part 1<\/a><\/li>\n<li><a href=\"https:\/\/saludsinaloa.gob.mx\/wp-content\/uploads\/2025\/11\/AFI-032-2025-Part-2.pdf\">&nbsp; AFI-032-2025 Part 2<\/a><\/li>\n<li><a href=\"https:\/\/saludsinaloa.gob.mx\/wp-content\/uploads\/2025\/11\/ASD-001-2025.pdf\">&nbsp; ASD-001-2025<\/a><\/li>\n<\/ul>\n<\/td><td><ul><li><a href=\"https:\/\/saludsinaloa.gob.mx\/wp-content\/uploads\/2026\/04\/AFI-013-2026.pdf\">OFICIO DE AUDITORIA<\/a><\/li><\/ul><\/td><\/tr><tr><td>Secretar\u00eda de la Funci\u00f3n P\u00fablica<\/td><td>\n<ul>\n<li><a href=\"http:\/\/saludsinaloa.gob.mx\/wp-content\/uploads\/2021\/files\/Cedula de Observaciones 03-2021.pdf\" target=\"_blank\" rel=\"noopener noreferrer\">03-2021 (AFASPE)<\/a><\/li>\n<li><a href=\"http:\/\/saludsinaloa.gob.mx\/wp-content\/uploads\/2021\/files\/Cedulas de Resultados Definitivos.pdf\" target=\"_blank\" rel=\"noopener noreferrer\">UAG-AOR.057-2021-025-U013<\/a><\/li>\n<\/ul>\n<\/td><td>\n<ul>\n<li><a href=\"http:\/\/saludsinaloa.gob.mx\/wp-content\/uploads\/2022\/files\/UAG-AOR-025-2022-25-U013.pdf\" target=\"_blank\" rel=\"noopener\">UAG-AOR-025-2022-25-U013<\/a><\/li>\n<\/ul>\n<\/td><td><a href=\"http:\/\/SALUDSINALOA.GOB.MX\/wp-content\/uploads\/2023\/10\/UAG-AOR-025-2023-25-U013-Se-encuentra-actualmente-en-espera-de-observaciones-por-parte-de-la-S.F.P.pdf\">UAG-AOR-025-2023-25-U013 (Se encuentra actualmente en espera de observaciones por parte de la S.F.P.)<\/a><\/td><td><a href=\"http:\/\/SALUDSINALOA.GOB.MX\/wp-content\/uploads\/2023\/10\/UAG-AOR-025-2023-25-U013-Se-encuentra-actualmente-en-espera-de-observaciones-por-parte-de-la-S.F.P.pdf\">UAG-AOR-025-2024-25-U013 (Se encuentra actualmente en espera de observaciones por parte de la S.F.P.)<\/a><\/td><td>\n<ul>\n<li><a href=\"https:\/\/saludsinaloa.gob.mx\/wp-content\/uploads\/2025\/11\/A-PROCESO-005-047-2025.pdf\" target=\"_blank\" rel=\"noopener\">A Proceso-005-047-2025<\/a><\/li>\n<\/ul>\n<\/td><td><ul><li><a href=\"https:\/\/saludsinaloa.gob.mx\/wp-content\/uploads\/2026\/04\/Procesos-05-025-2026.pdf\">OFICIO DE AUDITORIA<\/a><\/li><\/ul><\/td><\/tr><\/tbody><\/table><\/figure>\n\n\n\n<p><\/p>\n","protected":false},"excerpt":{"rendered":"<p>Regresar &nbsp; Documento Ejercicio Auditado 2020 Ejercicio Auditado 2021 &nbsp; Ejercicio Auditado 2022 &nbsp; Ejercicio Auditado 2023 Ejercicio Auditado 2024 &nbsp; EjercicioAuditado 2025 Auditor\u00eda Superior de la Federaci\u00f3n 1254-DS-GF&nbsp; 1263-DS-GF 1264-DE-GF 1265-DE-GF 1267-DS-GF 1617-GB-GF 1630 1632 1635 1636 1642 L.D.F 1699 1700 1693 1696 1819 1822 1823 1826 1827 &nbsp; 1732 1745 1746 &nbsp; OFICIO [&hellip;]<\/p>\n","protected":false},"author":1,"featured_media":0,"parent":0,"menu_order":0,"comment_status":"closed","ping_status":"closed","template":"templates\/full-width-page.php","meta":{"footnotes":""},"class_list":["post-5629","page","type-page","status-publish","hentry"],"_links":{"self":[{"href":"https:\/\/saludsinaloa.gob.mx\/index.php\/wp-json\/wp\/v2\/pages\/5629","targetHints":{"allow":["GET"]}}],"collection":[{"href":"https:\/\/saludsinaloa.gob.mx\/index.php\/wp-json\/wp\/v2\/pages"}],"about":[{"href":"https:\/\/saludsinaloa.gob.mx\/index.php\/wp-json\/wp\/v2\/types\/page"}],"author":[{"embeddable":true,"href":"https:\/\/saludsinaloa.gob.mx\/index.php\/wp-json\/wp\/v2\/users\/1"}],"replies":[{"embeddable":true,"href":"https:\/\/saludsinaloa.gob.mx\/index.php\/wp-json\/wp\/v2\/comments?post=5629"}],"version-history":[{"count":97,"href":"https:\/\/saludsinaloa.gob.mx\/index.php\/wp-json\/wp\/v2\/pages\/5629\/revisions"}],"predecessor-version":[{"id":25031,"href":"https:\/\/saludsinaloa.gob.mx\/index.php\/wp-json\/wp\/v2\/pages\/5629\/revisions\/25031"}],"wp:attachment":[{"href":"https:\/\/saludsinaloa.gob.mx\/index.php\/wp-json\/wp\/v2\/media?parent=5629"}],"curies":[{"name":"wp","href":"https:\/\/api.w.org\/{rel}","templated":true}]}}