{"id":5396,"date":"2018-12-03T20:41:27","date_gmt":"2018-12-03T20:41:27","guid":{"rendered":"http:\/\/saludsinaloa.gob.mx\/?page_id=5396"},"modified":"2019-12-12T22:13:05","modified_gmt":"2019-12-12T22:13:05","slug":"informacion-financiera-trimestral-2018","status":"publish","type":"page","link":"https:\/\/saludsinaloa.gob.mx\/index.php\/informacion-financiera-trimestral-2018\/","title":{"rendered":"Informaci\u00f3n Financiera Trimestral 2018"},"content":{"rendered":"<h3><a href=\"http:\/\/saludsinaloa.gob.mx\/index.php\/gasto-en-salud\/\">Regresar<\/a><\/h3>\n<ul>\n<li>Cuarto Trimestre\n<ul>\n<li><a href=\"http:\/\/saludsinaloa.gob.mx\/wp-content\/uploads\/2019\/transparencia\/Estado_de_Actividades_4to_Trim_2018.pdf\" target=\"_blank\" rel=\"noopener\">Estado de Actividades<\/a><\/li>\n<li><a href=\"http:\/\/Estado_Situacion_Financiera_4to_Trim_2018.pdf\" target=\"_blank\" rel=\"noopener\">Estado de Situaci\u00f3n Financiera<\/a><\/li>\n<li><a href=\"http:\/\/saludsinaloa.gob.mx\/wp-content\/uploads\/2019\/transparencia\/Estado_Analitico_de_la_Deuda_y_Otros_Pasivos_4to_Trim_2018.pdf\" target=\"_blank\" rel=\"noopener\">Estado Anal\u00edtico de la Deuda y Otros Pasivos<\/a><\/li>\n<li><a href=\"http:\/\/saludsinaloa.gob.mx\/wp-content\/uploads\/2019\/transparencia\/Estado_de_Cambios_en_la_situacion_financiera_4to_Trim_2018.pdf\" target=\"_blank\" rel=\"noopener\">Estado de Cambios en la Situaci\u00f3n Financiera<\/a><\/li>\n<li><a href=\"http:\/\/saludsinaloa.gob.mx\/wp-content\/uploads\/2019\/transparencia\/Notas_a_los_estados_financieros_4to_Trim_2018.pdf\" target=\"_blank\" rel=\"noopener\">Nota a los Estados Financieros<\/a><\/li>\n<li><a href=\"http:\/\/saludsinaloa.gob.mx\/wp-content\/uploads\/2019\/transparencia\/Estado_de_Variacion_Hacienda_Publica_4to_Trim_2018.pdf\" target=\"_blank\" rel=\"noopener\">Estado de Variaciones en la Hacienda P\u00fablica<\/a><\/li>\n<li><a href=\"http:\/\/saludsinaloa.gob.mx\/wp-content\/uploads\/2019\/transparencia\/Estado_de_Flujos_de_Efectivo_4to_Trim_2018.pdf\" target=\"_blank\" rel=\"noopener\">Estado de Flujos de Efectivo<\/a><\/li>\n<li><a href=\"http:\/\/saludsinaloa.gob.mx\/wp-content\/uploads\/2019\/transparencia\/Estado_Analitico_del_Activo_4to_Trim_2018.pdf\" target=\"_blank\" rel=\"noopener\">Estado Anal\u00edtico del Activo<\/a><\/li>\n<\/ul>\n<\/li>\n<li>Tercer Trimestre\n<ul>\n<li><a href=\"http:\/\/saludsinaloa.gob.mx\/wp-content\/uploads\/2019\/transparencia\/Estado_de_Actividades_3er_Trim_2018.pdf\" target=\"_blank\" rel=\"noopener\">Estado de Actividades<\/a><\/li>\n<li><a href=\"http:\/\/saludsinaloa.gob.mx\/wp-content\/uploads\/2019\/transparencia\/Estado_Situacion_Financiera_3er_Trim_2018.pdf\" target=\"_blank\" rel=\"noopener\">Estado de Situaci\u00f3n Financiera<\/a><\/li>\n<li><a href=\"http:\/\/saludsinaloa.gob.mx\/wp-content\/uploads\/2019\/transparencia\/Estado_Analitico_de_la_Deuda_y_Otros_Pasivos_3er_Trim_2018.pdf\" target=\"_blank\" rel=\"noopener\">Estado Anal\u00edtico de la Deuda y Otros Pasivos<\/a><\/li>\n<li><a href=\"http:\/\/saludsinaloa.gob.mx\/wp-content\/uploads\/2019\/transparencia\/Estado_de_Cambios_en_la_situacion_financiera_3er_Trim_2018.pdf\" target=\"_blank\" rel=\"noopener\">Estado de Cambios en la Situaci\u00f3n Financiera<\/a><\/li>\n<li><a href=\"http:\/\/saludsinaloa.gob.mx\/wp-content\/uploads\/2019\/transparencia\/Notas_a_los_estados_financieros_3er_Trim_2018.pdf\" target=\"_blank\" rel=\"noopener\">Nota a los Estados Financieros<\/a><\/li>\n<li><a href=\"http:\/\/saludsinaloa.gob.mx\/wp-content\/uploads\/2019\/transparencia\/Estado_de_Variacion_Hacienda_Publica_3er_Trim_2018.pdf\" target=\"_blank\" rel=\"noopener\">Estado de Variaciones en la Hacienda P\u00fablica<\/a><\/li>\n<li><a href=\"http:\/\/saludsinaloa.gob.mx\/wp-content\/uploads\/2019\/transparencia\/Estado_de_Flujos_de_Efectivo_3er_Trim_2018.pdf\" target=\"_blank\" rel=\"noopener\">Estado de Flujos de Efectivo<\/a><\/li>\n<li><a href=\"http:\/\/saludsinaloa.gob.mx\/wp-content\/uploads\/2019\/transparencia\/Estado_Analitico_del_Activo_3er_Trim_2018.pdf\" target=\"_blank\" rel=\"noopener\">Estado Anal\u00edtico del Activo<\/a><\/li>\n<\/ul>\n<\/li>\n<li>Segundo Trimestre\n<ul>\n<li><a href=\"http:\/\/saludsinaloa.gob.mx\/wp-content\/uploads\/2019\/transparencia\/Estado_de_Actividades_2do_Trim_2018.pdf\" target=\"_blank\" rel=\"noopener\">Estado de Actividades<\/a><\/li>\n<li><a href=\"http:\/\/saludsinaloa.gob.mx\/wp-content\/uploads\/2019\/transparencia\/Estado_Situacion_Financiera_2do_Trim_2018.pdf\" target=\"_blank\" rel=\"noopener\">Estado de Situaci\u00f3n Financiera\u00a0<\/a><\/li>\n<li><a href=\"http:\/\/saludsinaloa.gob.mx\/wp-content\/uploads\/2019\/transparencia\/Estado_Analitico_de_la_Deuda_y_Otros_Pasivos_2do_Trim_2018.pdf\" target=\"_blank\" rel=\"noopener\">Estado Anal\u00edtico de la Deuda y Otros Pasivos<\/a><\/li>\n<li><a href=\"http:\/\/saludsinaloa.gob.mx\/wp-content\/uploads\/2019\/transparencia\/Estado_de_Cambios_en_la_situacion_financiera_2do_Trim_2018.pdf\" target=\"_blank\" rel=\"noopener\">Estado de Cambios en la Situaci\u00f3n Financiera<\/a><\/li>\n<li><a href=\"http:\/\/saludsinaloa.gob.mx\/wp-content\/uploads\/2019\/transparencia\/Notas_a_los_estados_financieros_2do_Trim_2018.pdf\" target=\"_blank\" rel=\"noopener\">Notas a los Estados Financieros<\/a><\/li>\n<li><a href=\"http:\/\/saludsinaloa.gob.mx\/wp-content\/uploads\/2019\/transparencia\/Estado_de_Variacion_Hacienda_Publica_2do_Trim_2018.pdf\" target=\"_blank\" rel=\"noopener\">Estado de Variaciones en la Hacienda P\u00fablica<\/a><\/li>\n<li><a href=\"http:\/\/saludsinaloa.gob.mx\/wp-content\/uploads\/2019\/transparencia\/Estado_de_Flujos_de_Efectivo_2do_Trim_2018.pdf\" target=\"_blank\" rel=\"noopener\">Estado de Flujos de Efectivo<\/a><\/li>\n<li><a href=\"http:\/\/saludsinaloa.gob.mx\/wp-content\/uploads\/2019\/transparencia\/Estado_Analitico_del_Activo_2do_Trim_2018.pdf\" target=\"_blank\" rel=\"noopener\">Estado Anal\u00edtico del Activo<\/a><\/li>\n<\/ul>\n<\/li>\n<li>Primer Trimestre\n<ul>\n<li><a href=\"http:\/\/saludsinaloa.gob.mx\/wp-content\/uploads\/2019\/transparencia\/Estado_de_Actividades_1er_Trim_2018.pdf\" target=\"_blank\" rel=\"noopener\">Estado de Actividades<\/a><\/li>\n<li><a href=\"http:\/\/saludsinaloa.gob.mx\/wp-content\/uploads\/2019\/transparencia\/Estado_Situacion_Financiera_1er_Trim_2018.pdf\" target=\"_blank\" rel=\"noopener\">Estado de Situaci\u00f3n Financiera\u00a0<\/a><\/li>\n<li><a href=\"http:\/\/saludsinaloa.gob.mx\/wp-content\/uploads\/2019\/transparencia\/Estado_Analitico_de_la_Deuda_y_Otros_Pasivos_1er_Trim_2018.pdf\" target=\"_blank\" rel=\"noopener\">Estado Anal\u00edtico de la Deuda y Otros Pasivos<\/a><\/li>\n<li><a href=\"http:\/\/saludsinaloa.gob.mx\/wp-content\/uploads\/2019\/transparencia\/Estado_de_Cambios_en_la_situacion_financiera_1er_Trim_2018.pdf\" target=\"_blank\" rel=\"noopener\">Estado de Cambios en la Situaci\u00f3n Financiera<\/a><\/li>\n<li><a href=\"http:\/\/saludsinaloa.gob.mx\/wp-content\/uploads\/2019\/transparencia\/Notas_a_los_estados_financieros_1er_Trim_2018.pdf\" target=\"_blank\" rel=\"noopener\">Notas a los Estados Financieros<\/a><\/li>\n<li><a href=\"http:\/\/saludsinaloa.gob.mx\/wp-content\/uploads\/2019\/transparencia\/Estado_de_Variacion_Hacienda_Publica_1er_Trim_2018.pdf\" target=\"_blank\" rel=\"noopener\">Estado de Variaciones en la Hacienda P\u00fablica<\/a><\/li>\n<li><a href=\"http:\/\/saludsinaloa.gob.mx\/wp-content\/uploads\/2019\/transparencia\/Estado_de_Flujos_de_Efectivo_1er_Trim_2018.pdf\" target=\"_blank\" rel=\"noopener\">Estado de Flujos de Efectivo<\/a><\/li>\n<li><a href=\"http:\/\/saludsinaloa.gob.mx\/wp-content\/uploads\/2019\/transparencia\/Estado_Analitico_del_Activo_1er_Trim_2018.pdf\" target=\"_blank\" rel=\"noopener\">Estado Anal\u00edtico del Activo<\/a><\/li>\n<\/ul>\n<\/li>\n<\/ul>\n","protected":false},"excerpt":{"rendered":"<p>Regresar Cuarto Trimestre Estado de Actividades Estado de Situaci\u00f3n Financiera Estado Anal\u00edtico de la Deuda y Otros Pasivos Estado de Cambios en la Situaci\u00f3n Financiera Nota a los Estados Financieros Estado de Variaciones en la Hacienda P\u00fablica Estado de Flujos de Efectivo Estado Anal\u00edtico del Activo Tercer Trimestre Estado de Actividades Estado de Situaci\u00f3n Financiera [&hellip;]<\/p>\n","protected":false},"author":1,"featured_media":0,"parent":0,"menu_order":0,"comment_status":"closed","ping_status":"closed","template":"templates\/full-width-page.php","meta":{"footnotes":""},"class_list":["post-5396","page","type-page","status-publish","hentry"],"_links":{"self":[{"href":"https:\/\/saludsinaloa.gob.mx\/index.php\/wp-json\/wp\/v2\/pages\/5396","targetHints":{"allow":["GET"]}}],"collection":[{"href":"https:\/\/saludsinaloa.gob.mx\/index.php\/wp-json\/wp\/v2\/pages"}],"about":[{"href":"https:\/\/saludsinaloa.gob.mx\/index.php\/wp-json\/wp\/v2\/types\/page"}],"author":[{"embeddable":true,"href":"https:\/\/saludsinaloa.gob.mx\/index.php\/wp-json\/wp\/v2\/users\/1"}],"replies":[{"embeddable":true,"href":"https:\/\/saludsinaloa.gob.mx\/index.php\/wp-json\/wp\/v2\/comments?post=5396"}],"version-history":[{"count":10,"href":"https:\/\/saludsinaloa.gob.mx\/index.php\/wp-json\/wp\/v2\/pages\/5396\/revisions"}],"predecessor-version":[{"id":9022,"href":"https:\/\/saludsinaloa.gob.mx\/index.php\/wp-json\/wp\/v2\/pages\/5396\/revisions\/9022"}],"wp:attachment":[{"href":"https:\/\/saludsinaloa.gob.mx\/index.php\/wp-json\/wp\/v2\/media?parent=5396"}],"curies":[{"name":"wp","href":"https:\/\/api.w.org\/{rel}","templated":true}]}}