{"id":25410,"date":"2026-04-28T21:29:32","date_gmt":"2026-04-28T21:29:32","guid":{"rendered":"https:\/\/saludsinaloa.gob.mx\/?page_id=25410"},"modified":"2026-04-29T19:03:47","modified_gmt":"2026-04-29T19:03:47","slug":"informe-de-avance-presupuestal-2026","status":"publish","type":"page","link":"https:\/\/saludsinaloa.gob.mx\/index.php\/informe-de-avance-presupuestal-2026\/","title":{"rendered":"Informe de Avance Presupuestal 2026"},"content":{"rendered":"\t\t<div data-elementor-type=\"wp-page\" data-elementor-id=\"25410\" class=\"elementor elementor-25410\" data-elementor-post-type=\"page\">\n\t\t\t\t<div class=\"elementor-element elementor-element-1638f5c5 e-flex e-con-boxed e-con e-parent\" data-id=\"1638f5c5\" data-element_type=\"container\" data-e-type=\"container\">\n\t\t\t\t\t<div class=\"e-con-inner\">\n\t\t\t\t<div class=\"elementor-element elementor-element-4976521e elementor-widget elementor-widget-text-editor\" data-id=\"4976521e\" data-element_type=\"widget\" data-e-type=\"widget\" data-widget_type=\"text-editor.default\">\n\t\t\t\t\t\t\t\t\t\n<h1 class=\"wp-block-heading\">Informe de Avance Presupuestal 2026<\/h1>\n\n<figure class=\"wp-block-table\">\n<table class=\"has-fixed-layout\">\n<tbody>\n<tr>\n<td>\u00a0<\/td>\n<td class=\"has-text-align-center\" data-align=\"center\">PRIMER TRIMESTRE<\/td>\n<td class=\"has-text-align-center\" data-align=\"center\">SEGUNDO TRIMESTRE<\/td>\n<td class=\"has-text-align-center\" data-align=\"center\">TERCERO TRIMESTRE<\/td>\n<td class=\"has-text-align-center\" data-align=\"center\">CUARTO TRIMESTRE<\/td>\n<\/tr>\n<tr>\n<td><strong>Anal\u00edtico de Ingresos por Rubro\u00a0<\/strong><\/td>\n<td><a href=\"https:\/\/saludsinaloa.gob.mx\/wp-content\/uploads\/2026\/04\/11-EAI-POR-RUBRO-TIPO-CLASE-CONCEPTO.pdf\" target=\"_blank\" rel=\"noopener noreferrer\"><img decoding=\"async\" class=\"lazy loaded aligncenter\" src=\"http:\/\/saludsinaloa.gob.mx\/wp-content\/uploads\/2020\/12\/Imagen-PDF.png\" alt=\"\" width=\"27\" height=\"33\" data-src=\"http:\/\/saludsinaloa.gob.mx\/wp-content\/uploads\/2020\/12\/Imagen-PDF.png\" data-was-processed=\"true\" \/><\/a><a href=\"https:\/\/saludsinaloa.gob.mx\/wp-content\/uploads\/2026\/04\/11-EAI-POR-RUBRO-TIPO-CLASE-CONCEPTO.xls\"><img decoding=\"async\" class=\"lazy loaded aligncenter wp-image-17993\" src=\"https:\/\/saludsinaloa.gob.mx\/wp-content\/uploads\/2024\/10\/Captura-de-pantalla-2024-10-23-132228.png\" alt=\"Excel\" width=\"29\" height=\"33\" data-src=\"https:\/\/saludsinaloa.gob.mx\/wp-content\/uploads\/2024\/10\/Captura-de-pantalla-2024-10-23-132228.png\" data-was-processed=\"true\" \/><\/a><a href=\"https:\/\/saludsinaloa.gob.mx\/wp-content\/uploads\/2026\/04\/11-EAI-POR-RUBRO-TIPO-CLASE-CONCEPTO.csv\" target=\"_blank\" rel=\"noopener noreferrer\"><img decoding=\"async\" class=\"lazy loaded aligncenter wp-image-12813\" src=\"http:\/\/saludsinaloa.gob.mx\/wp-content\/uploads\/2021\/12\/CSV.png\" alt=\"\" width=\"29\" height=\"36\" data-src=\"http:\/\/saludsinaloa.gob.mx\/wp-content\/uploads\/2021\/12\/CSV.png\" data-was-processed=\"true\" \/><\/a><\/td>\n<td>\u00a0<\/td>\n<td>\u00a0<\/td>\n<td>\u00a0<\/td>\n<\/tr>\n<tr>\n<td><strong>Estado Anal\u00edtico de Ingresos por Fuente de Financiamiento<\/strong><\/td>\n<td><a href=\"https:\/\/saludsinaloa.gob.mx\/wp-content\/uploads\/2026\/04\/EAPI-CLASIFICACION-FUENTE-FINANCIAMIENTO.pdf\" target=\"_blank\" rel=\"noopener noreferrer\"><img decoding=\"async\" class=\"lazy loaded aligncenter\" src=\"http:\/\/saludsinaloa.gob.mx\/wp-content\/uploads\/2020\/12\/Imagen-PDF.png\" alt=\"\" width=\"27\" height=\"33\" data-src=\"http:\/\/saludsinaloa.gob.mx\/wp-content\/uploads\/2020\/12\/Imagen-PDF.png\" data-was-processed=\"true\" \/><\/a><a href=\"https:\/\/saludsinaloa.gob.mx\/wp-content\/uploads\/2026\/04\/EAPI-CLASIFICACION-FUENTE-FINANCIAMIENTO.xls\"><img decoding=\"async\" class=\"lazy loaded aligncenter wp-image-17993\" src=\"https:\/\/saludsinaloa.gob.mx\/wp-content\/uploads\/2024\/10\/Captura-de-pantalla-2024-10-23-132228.png\" alt=\"Excel\" width=\"29\" height=\"33\" data-src=\"https:\/\/saludsinaloa.gob.mx\/wp-content\/uploads\/2024\/10\/Captura-de-pantalla-2024-10-23-132228.png\" data-was-processed=\"true\" \/><\/a><a href=\"https:\/\/saludsinaloa.gob.mx\/wp-content\/uploads\/2026\/04\/EAPI-CLASIFICACION-FUENTE-FINANCIAMIENTO.csv\" target=\"_blank\" rel=\"noopener noreferrer\"><img decoding=\"async\" class=\"lazy loaded aligncenter wp-image-12813\" src=\"http:\/\/saludsinaloa.gob.mx\/wp-content\/uploads\/2021\/12\/CSV.png\" alt=\"\" width=\"29\" height=\"36\" data-src=\"http:\/\/saludsinaloa.gob.mx\/wp-content\/uploads\/2021\/12\/CSV.png\" data-was-processed=\"true\" \/><\/a><\/td>\n<td>\u00a0<\/td>\n<td>\u00a0<\/td>\n<td>\u00a0<\/td>\n<\/tr>\n<tr>\n<td><strong>Estado Anal\u00edtico del Ejercicio del Presupuesto de Egresos (Clasificaci\u00f3n Econ\u00f3mica y Tipo de Gasto)<\/strong><\/td>\n<td><a href=\"https:\/\/saludsinaloa.gob.mx\/wp-content\/uploads\/2026\/04\/13-EAEPE-CLASIFICACION-ECONOMICA.pdf\" target=\"_blank\" rel=\"noopener noreferrer\"><img decoding=\"async\" class=\"lazy loaded aligncenter\" src=\"http:\/\/saludsinaloa.gob.mx\/wp-content\/uploads\/2020\/12\/Imagen-PDF.png\" alt=\"\" width=\"27\" height=\"33\" data-src=\"http:\/\/saludsinaloa.gob.mx\/wp-content\/uploads\/2020\/12\/Imagen-PDF.png\" data-was-processed=\"true\" \/><\/a><a href=\"https:\/\/saludsinaloa.gob.mx\/wp-content\/uploads\/2026\/04\/13-EAEPE-CLASIFICACION-ECONOMICA.xls\"><img decoding=\"async\" class=\"lazy loaded aligncenter wp-image-17993\" src=\"https:\/\/saludsinaloa.gob.mx\/wp-content\/uploads\/2024\/10\/Captura-de-pantalla-2024-10-23-132228.png\" alt=\"Excel\" width=\"29\" height=\"33\" data-src=\"https:\/\/saludsinaloa.gob.mx\/wp-content\/uploads\/2024\/10\/Captura-de-pantalla-2024-10-23-132228.png\" data-was-processed=\"true\" \/><\/a><a href=\"https:\/\/saludsinaloa.gob.mx\/wp-content\/uploads\/2026\/04\/13-EAEPE-CLASIFICACION-ECONOMICA.csv\" target=\"_blank\" rel=\"noopener noreferrer\"><img decoding=\"async\" class=\"lazy loaded aligncenter wp-image-12813\" src=\"http:\/\/saludsinaloa.gob.mx\/wp-content\/uploads\/2021\/12\/CSV.png\" alt=\"\" width=\"29\" height=\"36\" data-src=\"http:\/\/saludsinaloa.gob.mx\/wp-content\/uploads\/2021\/12\/CSV.png\" data-was-processed=\"true\" \/><\/a><\/td>\n<td>\u00a0<\/td>\n<td>\u00a0<\/td>\n<td>\u00a0<\/td>\n<\/tr>\n<tr>\n<td><strong>Estado Anal\u00edtico del Ejercicio del Presupuesto de Egresos (Clasificaci\u00f3n Administrativa)<\/strong><\/td>\n<td><a href=\"https:\/\/saludsinaloa.gob.mx\/wp-content\/uploads\/2026\/04\/12-EAEPE-CLASIFICACION-ADMINISTRATIVA.pdf\" target=\"_blank\" rel=\"noopener noreferrer\"><img decoding=\"async\" class=\"lazy loaded aligncenter\" src=\"http:\/\/saludsinaloa.gob.mx\/wp-content\/uploads\/2020\/12\/Imagen-PDF.png\" alt=\"\" width=\"27\" height=\"33\" data-src=\"http:\/\/saludsinaloa.gob.mx\/wp-content\/uploads\/2020\/12\/Imagen-PDF.png\" data-was-processed=\"true\" \/><\/a><a href=\"https:\/\/saludsinaloa.gob.mx\/wp-content\/uploads\/2026\/04\/12-EAEPE-CLASIFICACION-ADMINISTRATIVA.xls\"><img decoding=\"async\" class=\"lazy loaded aligncenter wp-image-17993\" src=\"https:\/\/saludsinaloa.gob.mx\/wp-content\/uploads\/2024\/10\/Captura-de-pantalla-2024-10-23-132228.png\" alt=\"Excel\" width=\"29\" height=\"33\" data-src=\"https:\/\/saludsinaloa.gob.mx\/wp-content\/uploads\/2024\/10\/Captura-de-pantalla-2024-10-23-132228.png\" data-was-processed=\"true\" \/><\/a><a href=\"https:\/\/saludsinaloa.gob.mx\/wp-content\/uploads\/2026\/04\/12-EAEPE-CLASIFICACION-ADMINISTRATIVA.csv\" target=\"_blank\" rel=\"noopener noreferrer\"><img decoding=\"async\" class=\"lazy loaded aligncenter wp-image-12813\" src=\"http:\/\/saludsinaloa.gob.mx\/wp-content\/uploads\/2021\/12\/CSV.png\" alt=\"\" width=\"29\" height=\"36\" data-src=\"http:\/\/saludsinaloa.gob.mx\/wp-content\/uploads\/2021\/12\/CSV.png\" data-was-processed=\"true\" \/><\/a><\/td>\n<td>\u00a0<\/td>\n<td>\u00a0<\/td>\n<td>\u00a0<\/td>\n<\/tr>\n<tr>\n<td><strong>Estado Anal\u00edtico del Ejercicio del Presupuesto de Egresos (Clasificaci\u00f3n Funcional (Finalidad y Funci\u00f3n)<\/strong><\/td>\n<td><a href=\"https:\/\/saludsinaloa.gob.mx\/wp-content\/uploads\/2026\/04\/15-EAEPE-CLASIFICACION-FUNCIONAL.pdf\" target=\"_blank\" rel=\"noopener noreferrer\"><img decoding=\"async\" class=\"lazy loaded aligncenter\" src=\"http:\/\/saludsinaloa.gob.mx\/wp-content\/uploads\/2020\/12\/Imagen-PDF.png\" alt=\"\" width=\"27\" height=\"33\" data-src=\"http:\/\/saludsinaloa.gob.mx\/wp-content\/uploads\/2020\/12\/Imagen-PDF.png\" data-was-processed=\"true\" \/><\/a><a href=\"https:\/\/saludsinaloa.gob.mx\/wp-content\/uploads\/2026\/04\/15-EAEPE-CLASIFICACION-FUNCIONAL.xls\"><img decoding=\"async\" class=\"lazy loaded aligncenter wp-image-17993\" src=\"https:\/\/saludsinaloa.gob.mx\/wp-content\/uploads\/2024\/10\/Captura-de-pantalla-2024-10-23-132228.png\" alt=\"Excel\" width=\"29\" height=\"33\" data-src=\"https:\/\/saludsinaloa.gob.mx\/wp-content\/uploads\/2024\/10\/Captura-de-pantalla-2024-10-23-132228.png\" data-was-processed=\"true\" \/><\/a><a href=\"https:\/\/saludsinaloa.gob.mx\/wp-content\/uploads\/2026\/04\/15-EAEPE-CLASIFICACION-FUNCIONAL.csv\" target=\"_blank\" rel=\"noopener noreferrer\"><img decoding=\"async\" class=\"lazy loaded aligncenter wp-image-12813\" src=\"http:\/\/saludsinaloa.gob.mx\/wp-content\/uploads\/2021\/12\/CSV.png\" alt=\"\" width=\"29\" height=\"36\" data-src=\"http:\/\/saludsinaloa.gob.mx\/wp-content\/uploads\/2021\/12\/CSV.png\" data-was-processed=\"true\" \/><\/a><\/td>\n<td>\u00a0<\/td>\n<td>\u00a0<\/td>\n<td>\u00a0<\/td>\n<\/tr>\n<tr>\n<td><strong>Estado Anal\u00edtico del Ejercicio del Presupuesto de Egresos (Clasificaci\u00f3n por Capitulo del Gasto)<\/strong><\/td>\n<td><a href=\"https:\/\/saludsinaloa.gob.mx\/wp-content\/uploads\/2026\/04\/14-EAEPE-CLASIFICACION-POR-OBJETO-DEL-GASTO.pdf\" target=\"_blank\" rel=\"noopener noreferrer\"><img decoding=\"async\" class=\"lazy loaded aligncenter\" src=\"http:\/\/saludsinaloa.gob.mx\/wp-content\/uploads\/2020\/12\/Imagen-PDF.png\" alt=\"\" width=\"27\" height=\"33\" data-src=\"http:\/\/saludsinaloa.gob.mx\/wp-content\/uploads\/2020\/12\/Imagen-PDF.png\" data-was-processed=\"true\" \/><\/a><a href=\"https:\/\/saludsinaloa.gob.mx\/wp-content\/uploads\/2026\/04\/14-EAEPE-CLASIFICACION-POR-OBJETO-DEL-GASTO.xls\"><img decoding=\"async\" class=\"lazy loaded aligncenter wp-image-17993\" src=\"https:\/\/saludsinaloa.gob.mx\/wp-content\/uploads\/2024\/10\/Captura-de-pantalla-2024-10-23-132228.png\" alt=\"Excel\" width=\"29\" height=\"33\" data-src=\"https:\/\/saludsinaloa.gob.mx\/wp-content\/uploads\/2024\/10\/Captura-de-pantalla-2024-10-23-132228.png\" data-was-processed=\"true\" \/><\/a><a href=\"https:\/\/saludsinaloa.gob.mx\/wp-content\/uploads\/2026\/04\/14-EAEPE-CLASIFICACION-POR-OBJETO-DEL-GASTO.csv\" target=\"_blank\" rel=\"noopener noreferrer\"><img decoding=\"async\" class=\"lazy loaded aligncenter wp-image-12813\" src=\"http:\/\/saludsinaloa.gob.mx\/wp-content\/uploads\/2021\/12\/CSV.png\" alt=\"\" width=\"29\" height=\"36\" data-src=\"http:\/\/saludsinaloa.gob.mx\/wp-content\/uploads\/2021\/12\/CSV.png\" data-was-processed=\"true\" \/><\/a><\/td>\n<td>\u00a0<\/td>\n<td>\u00a0<\/td>\n<td>\u00a0<\/td>\n<\/tr>\n<tr>\n<td><strong>Gasto por Categor\u00eda Program\u00e1tica<\/strong><\/td>\n<td><a href=\"https:\/\/saludsinaloa.gob.mx\/wp-content\/uploads\/2026\/04\/19-GASTO-POR-CATEGORIA-PROGRAMATICA-2.pdf\" target=\"_blank\" rel=\"noopener noreferrer\"><img decoding=\"async\" class=\"lazy loaded aligncenter\" src=\"http:\/\/saludsinaloa.gob.mx\/wp-content\/uploads\/2020\/12\/Imagen-PDF.png\" alt=\"\" width=\"27\" height=\"33\" data-src=\"http:\/\/saludsinaloa.gob.mx\/wp-content\/uploads\/2020\/12\/Imagen-PDF.png\" data-was-processed=\"true\" \/><\/a><a href=\"https:\/\/saludsinaloa.gob.mx\/wp-content\/uploads\/2026\/04\/19-GASTO-POR-CATEGORIA-PROGRAMATICA-2.xls\"><img decoding=\"async\" class=\"lazy loaded aligncenter wp-image-17993\" src=\"https:\/\/saludsinaloa.gob.mx\/wp-content\/uploads\/2024\/10\/Captura-de-pantalla-2024-10-23-132228.png\" alt=\"Excel\" width=\"29\" height=\"33\" data-src=\"https:\/\/saludsinaloa.gob.mx\/wp-content\/uploads\/2024\/10\/Captura-de-pantalla-2024-10-23-132228.png\" data-was-processed=\"true\" \/><\/a><a href=\"https:\/\/saludsinaloa.gob.mx\/wp-content\/uploads\/2026\/04\/19-GASTO-POR-CATEGORIA-PROGRAMATICA-2.csv\" target=\"_blank\" rel=\"noopener noreferrer\"><img decoding=\"async\" class=\"lazy loaded aligncenter wp-image-12813\" src=\"http:\/\/saludsinaloa.gob.mx\/wp-content\/uploads\/2021\/12\/CSV.png\" alt=\"\" width=\"29\" height=\"36\" data-src=\"http:\/\/saludsinaloa.gob.mx\/wp-content\/uploads\/2021\/12\/CSV.png\" data-was-processed=\"true\" \/><\/a><\/td>\n<td>\u00a0<\/td>\n<td>\u00a0<\/td>\n<td>\u00a0<\/td>\n<\/tr>\n<tr>\n<td><strong>Indicadores de Postura Fiscal<\/strong><\/td>\n<td><a href=\"https:\/\/saludsinaloa.gob.mx\/wp-content\/uploads\/2026\/04\/INDICADORES-DE-POSTURA-FISCAL.pdf\" target=\"_blank\" rel=\"noopener noreferrer\"><img decoding=\"async\" class=\"lazy loaded aligncenter\" src=\"http:\/\/saludsinaloa.gob.mx\/wp-content\/uploads\/2020\/12\/Imagen-PDF.png\" alt=\"\" width=\"27\" height=\"33\" data-src=\"http:\/\/saludsinaloa.gob.mx\/wp-content\/uploads\/2020\/12\/Imagen-PDF.png\" data-was-processed=\"true\" \/><\/a><a href=\"https:\/\/saludsinaloa.gob.mx\/wp-content\/uploads\/2026\/04\/INDICADORES-DE-POSTURA-FISCAL.xls\"><img decoding=\"async\" class=\"lazy loaded aligncenter wp-image-17993\" src=\"https:\/\/saludsinaloa.gob.mx\/wp-content\/uploads\/2024\/10\/Captura-de-pantalla-2024-10-23-132228.png\" alt=\"Excel\" width=\"29\" height=\"33\" data-src=\"https:\/\/saludsinaloa.gob.mx\/wp-content\/uploads\/2024\/10\/Captura-de-pantalla-2024-10-23-132228.png\" data-was-processed=\"true\" \/><\/a><a href=\"https:\/\/saludsinaloa.gob.mx\/wp-content\/uploads\/2026\/04\/INDICADORES-DE-POSTURA-FISCAL.csv\" target=\"_blank\" rel=\"noopener noreferrer\"><img decoding=\"async\" class=\"lazy loaded aligncenter wp-image-12813\" src=\"http:\/\/saludsinaloa.gob.mx\/wp-content\/uploads\/2021\/12\/CSV.png\" alt=\"\" width=\"29\" height=\"36\" data-src=\"http:\/\/saludsinaloa.gob.mx\/wp-content\/uploads\/2021\/12\/CSV.png\" data-was-processed=\"true\" \/><\/a><\/td>\n<td>\u00a0<\/td>\n<td>\u00a0<\/td>\n<td>\u00a0<\/td>\n<\/tr>\n<\/tbody>\n<\/table>\n<\/figure>\n\t\t\t\t\t\t\t\t<\/div>\n\t\t\t\t\t<\/div>\n\t\t\t\t<\/div>\n\t\t\t\t<\/div>\n\t\t","protected":false},"excerpt":{"rendered":"<p>Informe de Avance Presupuestal 2026 \u00a0 PRIMER TRIMESTRE SEGUNDO TRIMESTRE TERCERO TRIMESTRE CUARTO TRIMESTRE Anal\u00edtico de Ingresos por Rubro\u00a0 \u00a0 \u00a0 \u00a0 Estado Anal\u00edtico de Ingresos por Fuente de Financiamiento \u00a0 \u00a0 \u00a0 Estado Anal\u00edtico del Ejercicio del Presupuesto de Egresos (Clasificaci\u00f3n Econ\u00f3mica y Tipo de Gasto) \u00a0 \u00a0 \u00a0 Estado Anal\u00edtico del Ejercicio del [&hellip;]<\/p>\n","protected":false},"author":7,"featured_media":0,"parent":0,"menu_order":0,"comment_status":"closed","ping_status":"closed","template":"","meta":{"footnotes":""},"class_list":["post-25410","page","type-page","status-publish","hentry"],"_links":{"self":[{"href":"https:\/\/saludsinaloa.gob.mx\/index.php\/wp-json\/wp\/v2\/pages\/25410","targetHints":{"allow":["GET"]}}],"collection":[{"href":"https:\/\/saludsinaloa.gob.mx\/index.php\/wp-json\/wp\/v2\/pages"}],"about":[{"href":"https:\/\/saludsinaloa.gob.mx\/index.php\/wp-json\/wp\/v2\/types\/page"}],"author":[{"embeddable":true,"href":"https:\/\/saludsinaloa.gob.mx\/index.php\/wp-json\/wp\/v2\/users\/7"}],"replies":[{"embeddable":true,"href":"https:\/\/saludsinaloa.gob.mx\/index.php\/wp-json\/wp\/v2\/comments?post=25410"}],"version-history":[{"count":37,"href":"https:\/\/saludsinaloa.gob.mx\/index.php\/wp-json\/wp\/v2\/pages\/25410\/revisions"}],"predecessor-version":[{"id":25582,"href":"https:\/\/saludsinaloa.gob.mx\/index.php\/wp-json\/wp\/v2\/pages\/25410\/revisions\/25582"}],"wp:attachment":[{"href":"https:\/\/saludsinaloa.gob.mx\/index.php\/wp-json\/wp\/v2\/media?parent=25410"}],"curies":[{"name":"wp","href":"https:\/\/api.w.org\/{rel}","templated":true}]}}