{"id":19511,"date":"2025-02-14T16:48:18","date_gmt":"2025-02-14T16:48:18","guid":{"rendered":"https:\/\/saludsinaloa.gob.mx\/?page_id=19511"},"modified":"2025-02-15T04:20:28","modified_gmt":"2025-02-15T04:20:28","slug":"enfermedades-transmisibles","status":"publish","type":"page","link":"https:\/\/saludsinaloa.gob.mx\/index.php\/enfermedades-transmisibles\/","title":{"rendered":"Enfermedades Transmisibles"},"content":{"rendered":"<h3>2024<\/h3>\n<ul>\n<li><a href=\"http:\/\/saludsinaloa.gob.mx\/wp-content\/uploads\/2017\/boletines\/boletin-transmisible\/01_BOLETIN EPIDEMIOLOGICO ENFERMEDADES TRANSMISIBLES ENERO 2024.pdf\" target=\"_blank\" rel=\"noopener\">BOLET\u00cdN EPIDEMIOL\u00d3GICO DE ENFERMEDADES TRANSMISIBLES ENERO 2024<\/a><\/li>\n<li><a href=\"http:\/\/saludsinaloa.gob.mx\/wp-content\/uploads\/2017\/boletines\/boletin-transmisible\/02_BOLETIN EPIDEMIOLOGICO ENFERMEDADES TRANSMISIBLES FEBRERO 2024.pdf\" target=\"_blank\" rel=\"noopener\">BOLET\u00cdN EPIDEMIOL\u00d3GICO DE ENFERMEDADES TRANSMISIBLES FEBRERO 2024<\/a><\/li>\n<li><a href=\"http:\/\/saludsinaloa.gob.mx\/wp-content\/uploads\/2017\/boletines\/boletin-transmisible\/03_BOLETIN EPIDEMIOLOGICO ENFERMEDADES TRANSMISIBLES MARZO 2024.pdf\" target=\"_blank\" rel=\"noopener\">BOLET\u00cdN EPIDEMIOL\u00d3GICO DE ENFERMEDADES TRANSMISIBLES MARZO 2024<\/a><\/li>\n<li><a href=\"http:\/\/saludsinaloa.gob.mx\/wp-content\/uploads\/2017\/boletines\/boletin-transmisible\/04_BOLETIN EPIDEMIOLOGICO ENFERMEDADES TRANSMISIBLES ABRIL 2024.pdf\" target=\"_blank\" rel=\"noopener\">BOLET\u00cdN EPIDEMIOL\u00d3GICO DE ENFERMEDADES TRANSMISIBLES ABRIL 2024<\/a><\/li>\n<li><a href=\"http:\/\/saludsinaloa.gob.mx\/wp-content\/uploads\/2017\/boletines\/boletin-transmisible\/05_BOLETIN EPIDEMIOLOGICO ENFERMEDADES TRANSMISIBLES MAYO 2024.pdf\" target=\"_blank\" rel=\"noopener\">BOLET\u00cdN EPIDEMIOL\u00d3GICO DE ENFERMEDADES TRANSMISIBLES MAYO 2024<\/a><\/li>\n<li><a href=\"http:\/\/saludsinaloa.gob.mx\/wp-content\/uploads\/2017\/boletines\/boletin-transmisible\/06_BOLETIN EPIDEMIOLOGICO ENFERMEDADES TRANSMISIBLES JUNIO 2024.pdf\" target=\"_blank\" rel=\"noopener\">BOLET\u00cdN EPIDEMIOL\u00d3GICO DE ENFERMEDADES TRANSMISIBLES JUNIO 2024<\/a><\/li>\n<li><a href=\"http:\/\/saludsinaloa.gob.mx\/wp-content\/uploads\/2017\/boletines\/boletin-transmisible\/07_BOLETIN EPIDEMIOLOGICO ENFERMEDADES TRANSMISIBLES JULIO 2024.pdf\" target=\"_blank\" rel=\"noopener\">BOLET\u00cdN EPIDEMIOL\u00d3GICO DE ENFERMEDADES TRANSMISIBLES JULIO 2024<\/a><\/li>\n<li><a href=\"http:\/\/saludsinaloa.gob.mx\/wp-content\/uploads\/2017\/boletines\/boletin-transmisible\/08_BOLETIN EPIDEMIOLOGICO ENFERMEDADES TRANSMISIBLES AGOSTO 2024.pdf\" target=\"_blank\" rel=\"noopener\">BOLET\u00cdN EPIDEMIOL\u00d3GICO DE ENFERMEDADES TRANSMISIBLES AGOSTO 2024<\/a><\/li>\n<li><a href=\"http:\/\/saludsinaloa.gob.mx\/wp-content\/uploads\/2017\/boletines\/boletin-transmisible\/09_BOLETIN EPIDEMIOLOGICO ENFERMEDADES TRANSMISIBLES SEPTIEMBRE 2024.pdf\" target=\"_blank\" rel=\"noopener\">BOLET\u00cdN EPIDEMIOL\u00d3GICO DE ENFERMEDADES TRANSMISIBLES SEPTIEMBRE 2024<\/a><\/li>\n<li><a href=\"http:\/\/saludsinaloa.gob.mx\/wp-content\/uploads\/2017\/boletines\/boletin-transmisible\/10_BOLETIN EPIDEMIOLOGICO ENFERMEDADES TRANSMISIBLES OCTUBRE 2024.pdf\" target=\"_blank\" rel=\"noopener\">BOLET\u00cdN EPIDEMIOL\u00d3GICO DE ENFERMEDADES TRANSMISIBLES OCTUBRE 2024<\/a><\/li>\n<li><a href=\"http:\/\/saludsinaloa.gob.mx\/wp-content\/uploads\/2017\/boletines\/boletin-transmisible\/11_BOLETIN EPIDEMIOLOGICO ENFERMEDADES TRANSMISIBLES NOVIEMBRE 2024.pdf\" target=\"_blank\" rel=\"noopener\">BOLET\u00cdN EPIDEMIOL\u00d3GICO DE ENFERMEDADES TRANSMISIBLES NOVIEMBRE 2024<\/a><\/li>\n<li><a href=\"http:\/\/saludsinaloa.gob.mx\/wp-content\/uploads\/2017\/boletines\/boletin-transmisible\/12_BOLETIN EPIDEMIOLOGICO ENFERMEDADES TRANSMISIBLES DICIEMBRE 2024.pdf\" target=\"_blank\" rel=\"noopener\">BOLET\u00cdN EPIDEMIOL\u00d3GICO DE ENFERMEDADES TRANSMISIBLES DICIEMBRE 2024<\/a><\/li>\n<\/ul>\n<p>&nbsp;<\/p>\n<p>Fuente: Departamento de Vigilancia Epidemiol\u00f3gica a Diciembre de 2024<br \/>\nElabor\u00f3: Departamento de Vigilancia Epidemiol\u00f3gica \u2013 SERVICIOS DE SALUD DE SINALOA.<\/p>\n","protected":false},"excerpt":{"rendered":"<p>2024 BOLET\u00cdN EPIDEMIOL\u00d3GICO DE ENFERMEDADES TRANSMISIBLES ENERO 2024 BOLET\u00cdN EPIDEMIOL\u00d3GICO DE ENFERMEDADES TRANSMISIBLES FEBRERO 2024 BOLET\u00cdN EPIDEMIOL\u00d3GICO DE ENFERMEDADES TRANSMISIBLES MARZO 2024 BOLET\u00cdN EPIDEMIOL\u00d3GICO DE ENFERMEDADES TRANSMISIBLES ABRIL 2024 BOLET\u00cdN EPIDEMIOL\u00d3GICO DE ENFERMEDADES TRANSMISIBLES MAYO 2024 BOLET\u00cdN EPIDEMIOL\u00d3GICO DE ENFERMEDADES TRANSMISIBLES JUNIO 2024 BOLET\u00cdN EPIDEMIOL\u00d3GICO DE ENFERMEDADES TRANSMISIBLES JULIO 2024 BOLET\u00cdN EPIDEMIOL\u00d3GICO DE ENFERMEDADES TRANSMISIBLES [&hellip;]<\/p>\n","protected":false},"author":1,"featured_media":0,"parent":0,"menu_order":0,"comment_status":"closed","ping_status":"closed","template":"templates\/full-width-page.php","meta":{"footnotes":""},"class_list":["post-19511","page","type-page","status-publish","hentry"],"_links":{"self":[{"href":"https:\/\/saludsinaloa.gob.mx\/index.php\/wp-json\/wp\/v2\/pages\/19511","targetHints":{"allow":["GET"]}}],"collection":[{"href":"https:\/\/saludsinaloa.gob.mx\/index.php\/wp-json\/wp\/v2\/pages"}],"about":[{"href":"https:\/\/saludsinaloa.gob.mx\/index.php\/wp-json\/wp\/v2\/types\/page"}],"author":[{"embeddable":true,"href":"https:\/\/saludsinaloa.gob.mx\/index.php\/wp-json\/wp\/v2\/users\/1"}],"replies":[{"embeddable":true,"href":"https:\/\/saludsinaloa.gob.mx\/index.php\/wp-json\/wp\/v2\/comments?post=19511"}],"version-history":[{"count":5,"href":"https:\/\/saludsinaloa.gob.mx\/index.php\/wp-json\/wp\/v2\/pages\/19511\/revisions"}],"predecessor-version":[{"id":19519,"href":"https:\/\/saludsinaloa.gob.mx\/index.php\/wp-json\/wp\/v2\/pages\/19511\/revisions\/19519"}],"wp:attachment":[{"href":"https:\/\/saludsinaloa.gob.mx\/index.php\/wp-json\/wp\/v2\/media?parent=19511"}],"curies":[{"name":"wp","href":"https:\/\/api.w.org\/{rel}","templated":true}]}}