{"id":159,"date":"2020-07-07T06:30:42","date_gmt":"2020-07-07T06:30:42","guid":{"rendered":"http:\/\/wpress2.saludsinaloa.gob.mx\/wordpress\/?page_id=159"},"modified":"2020-07-16T16:49:17","modified_gmt":"2020-07-16T16:49:17","slug":"lorem-ipsum-1","status":"publish","type":"page","link":"https:\/\/saludsinaloa.gob.mx\/index.php\/lorem-ipsum-1\/","title":{"rendered":"07 de julio del 2020"},"content":{"rendered":"<p><strong>VIT\u00cdLIGO LO PADECE EL 2% POR CIENTO DE LA POBLACI\u00d3N EN EL MUNDO<\/strong><\/p>\n<p>&nbsp;<\/p>\n<p><strong>* En el Centro Dermatol\u00f3gico de Sinaloa, el vit\u00edligo se presenta en la consulta general entre un 5 al 6% de los pacientes que acuden a esta unidad de salud.<\/strong><\/p>\n<p><strong>Culiac\u00e1n, Sinaloa, 07 de julio del 2020;<\/strong> El vit\u00edligo es una enfermedad que causa la p\u00e9rdida de color en zonas de la piel, la extensi\u00f3n y la velocidad de la p\u00e9rdida de color por vit\u00edligo son impredecibles, puede afectar la piel en cualquier parte del cuerpo, tambi\u00e9n puede afectar el cabello y el interior de la boca y alrededor del 02% de la poblaci\u00f3n en el mundo la padece, inform\u00f3 el Dr. Guillermo Moraila Moya, Director del Centro Dermatol\u00f3gico de Sinaloa.<\/p>\n","protected":false},"excerpt":{"rendered":"<p>VIT\u00cdLIGO LO PADECE EL 2% POR CIENTO DE LA POBLACI\u00d3N EN EL MUNDO &nbsp; * En el Centro Dermatol\u00f3gico de Sinaloa, el vit\u00edligo se presenta en la consulta general entre un 5 al 6% de los pacientes que acuden a esta unidad de salud. Culiac\u00e1n, Sinaloa, 07 de julio del 2020; El vit\u00edligo es una [&hellip;]<\/p>\n","protected":false},"author":1,"featured_media":10836,"parent":0,"menu_order":0,"comment_status":"closed","ping_status":"closed","template":"","meta":{"footnotes":""},"class_list":["post-159","page","type-page","status-publish","has-post-thumbnail","hentry"],"_links":{"self":[{"href":"https:\/\/saludsinaloa.gob.mx\/index.php\/wp-json\/wp\/v2\/pages\/159","targetHints":{"allow":["GET"]}}],"collection":[{"href":"https:\/\/saludsinaloa.gob.mx\/index.php\/wp-json\/wp\/v2\/pages"}],"about":[{"href":"https:\/\/saludsinaloa.gob.mx\/index.php\/wp-json\/wp\/v2\/types\/page"}],"author":[{"embeddable":true,"href":"https:\/\/saludsinaloa.gob.mx\/index.php\/wp-json\/wp\/v2\/users\/1"}],"replies":[{"embeddable":true,"href":"https:\/\/saludsinaloa.gob.mx\/index.php\/wp-json\/wp\/v2\/comments?post=159"}],"version-history":[{"count":128,"href":"https:\/\/saludsinaloa.gob.mx\/index.php\/wp-json\/wp\/v2\/pages\/159\/revisions"}],"predecessor-version":[{"id":10837,"href":"https:\/\/saludsinaloa.gob.mx\/index.php\/wp-json\/wp\/v2\/pages\/159\/revisions\/10837"}],"wp:featuredmedia":[{"embeddable":true,"href":"https:\/\/saludsinaloa.gob.mx\/index.php\/wp-json\/wp\/v2\/media\/10836"}],"wp:attachment":[{"href":"https:\/\/saludsinaloa.gob.mx\/index.php\/wp-json\/wp\/v2\/media?parent=159"}],"curies":[{"name":"wp","href":"https:\/\/api.w.org\/{rel}","templated":true}]}}

<p><strong>VITÍLIGO LO PADECE EL 2% POR CIENTO DE LA POBLACIÓN EN EL MUNDO</strong></p>
<p>&nbsp;</p>
<p><strong>* En el Centro Dermatológico de Sinaloa, el vitíligo se presenta en la consulta general entre un 5 al 6% de los pacientes que acuden a esta unidad de salud.</strong></p>
<p><strong>Culiacán, Sinaloa, 07 de julio del 2020;</strong> El vitíligo es una enfermedad que causa la pérdida de color en zonas de la piel, la extensión y la velocidad de la pérdida de color por vitíligo son impredecibles, puede afectar la piel en cualquier parte del cuerpo, también puede afectar el cabello y el interior de la boca y alrededor del 02% de la población en el mundo la padece, informó el Dr. Guillermo Moraila Moya, Director del Centro Dermatológico de Sinaloa.</p>

<p>VITÍLIGO LO PADECE EL 2% POR CIENTO DE LA POBLACIÓN EN EL MUNDO &nbsp; * En el Centro Dermatológico de Sinaloa, el vitíligo se presenta en la consulta general entre un 5 al 6% de los pacientes que acuden a esta unidad de salud. Culiacán, Sinaloa, 07 de julio del 2020; El vitíligo es una [&hellip;]</p>
