{"id":14613,"date":"2023-07-25T20:28:35","date_gmt":"2023-07-25T20:28:35","guid":{"rendered":"https:\/\/saludsinaloa.gob.mx\/?page_id=14613"},"modified":"2023-07-25T20:29:23","modified_gmt":"2023-07-25T20:29:23","slug":"unidad-de-trasplantes","status":"publish","type":"page","link":"https:\/\/saludsinaloa.gob.mx\/index.php\/unidad-de-trasplantes\/","title":{"rendered":"Unidad de Trasplantes"},"content":{"rendered":"<p><strong>UNIDAD DE TRASPLANTES<\/strong><\/p>\n<p>&nbsp;<\/p>\n<p><strong>MISI\u00d3N<\/strong><\/p>\n<p>Impulsar una cultura de donaci\u00f3n de \u00f3rganos y tejidos con fines de trasplantes en la poblaci\u00f3n sinaloense, as\u00ed como facilitar y regular el proceso, favoreciendo a los pacientes que lo requieran.<\/p>\n<p><strong>VISI\u00d3N <\/strong><\/p>\n<p>Ser \u00f3rgano regulador en materia de donaci\u00f3n y trasplante de \u00f3rganos y tejidos en el estado de Sinaloa, garantizando que estos procesos se lleven a cabo dentro del marco jur\u00eddico, con altruismo y beneficio a la sociedad.<\/p>\n<p><strong>OBJETIVOS<\/strong><\/p>\n<ul>\n<li>Difundir la importancia de la donaci\u00f3n de \u00f3rganos y tejidos con fines de trasplante en la sociedad sinaloense.<\/li>\n<li>Garantizar transparencia en los procesos de distribuci\u00f3n de \u00f3rganos y tejidos en la regi\u00f3n.<\/li>\n<li>Establecer redes de colaboraci\u00f3n entre el sistema de salud y sociedad con fines de donaci\u00f3n y trasplante.<\/li>\n<li>Incrementar la cultura de donaci\u00f3n en la sociedad sinaloense.<\/li>\n<li>Fomentar la capacitaci\u00f3n continua en los profesionistas de la salud y sociedad en general con el fin normalizar el protocolo de donaci\u00f3n de \u00f3rganos y tejidos.<\/li>\n<\/ul>\n<p><strong>PREGUNTAS FRECUENTES:<\/strong><\/p>\n<p><strong><em>\u00bfQu\u00e9 es la donaci\u00f3n de \u00f3rganos y tejidos?<\/em><\/strong><\/p>\n<p>Es el mayor acto de altruismo al ceder sus \u00f3rganos y tejidos con el fin de regresar la esperanza de vida a quienes requieren de un \u00f3rgano sano para continuar viviendo o de un tejido para mejorar su calidad de vida.<\/p>\n<p><strong><em>\u00bfQu\u00e9 es un trasplante?<\/em><\/strong><\/p>\n<p>El trasplante de \u00f3rganos y tejidos es un tratamiento m\u00e9dico que consiste en el reemplazo de un \u00f3rgano o tejido da\u00f1ado por otro sano. Actualmente, representa una pr\u00e1ctica mundial que puede prolongar la vida y mejorar su calidad.<\/p>\n<p><strong><em>\u00bfCu\u00e1ntos tipos de donadores existen?<\/em><\/strong><\/p>\n<p>Donador vivo, es aquel que decide donar un \u00f3rgano o parte de alguno, lo cual no compromete continuar con su vida, ejemplo de ello es la donaci\u00f3n de un ri\u00f1\u00f3n, fragmento de h\u00edgado, donaci\u00f3n de sangre o de m\u00e9dula \u00f3sea.<\/p>\n<p>Donador cadav\u00e9rico, son aquellos \u00a0que desarrollan muerte encef\u00e1lica (cerebral), los cuales pueden donar \u00f3rganos y tejidos; y los pacientes de parada cardiaca irreversible que pueden donar tejidos.<\/p>\n<p><strong><em>\u00bfQu\u00e9 es la muerte encef\u00e1lica?<\/em><\/strong><\/p>\n<p>La muerte encef\u00e1lica, llamada tambi\u00e9n \u201cmuerte cerebral\u201d, se define como\u00a0la p\u00e9rdida completa e irreversible de todas las funciones del enc\u00e9falo, estructura que forma parte del sistema nervioso central, que controla todas las funciones de un ser humano, tanto de las que somos conscientes (caminar, hablar, movernos, etc.), como de las que no (respirar, funcionamiento de los \u00f3rganos, etc.). <u>Con la muerte encef\u00e1lica desaparece toda la actividad cerebral<\/u><\/p>\n<p><strong><em>\u00bfQu\u00e9 tejidos se pueden donar?<\/em><\/strong><\/p>\n<p>Los tejidos que se pueden donar en pacientes ya fallecidos son c\u00f3rneas, tejido m\u00fasculo esquel\u00e9tico (\u00f3seo), piel y v\u00e1lvulas cardiacas<\/p>\n<p><strong><em>\u00bfQu\u00e9 \u00f3rganos se pueden donar?<\/em><\/strong><\/p>\n<p>Se puede donar coraz\u00f3n, h\u00edgado, ri\u00f1ones y pulmones.<\/p>\n<p><strong><em>\u00bfQui\u00e9n decide la donaci\u00f3n?<\/em><\/strong><\/p>\n<p>La Ley General de Salud se\u00f1ala que todos los mexicanos somos donadores de \u00f3rganos o tejidos (consentimiento t\u00e1cito), por lo que es necesario comuniques a tus familiares tu deseo de convertirte en donador dando vida despu\u00e9s de la muerte, ya que son ellos quienes deben autorizar el acto.<\/p>\n<p>&nbsp;<\/p>\n<p><strong>Contacto:<\/strong><\/p>\n<p>Direcci\u00f3n: Aldama y Ciudades Hermanas, s\/n, Col., Rosales, Culiac\u00e1n, Sin.<\/p>\n<p>Tel 6672868340 ext 3128<\/p>\n<p>e-mail: unidadtrasplantessinaloa@saludsinaloa.gob.mx<\/p>\n","protected":false},"excerpt":{"rendered":"<p>UNIDAD DE TRASPLANTES &nbsp; MISI\u00d3N Impulsar una cultura de donaci\u00f3n de \u00f3rganos y tejidos con fines de trasplantes en la poblaci\u00f3n sinaloense, as\u00ed como facilitar y regular el proceso, favoreciendo a los pacientes que lo requieran. VISI\u00d3N Ser \u00f3rgano regulador en materia de donaci\u00f3n y trasplante de \u00f3rganos y tejidos en el estado de Sinaloa, [&hellip;]<\/p>\n","protected":false},"author":1,"featured_media":0,"parent":0,"menu_order":0,"comment_status":"closed","ping_status":"closed","template":"templates\/full-width-page.php","meta":{"footnotes":""},"class_list":["post-14613","page","type-page","status-publish","hentry"],"_links":{"self":[{"href":"https:\/\/saludsinaloa.gob.mx\/index.php\/wp-json\/wp\/v2\/pages\/14613","targetHints":{"allow":["GET"]}}],"collection":[{"href":"https:\/\/saludsinaloa.gob.mx\/index.php\/wp-json\/wp\/v2\/pages"}],"about":[{"href":"https:\/\/saludsinaloa.gob.mx\/index.php\/wp-json\/wp\/v2\/types\/page"}],"author":[{"embeddable":true,"href":"https:\/\/saludsinaloa.gob.mx\/index.php\/wp-json\/wp\/v2\/users\/1"}],"replies":[{"embeddable":true,"href":"https:\/\/saludsinaloa.gob.mx\/index.php\/wp-json\/wp\/v2\/comments?post=14613"}],"version-history":[{"count":2,"href":"https:\/\/saludsinaloa.gob.mx\/index.php\/wp-json\/wp\/v2\/pages\/14613\/revisions"}],"predecessor-version":[{"id":14615,"href":"https:\/\/saludsinaloa.gob.mx\/index.php\/wp-json\/wp\/v2\/pages\/14613\/revisions\/14615"}],"wp:attachment":[{"href":"https:\/\/saludsinaloa.gob.mx\/index.php\/wp-json\/wp\/v2\/media?parent=14613"}],"curies":[{"name":"wp","href":"https:\/\/api.w.org\/{rel}","templated":true}]}}