{"id":14607,"date":"2023-07-25T19:59:07","date_gmt":"2023-07-25T19:59:07","guid":{"rendered":"https:\/\/saludsinaloa.gob.mx\/?page_id=14607"},"modified":"2026-04-14T23:57:07","modified_gmt":"2026-04-14T23:57:07","slug":"cuenta-publica-2022","status":"publish","type":"page","link":"https:\/\/saludsinaloa.gob.mx\/index.php\/cuenta-publica-2022\/","title":{"rendered":"Cuenta P\u00fablica 2022"},"content":{"rendered":"<h3><a href=\"https:\/\/saludsinaloa.gob.mx\/index.php\/menu-transparencia-de-gasto-en-salud\/\">Regresar<\/a><\/h3>\n<table style=\"border-collapse: collapse; width: 100%; height: 360px;\">\n<tbody>\n<tr style=\"height: 48px;\">\n<td style=\"width: 25%; height: 48px; text-align: center;\" colspan=\"2\">\n<h4><strong>Estados e Informaci\u00f3n Contable<\/strong><\/h4>\n<\/td>\n<\/tr>\n<tr style=\"height: 24px;\">\n<td style=\"width: 25%; height: 24px;\"><strong>Estado de Actividades<\/strong><\/td>\n<td style=\"width: 25%; height: 24px;\"><a href=\"http:\/\/saludsinaloa.gob.mx\/wp-content\/uploads\/2023\/files\/ESTADO DE ACTIVIDADES.pdf\" target=\"_blank\" rel=\"noopener noreferrer\"><img decoding=\"async\" class=\"aligncenter\" src=\"http:\/\/saludsinaloa.gob.mx\/wp-content\/uploads\/2020\/12\/Imagen-PDF.png\" alt=\"\" width=\"27\" height=\"33\" \/><\/a><\/td>\n<\/tr>\n<tr style=\"height: 48px;\">\n<td style=\"width: 25%; height: 48px;\"><strong>Estado de Situaci\u00f3n Financiera<\/strong><\/td>\n<td style=\"width: 25%; height: 48px;\"><a href=\"http:\/\/saludsinaloa.gob.mx\/wp-content\/uploads\/2023\/files\/ESTADO DE SITUACION FINANCIERA.pdf\" target=\"_blank\" rel=\"noopener noreferrer\"><img decoding=\"async\" class=\"aligncenter\" src=\"http:\/\/saludsinaloa.gob.mx\/wp-content\/uploads\/2020\/12\/Imagen-PDF.png\" alt=\"\" width=\"27\" height=\"33\" \/><\/a><\/td>\n<\/tr>\n<tr style=\"height: 48px;\">\n<td style=\"width: 25%; height: 48px;\"><strong>Estado Anal\u00edtico de la Deuda y Otros Pasivos<\/strong><\/td>\n<td style=\"width: 25%; height: 48px;\"><a href=\"http:\/\/saludsinaloa.gob.mx\/wp-content\/uploads\/2023\/files\/ESTADO ANALITICO A DE LA DEUDA Y OTROS PASIVOS.pdf\" target=\"_blank\" rel=\"noopener noreferrer\"><img decoding=\"async\" class=\"aligncenter\" src=\"http:\/\/saludsinaloa.gob.mx\/wp-content\/uploads\/2020\/12\/Imagen-PDF.png\" alt=\"\" width=\"27\" height=\"33\" \/><\/a><\/td>\n<\/tr>\n<tr style=\"height: 48px;\">\n<td style=\"width: 25%; height: 48px;\"><strong>Estado de Cambios en la Situaci\u00f3n Financiera<\/strong><\/td>\n<td style=\"width: 25%; height: 48px;\"><a href=\"http:\/\/saludsinaloa.gob.mx\/wp-content\/uploads\/2023\/files\/ESTADO DE CAMBIOS EN LA SITUACION FINANCIERA.pdf\" target=\"_blank\" rel=\"noopener noreferrer\"><img decoding=\"async\" class=\"aligncenter\" src=\"http:\/\/saludsinaloa.gob.mx\/wp-content\/uploads\/2020\/12\/Imagen-PDF.png\" alt=\"\" width=\"27\" height=\"33\" \/><\/a><\/td>\n<\/tr>\n<tr style=\"height: 48px;\">\n<td style=\"width: 25%; height: 48px;\"><strong>Nota a los Estados Financieros<\/strong><\/td>\n<td style=\"width: 25%; height: 48px;\"><a href=\"http:\/\/saludsinaloa.gob.mx\/wp-content\/uploads\/2023\/files\/A)NOTAS DE DESGLOSE.pdf\" target=\"_blank\" rel=\"noopener noreferrer\"><img decoding=\"async\" class=\"aligncenter\" src=\"http:\/\/saludsinaloa.gob.mx\/wp-content\/uploads\/2020\/12\/Imagen-PDF.png\" alt=\"\" width=\"27\" height=\"33\" \/><\/a><\/td>\n<\/tr>\n<tr style=\"height: 48px;\">\n<td style=\"width: 25%; height: 48px;\"><strong>Estado de Variaciones en la Hacienda P\u00fablica<\/strong><\/td>\n<td style=\"width: 25%; height: 48px;\"><a href=\"http:\/\/saludsinaloa.gob.mx\/wp-content\/uploads\/2023\/files\/ESTADO DE VARIACION EN LA HACIENDA PUBLICA.pdf\" target=\"_blank\" rel=\"noopener noreferrer\"><img decoding=\"async\" class=\"aligncenter\" src=\"http:\/\/saludsinaloa.gob.mx\/wp-content\/uploads\/2020\/12\/Imagen-PDF.png\" alt=\"\" width=\"27\" height=\"33\" \/><\/a><\/td>\n<\/tr>\n<tr style=\"height: 24px;\">\n<td style=\"width: 25%; height: 24px;\"><strong>Estado de Flujos de Efectivo<\/strong><\/td>\n<td style=\"width: 25%; height: 24px;\"><a href=\"http:\/\/saludsinaloa.gob.mx\/wp-content\/uploads\/2023\/files\/ESTADO DE FLUJOS DE EFECTIVO.pdf\" target=\"_blank\" rel=\"noopener noreferrer\"><img decoding=\"async\" class=\"aligncenter\" src=\"http:\/\/saludsinaloa.gob.mx\/wp-content\/uploads\/2020\/12\/Imagen-PDF.png\" alt=\"\" width=\"27\" height=\"33\" \/><\/a><\/td>\n<\/tr>\n<tr style=\"height: 24px;\">\n<td style=\"width: 25%; height: 24px;\"><strong>Estado Anal\u00edtico del Activo<\/strong><\/td>\n<td style=\"width: 25%; height: 24px;\"><a href=\"http:\/\/saludsinaloa.gob.mx\/wp-content\/uploads\/2023\/files\/ESTADO ANALITICO DEL ACTIVO.pdf\" target=\"_blank\" rel=\"noopener noreferrer\"><img decoding=\"async\" class=\"aligncenter\" src=\"http:\/\/saludsinaloa.gob.mx\/wp-content\/uploads\/2020\/12\/Imagen-PDF.png\" alt=\"\" width=\"27\" height=\"33\" \/><\/a><\/td>\n<\/tr>\n<\/tbody>\n<\/table>\n<table style=\"border-collapse: collapse; width: 100%; height: 240px;\">\n<tbody>\n<tr style=\"height: 24px;\">\n<td style=\"width: 50%; text-align: center; height: 24px;\" colspan=\"2\">\n<h4><strong>Estados e Informes Presupuestarios<\/strong><\/h4>\n<\/td>\n<\/tr>\n<tr style=\"height: 24px;\">\n<td style=\"width: 50%; height: 24px;\"><strong>Estado Anal\u00edtico de Ingresos<\/strong><\/td>\n<td style=\"width: 50%; height: 24px;\"><a href=\"http:\/\/saludsinaloa.gob.mx\/wp-content\/uploads\/2023\/files\/ESTADO ANALITICO DE INGRESOS.pdf\" target=\"_blank\" rel=\"noopener noreferrer\"><img decoding=\"async\" class=\"aligncenter\" src=\"http:\/\/saludsinaloa.gob.mx\/wp-content\/uploads\/2020\/12\/Imagen-PDF.png\" alt=\"\" width=\"27\" height=\"33\" \/><\/a><\/td>\n<\/tr>\n<tr style=\"height: 24px;\">\n<td style=\"width: 50%; height: 24px;\"><strong>Estado Anal\u00edtico de Ingresos por Rubro Tipo Clase Concepto<\/strong><\/td>\n<td style=\"width: 50%; height: 24px;\"><a href=\"http:\/\/saludsinaloa.gob.mx\/wp-content\/uploads\/2023\/files\/EAI RUBRO-TIPO-CLASE-CONCEPTO.pdf\" target=\"_blank\" rel=\"noopener noreferrer\"><img decoding=\"async\" class=\"aligncenter\" src=\"http:\/\/saludsinaloa.gob.mx\/wp-content\/uploads\/2020\/12\/Imagen-PDF.png\" alt=\"\" width=\"27\" height=\"33\" \/><\/a><\/td>\n<\/tr>\n<tr style=\"height: 24px;\">\n<td style=\"width: 50%; height: 24px;\"><strong>Clasificaci\u00f3n Econ\u00f3mica Por Tipo de Gasto<\/strong><\/td>\n<td style=\"width: 50%; height: 24px;\"><a href=\"http:\/\/saludsinaloa.gob.mx\/wp-content\/uploads\/2023\/files\/EAEPE-CLASIFICACION ECONOMICA (TIPO DE GASTO).pdf\" target=\"_blank\" rel=\"noopener noreferrer\"><img decoding=\"async\" class=\"aligncenter\" src=\"http:\/\/saludsinaloa.gob.mx\/wp-content\/uploads\/2020\/12\/Imagen-PDF.png\" alt=\"\" width=\"27\" height=\"33\" \/><\/a><\/td>\n<\/tr>\n<tr style=\"height: 24px;\">\n<td style=\"width: 50%; height: 24px;\"><strong>Clasificaci\u00f3n Administrativa<\/strong><\/td>\n<td style=\"width: 50%; height: 24px;\"><a href=\"http:\/\/saludsinaloa.gob.mx\/wp-content\/uploads\/2023\/files\/EAEPE- CLASIFICACION ADMINISTRATIVA.pdf\" target=\"_blank\" rel=\"noopener noreferrer\"><img decoding=\"async\" class=\"aligncenter\" src=\"http:\/\/saludsinaloa.gob.mx\/wp-content\/uploads\/2020\/12\/Imagen-PDF.png\" alt=\"\" width=\"27\" height=\"33\" \/><\/a><\/td>\n<\/tr>\n<tr style=\"height: 24px;\">\n<td style=\"width: 50%; height: 24px;\"><strong>Clasificaci\u00f3n por Objeto del Gasto Capitulo y Concepto<\/strong><\/td>\n<td style=\"width: 50%; height: 24px;\"><a href=\"http:\/\/saludsinaloa.gob.mx\/wp-content\/uploads\/2023\/files\/EAEPE-CLASIFICACION X OBJETO DEL GTO (CAPITULO Y CONCEPTO).pdf\" target=\"_blank\" rel=\"noopener noreferrer\"><img decoding=\"async\" class=\"aligncenter\" src=\"http:\/\/saludsinaloa.gob.mx\/wp-content\/uploads\/2020\/12\/Imagen-PDF.png\" alt=\"\" width=\"27\" height=\"33\" \/><\/a><\/td>\n<\/tr>\n<tr style=\"height: 24px;\">\n<td style=\"width: 50%; height: 24px;\"><strong>Clasificaci\u00f3n Funcional Finalidad y Funci\u00f3n<\/strong><\/td>\n<td style=\"width: 50%; height: 24px;\"><a href=\"http:\/\/saludsinaloa.gob.mx\/wp-content\/uploads\/2023\/files\/EAEPE-CLASIFICACION FUNCIONAL(FINALIDAD Y FUNCION).pdf\" target=\"_blank\" rel=\"noopener noreferrer\"><img decoding=\"async\" class=\"aligncenter\" src=\"http:\/\/saludsinaloa.gob.mx\/wp-content\/uploads\/2020\/12\/Imagen-PDF.png\" alt=\"\" width=\"27\" height=\"33\" \/><\/a><\/td>\n<\/tr>\n<tr style=\"height: 24px;\">\n<td style=\"width: 50%; height: 24px;\"><strong>Endeudamiento Neto<\/strong><\/td>\n<td style=\"width: 50%; height: 24px;\"><a href=\"http:\/\/saludsinaloa.gob.mx\/wp-content\/uploads\/2023\/files\/ENDEUDAMIENTO NETO.pdf\" target=\"_blank\" rel=\"noopener noreferrer\"><img decoding=\"async\" class=\"aligncenter\" src=\"http:\/\/saludsinaloa.gob.mx\/wp-content\/uploads\/2020\/12\/Imagen-PDF.png\" alt=\"\" width=\"27\" height=\"33\" \/><\/a><\/td>\n<\/tr>\n<tr style=\"height: 24px;\">\n<td style=\"width: 50%; height: 24px;\"><strong>Intereses de la Deuda<\/strong><\/td>\n<td style=\"width: 50%; height: 24px;\"><a href=\"http:\/\/saludsinaloa.gob.mx\/wp-content\/uploads\/2023\/files\/INTERESES DE LA DEUDA.pdf\" target=\"_blank\" rel=\"noopener noreferrer\"><img decoding=\"async\" class=\"aligncenter\" src=\"http:\/\/saludsinaloa.gob.mx\/wp-content\/uploads\/2020\/12\/Imagen-PDF.png\" alt=\"\" width=\"27\" height=\"33\" \/><\/a><\/td>\n<\/tr>\n<tr style=\"height: 24px;\">\n<td style=\"width: 50%; height: 24px;\"><strong>Flujo de Fondos<\/strong><\/td>\n<td style=\"width: 50%; height: 24px;\"><a href=\"http:\/\/saludsinaloa.gob.mx\/wp-content\/uploads\/2023\/files\/ESTADO DE FLUJOS DE EFECTIVO2.pdf\" target=\"_blank\" rel=\"noopener noreferrer\"><img decoding=\"async\" class=\"aligncenter\" src=\"http:\/\/saludsinaloa.gob.mx\/wp-content\/uploads\/2020\/12\/Imagen-PDF.png\" alt=\"\" width=\"27\" height=\"33\" \/><\/a><\/td>\n<\/tr>\n<\/tbody>\n<\/table>\n<table style=\"border-collapse: collapse; width: 100%; height: 198px;\">\n<tbody>\n<tr style=\"height: 66px;\">\n<td style=\"width: 50%; height: 66px;\" colspan=\"2\">\n<h4 style=\"text-align: center;\"><strong>Estados e Informes Program\u00e1ticos\u00a0<\/strong><\/h4>\n<\/td>\n<\/tr>\n<tr style=\"height: 33px;\">\n<td style=\"width: 50%; height: 33px;\"><strong>Gasto por Categor\u00eda Program\u00e1tica<\/strong><\/td>\n<td style=\"width: 50%; height: 33px;\"><a href=\"http:\/\/saludsinaloa.gob.mx\/wp-content\/uploads\/2023\/files\/GASTO POR CATEGORIA PROGRAMATICA.pdf\" target=\"_blank\" rel=\"noopener noreferrer\"><img decoding=\"async\" class=\"aligncenter\" src=\"http:\/\/saludsinaloa.gob.mx\/wp-content\/uploads\/2020\/12\/Imagen-PDF.png\" alt=\"\" width=\"27\" height=\"33\" \/><\/a><\/td>\n<\/tr>\n<tr style=\"height: 33px;\">\n<td style=\"width: 50%; height: 33px;\"><strong>Programas y Proyectos de Inversi\u00f3n<\/strong><\/td>\n<td style=\"width: 50%; height: 33px;\"><a href=\"http:\/\/saludsinaloa.gob.mx\/wp-content\/uploads\/2023\/files\/PROGRAMAS Y PROYECTOS DE INVERSION2.pdf\" target=\"_blank\" rel=\"noopener noreferrer\"><img decoding=\"async\" class=\"aligncenter\" src=\"http:\/\/saludsinaloa.gob.mx\/wp-content\/uploads\/2020\/12\/Imagen-PDF.png\" alt=\"\" width=\"27\" height=\"33\" \/><\/a><\/td>\n<\/tr>\n<tr style=\"height: 33px;\">\n<td style=\"width: 50%; height: 33px;\"><strong>Indicadores de Resultados Programa Presupuestario<\/strong><\/td>\n<td style=\"width: 50%; height: 33px;\"><a href=\"http:\/\/saludsinaloa.gob.mx\/wp-content\/uploads\/2023\/files\/INDICADORES DE RESULTADOS POR PROGRAMA PRESUP.pdf\" target=\"_blank\" rel=\"noopener noreferrer\"><img decoding=\"async\" class=\"aligncenter\" src=\"http:\/\/saludsinaloa.gob.mx\/wp-content\/uploads\/2020\/12\/Imagen-PDF.png\" alt=\"\" width=\"27\" height=\"33\" \/><\/a><\/td>\n<\/tr>\n<tr style=\"height: 33px;\">\n<td style=\"width: 50%; height: 33px;\"><strong>Indicadores de Postura Fiscal<\/strong><\/td>\n<td style=\"width: 50%; height: 33px;\"><a href=\"http:\/\/saludsinaloa.gob.mx\/wp-content\/uploads\/2023\/files\/INDICADORES DE POSTURA FISCAL.pdf\" target=\"_blank\" rel=\"noopener noreferrer\"><img decoding=\"async\" class=\"aligncenter\" src=\"http:\/\/saludsinaloa.gob.mx\/wp-content\/uploads\/2020\/12\/Imagen-PDF.png\" alt=\"\" width=\"27\" height=\"33\" \/><\/a><\/td>\n<\/tr>\n<\/tbody>\n<\/table>\n<table style=\"border-collapse: collapse; width: 100%;\">\n<tbody>\n<tr>\n<td style=\"width: 50%;\" colspan=\"2\">\n<h4 style=\"text-align: center;\"><strong>Informaci\u00f3n Adicional (Anexos)<\/strong><\/h4>\n<\/td>\n<\/tr>\n<tr>\n<td style=\"width: 50%;\"><strong>Relaci\u00f3n de Bienes Intangibles al 31 de Dic 2022<\/strong><\/td>\n<td style=\"width: 50%;\"><a href=\"http:\/\/saludsinaloa.gob.mx\/wp-content\/uploads\/2023\/files\/ACTIVOS INTANGIBLES2.pdf\" target=\"_blank\" rel=\"noopener noreferrer\"><img decoding=\"async\" class=\"aligncenter\" src=\"http:\/\/saludsinaloa.gob.mx\/wp-content\/uploads\/2020\/12\/Imagen-PDF.png\" alt=\"\" width=\"27\" height=\"33\" \/><\/a><\/td>\n<\/tr>\n<tr>\n<td style=\"width: 50%;\"><strong>Relaci\u00f3n de Bienes Muebles al 31 de Dic 2022<\/strong><\/td>\n<td style=\"width: 50%;\"><a href=\"http:\/\/saludsinaloa.gob.mx\/wp-content\/uploads\/2023\/files\/BIENES MUEBLES 4T22.pdf\" target=\"_blank\" rel=\"noopener noreferrer\"><img decoding=\"async\" class=\"aligncenter\" src=\"http:\/\/saludsinaloa.gob.mx\/wp-content\/uploads\/2020\/12\/Imagen-PDF.png\" alt=\"\" width=\"27\" height=\"33\" \/><\/a><\/td>\n<\/tr>\n<tr>\n<td style=\"width: 50%;\"><strong>Relaci\u00f3n de Bienes Inmuebles que componen el Patrimonio<\/strong><\/td>\n<td style=\"width: 50%;\"><a href=\"http:\/\/saludsinaloa.gob.mx\/wp-content\/uploads\/2023\/files\/RELACION DE BIENES INMUEBLES2.pdf\" target=\"_blank\" rel=\"noopener noreferrer\"><img decoding=\"async\" class=\"aligncenter\" src=\"http:\/\/saludsinaloa.gob.mx\/wp-content\/uploads\/2020\/12\/Imagen-PDF.png\" alt=\"\" width=\"27\" height=\"33\" \/><\/a><\/td>\n<\/tr>\n<tr>\n<td style=\"width: 50%;\"><strong>Relaci\u00f3n de Esquemas Bursatiles y Coberturas Financieras<\/strong><\/td>\n<td style=\"width: 50%;\"><a href=\"http:\/\/saludsinaloa.gob.mx\/wp-content\/uploads\/2023\/files\/RELACION DE ESQUEMAS BURSATILES -NA.pdf\" target=\"_blank\" rel=\"noopener noreferrer\"><img decoding=\"async\" class=\"aligncenter\" src=\"http:\/\/saludsinaloa.gob.mx\/wp-content\/uploads\/2020\/12\/Imagen-PDF.png\" alt=\"\" width=\"27\" height=\"33\" \/><\/a><\/td>\n<\/tr>\n<\/tbody>\n<\/table>\n","protected":false},"excerpt":{"rendered":"<p>Regresar Estados e Informaci\u00f3n Contable Estado de Actividades Estado de Situaci\u00f3n Financiera Estado Anal\u00edtico de la Deuda y Otros Pasivos Estado de Cambios en la Situaci\u00f3n Financiera Nota a los Estados Financieros Estado de Variaciones en la Hacienda P\u00fablica Estado de Flujos de Efectivo Estado Anal\u00edtico del Activo Estados e Informes Presupuestarios Estado Anal\u00edtico de [&hellip;]<\/p>\n","protected":false},"author":1,"featured_media":0,"parent":0,"menu_order":0,"comment_status":"closed","ping_status":"closed","template":"templates\/full-width-page.php","meta":{"footnotes":""},"class_list":["post-14607","page","type-page","status-publish","hentry"],"_links":{"self":[{"href":"https:\/\/saludsinaloa.gob.mx\/index.php\/wp-json\/wp\/v2\/pages\/14607","targetHints":{"allow":["GET"]}}],"collection":[{"href":"https:\/\/saludsinaloa.gob.mx\/index.php\/wp-json\/wp\/v2\/pages"}],"about":[{"href":"https:\/\/saludsinaloa.gob.mx\/index.php\/wp-json\/wp\/v2\/types\/page"}],"author":[{"embeddable":true,"href":"https:\/\/saludsinaloa.gob.mx\/index.php\/wp-json\/wp\/v2\/users\/1"}],"replies":[{"embeddable":true,"href":"https:\/\/saludsinaloa.gob.mx\/index.php\/wp-json\/wp\/v2\/comments?post=14607"}],"version-history":[{"count":2,"href":"https:\/\/saludsinaloa.gob.mx\/index.php\/wp-json\/wp\/v2\/pages\/14607\/revisions"}],"predecessor-version":[{"id":25022,"href":"https:\/\/saludsinaloa.gob.mx\/index.php\/wp-json\/wp\/v2\/pages\/14607\/revisions\/25022"}],"wp:attachment":[{"href":"https:\/\/saludsinaloa.gob.mx\/index.php\/wp-json\/wp\/v2\/media?parent=14607"}],"curies":[{"name":"wp","href":"https:\/\/api.w.org\/{rel}","templated":true}]}}