{"id":14374,"date":"2023-02-23T19:25:33","date_gmt":"2023-02-23T19:25:33","guid":{"rendered":"http:\/\/saludsinaloa.gob.mx\/?page_id=14374"},"modified":"2026-02-12T16:10:51","modified_gmt":"2026-02-12T16:10:51","slug":"seed-subsistema-estadistico-epidemiologico-de-defunciones-por-causas-sujetos-a-vigilancia-epidemiologica","status":"publish","type":"page","link":"https:\/\/saludsinaloa.gob.mx\/index.php\/seed-subsistema-estadistico-epidemiologico-de-defunciones-por-causas-sujetos-a-vigilancia-epidemiologica\/","title":{"rendered":"SEED (Subsistema Estadistico Epidemiologico de Defunciones por Causas Sujetos a Vigilancia Epidemiologica"},"content":{"rendered":"<h3 class=\"widget-title\">BOLET\u00cdN 4TO. TRIMESTRE 2025<\/h3>\n<ul>\n<li><a href=\"http:\/\/saludsinaloa.gob.mx\/wp-content\/uploads\/2017\/boletines\/boletin-SEED\/2025\/REDVE 4TO TRIMESTRE 2025.pdf\" target=\"_blank\" rel=\"noopener noreferrer\">BOLET\u00cdN EPIDEMIOL\u00d3GICO DE LAS DEFUNCIONES SUJETAS A VIGILANCIA EPIDEMIOL\u00d3GICA 2025<\/a><\/li>\n<\/ul>\n<h3 class=\"widget-title\">BOLET\u00cdN 3ER. TRIMESTRE 2025<\/h3>\n<ul>\n<li><a href=\"http:\/\/saludsinaloa.gob.mx\/wp-content\/uploads\/2017\/boletines\/boletin-SEED\/2025\/REDVE 3ER TRIMESTRE 2025.pdf\" target=\"_blank\" rel=\"noopener noreferrer\">BOLET\u00cdN EPIDEMIOL\u00d3GICO DE LAS DEFUNCIONES SUJETAS A VIGILANCIA EPIDEMIOL\u00d3GICA 2025<\/a><\/li>\n<\/ul>\n<h3 class=\"widget-title\">BOLET\u00cdN 2DO. TRIMESTRE 2025<\/h3>\n<ul>\n<li><a href=\"http:\/\/saludsinaloa.gob.mx\/wp-content\/uploads\/2017\/boletines\/boletin-SEED\/2025\/REDVE 2NDO TRIMESTRE 2025.pdf\" target=\"_blank\" rel=\"noopener noreferrer\">BOLET\u00cdN EPIDEMIOL\u00d3GICO DE LAS DEFUNCIONES SUJETAS A VIGILANCIA EPIDEMIOL\u00d3GICA 2025<\/a><\/li>\n<\/ul>\n<h3 class=\"widget-title\">BOLET\u00cdN 1ER. TRIMESTRE 2025<\/h3>\n<ul>\n<li><a href=\"http:\/\/saludsinaloa.gob.mx\/wp-content\/uploads\/2017\/boletines\/boletin-SEED\/2025\/REDVE 1ER TRIMESTRE 2025.pdf\" target=\"_blank\" rel=\"noopener noreferrer\">BOLET\u00cdN EPIDEMIOL\u00d3GICO DE LAS DEFUNCIONES SUJETAS A VIGILANCIA EPIDEMIOL\u00d3GICA 2025<\/a><\/li>\n<\/ul>\n<h3><\/h3>\n<p>Fuente: Departamento de Vigilancia Epidemiol\u00f3gica a Diciembre de 2025<br \/>\nElabor\u00f3: Departamento de Vigilancia Epidemiol\u00f3gica \u2013 SERVICIOS DE SALUD DE SINALOA.<\/p>\n<h3 class=\"widget-title\">BOLET\u00cdN 4TO. TRIMESTRE 2024<\/h3>\n<ul>\n<li><a href=\"http:\/\/saludsinaloa.gob.mx\/wp-content\/uploads\/2017\/boletines\/boletin-SEED\/2024\/REDVE 4TO TRIMESTRE 2024.pdf\" target=\"_blank\" rel=\"noopener noreferrer\">BOLET\u00cdN EPIDEMIOL\u00d3GICO DE LAS DEFUNCIONES SUJETAS A VIGILANCIA EPIDEMIOL\u00d3GICA 2024<\/a><\/li>\n<\/ul>\n<h3 class=\"widget-title\">BOLET\u00cdN 3ER. TRIMESTRE 2024<\/h3>\n<ul>\n<li><a href=\"http:\/\/saludsinaloa.gob.mx\/wp-content\/uploads\/2017\/boletines\/boletin-SEED\/2024\/REDVE 3ER TRIMESTRE 2024.pdf\" target=\"_blank\" rel=\"noopener noreferrer\">BOLET\u00cdN EPIDEMIOL\u00d3GICO DE LAS DEFUNCIONES SUJETAS A VIGILANCIA EPIDEMIOL\u00d3GICA 2024<\/a><\/li>\n<\/ul>\n<h3 class=\"widget-title\">BOLET\u00cdN 2DO. TRIMESTRE 2024<\/h3>\n<ul>\n<li><a href=\"http:\/\/saludsinaloa.gob.mx\/wp-content\/uploads\/2017\/boletines\/boletin-SEED\/2024\/REDVE 2NDO TRIMESTRE 2024.pdf\" target=\"_blank\" rel=\"noopener noreferrer\">BOLET\u00cdN EPIDEMIOL\u00d3GICO DE LAS DEFUNCIONES SUJETAS A VIGILANCIA EPIDEMIOL\u00d3GICA 2024<\/a><\/li>\n<\/ul>\n<h3 class=\"widget-title\">BOLET\u00cdN 1ER. TRIMESTRE 2024<\/h3>\n<ul>\n<li><a href=\"http:\/\/saludsinaloa.gob.mx\/wp-content\/uploads\/2017\/boletines\/boletin-SEED\/2024\/REDVE 1ER TRIMESTRE 2024.pdf\" target=\"_blank\" rel=\"noopener noreferrer\">BOLET\u00cdN EPIDEMIOL\u00d3GICO DE LAS DEFUNCIONES SUJETAS A VIGILANCIA EPIDEMIOL\u00d3GICA 2024<\/a><\/li>\n<\/ul>\n<h3><\/h3>\n<p>Fuente: Departamento de Vigilancia Epidemiol\u00f3gica a Diciembre de 2024<br \/>\nElabor\u00f3: Departamento de Vigilancia Epidemiol\u00f3gica \u2013 SERVICIOS DE SALUD DE SINALOA.<\/p>\n<p>&nbsp;<\/p>\n<h3 class=\"widget-title\">BOLET\u00cdN 4TO. TRIMESTRE 2023<\/h3>\n<ul>\n<li><a href=\"http:\/\/saludsinaloa.gob.mx\/wp-content\/uploads\/2017\/boletines\/boletin-SEED\/2023\/Bolet\u00edn REDVE VALIDADO ESTATAL 4 trimestre 2023.pdf\" target=\"_blank\" rel=\"noopener noreferrer\">BOLET\u00cdN EPIDEMIOL\u00d3GICO DE LAS DEFUNCIONES SUJETAS A VIGILANCIA EPIDEMIOL\u00d3GICA 2023<\/a><\/li>\n<\/ul>\n<h3 class=\"widget-title\">BOLET\u00cdN 3ER. TRIMESTRE 2023<\/h3>\n<ul>\n<li><a href=\"http:\/\/saludsinaloa.gob.mx\/wp-content\/uploads\/2017\/boletines\/boletin-SEED\/2023\/Bolet\u00edn REDVE VALIDADO ESTATAL 3 trimestre 2023.pdf\" target=\"_blank\" rel=\"noopener noreferrer\">BOLET\u00cdN EPIDEMIOL\u00d3GICO DE LAS DEFUNCIONES SUJETAS A VIGILANCIA EPIDEMIOL\u00d3GICA 2023<\/a><\/li>\n<\/ul>\n<h3 class=\"widget-title\">BOLET\u00cdN 2DO. TRIMESTRE 2023<\/h3>\n<ul>\n<li><a href=\"http:\/\/saludsinaloa.gob.mx\/wp-content\/uploads\/2017\/boletines\/boletin-SEED\/2023\/Bolet\u00edn REDVE VALIDADO ESTATAL 2 trimestre 2023.pdf\" target=\"_blank\" rel=\"noopener noreferrer\">BOLET\u00cdN EPIDEMIOL\u00d3GICO DE LAS DEFUNCIONES SUJETAS A VIGILANCIA EPIDEMIOL\u00d3GICA 2023<\/a><\/li>\n<\/ul>\n<h3 class=\"widget-title\">BOLET\u00cdN 1ER. TRIMESTRE 2023<\/h3>\n<ul>\n<li><a href=\"http:\/\/saludsinaloa.gob.mx\/wp-content\/uploads\/2017\/boletines\/boletin-SEED\/2023\/Bolet\u00edn REDVE VALIDADO ESTATAL 1 trimestre 2023.pdf\" target=\"_blank\" rel=\"noopener noreferrer\">BOLET\u00cdN EPIDEMIOL\u00d3GICO DE LAS DEFUNCIONES SUJETAS A VIGILANCIA EPIDEMIOL\u00d3GICA 2023<\/a><\/li>\n<\/ul>\n<p>&nbsp;<\/p>\n<p>Fuente: Departamento de Vigilancia Epidemiol\u00f3gica a Diciembre de 2023<br \/>\nElabor\u00f3: Departamento de Vigilancia Epidemiol\u00f3gica \u2013 SERVICIOS DE SALUD DE SINALOA.<\/p>\n<p>&nbsp;<\/p>\n<h3 class=\"widget-title\">BOLET\u00cdN 4TO. TRIMESTRE 2022<\/h3>\n<ul>\n<li><a href=\"http:\/\/saludsinaloa.gob.mx\/wp-content\/uploads\/2017\/boletines\/boletin-SEED\/BOLETIN REDVE SINALOA 4 trimestre 2022.pdf\" target=\"_blank\" rel=\"noopener noreferrer\">BOLET\u00cdN EPIDEMIOL\u00d3GICO DE LAS DEFUNCIONES SUJETAS A VIGILANCIA EPIDEMIOL\u00d3GICA 2022<br \/>\n<\/a><\/li>\n<\/ul>\n<h3 class=\"widget-title\">BOLET\u00cdN 3ER. TRIMESTRE 2022<\/h3>\n<ul>\n<li><a href=\"http:\/\/saludsinaloa.gob.mx\/wp-content\/uploads\/2017\/boletines\/boletin-SEED\/BOLETIN REDVE SINALOA 3 trimestre 2022.pdf\" target=\"_blank\" rel=\"noopener noreferrer\">BOLET\u00cdN EPIDEMIOL\u00d3GICO DE LAS DEFUNCIONES SUJETAS A VIGILANCIA EPIDEMIOL\u00d3GICA 2022<br \/>\n<\/a><\/li>\n<\/ul>\n<h3 class=\"widget-title\">BOLET\u00cdN 2DO. TRIMESTRE 2022<\/h3>\n<ul>\n<li><a href=\"http:\/\/saludsinaloa.gob.mx\/wp-content\/uploads\/2017\/boletines\/boletin-SEED\/BOLETIN REDVE SINALOA 2 trimestre 2022.pdf\" target=\"_blank\" rel=\"noopener noreferrer\">BOLET\u00cdN EPIDEMIOL\u00d3GICO DE LAS DEFUNCIONES SUJETAS A VIGILANCIA EPIDEMIOL\u00d3GICA 2022<br \/>\n<\/a><\/li>\n<\/ul>\n<h3 class=\"widget-title\">BOLET\u00cdN 1ER. TRIMESTRE 2022<\/h3>\n<ul>\n<li><a href=\"http:\/\/saludsinaloa.gob.mx\/wp-content\/uploads\/2017\/boletines\/boletin-SEED\/BOLETIN REDVE SINALOA 1 trimestre 2022.pdf\" target=\"_blank\" rel=\"noopener noreferrer\">BOLET\u00cdN EPIDEMIOL\u00d3GICO DE LAS DEFUNCIONES SUJETAS A VIGILANCIA EPIDEMIOL\u00d3GICA 2022<br \/>\n<\/a><\/li>\n<\/ul>\n<p>&nbsp;<\/p>\n<p>&nbsp;<\/p>\n<p>Fuente: Departamento de Vigilancia Epidemiol\u00f3gica a Diciembre de 2022<br \/>\nElabor\u00f3: Departamento de Vigilancia Epidemiol\u00f3gica \u2013 SERVICIOS DE SALUD DE SINALOA.<\/p>\n","protected":false},"excerpt":{"rendered":"<p>BOLET\u00cdN 4TO. TRIMESTRE 2025 BOLET\u00cdN EPIDEMIOL\u00d3GICO DE LAS DEFUNCIONES SUJETAS A VIGILANCIA EPIDEMIOL\u00d3GICA 2025 BOLET\u00cdN 3ER. TRIMESTRE 2025 BOLET\u00cdN EPIDEMIOL\u00d3GICO DE LAS DEFUNCIONES SUJETAS A VIGILANCIA EPIDEMIOL\u00d3GICA 2025 BOLET\u00cdN 2DO. TRIMESTRE 2025 BOLET\u00cdN EPIDEMIOL\u00d3GICO DE LAS DEFUNCIONES SUJETAS A VIGILANCIA EPIDEMIOL\u00d3GICA 2025 BOLET\u00cdN 1ER. TRIMESTRE 2025 BOLET\u00cdN EPIDEMIOL\u00d3GICO DE LAS DEFUNCIONES SUJETAS A VIGILANCIA EPIDEMIOL\u00d3GICA [&hellip;]<\/p>\n","protected":false},"author":1,"featured_media":0,"parent":0,"menu_order":0,"comment_status":"closed","ping_status":"closed","template":"templates\/full-width-page.php","meta":{"footnotes":""},"class_list":["post-14374","page","type-page","status-publish","hentry"],"_links":{"self":[{"href":"https:\/\/saludsinaloa.gob.mx\/index.php\/wp-json\/wp\/v2\/pages\/14374","targetHints":{"allow":["GET"]}}],"collection":[{"href":"https:\/\/saludsinaloa.gob.mx\/index.php\/wp-json\/wp\/v2\/pages"}],"about":[{"href":"https:\/\/saludsinaloa.gob.mx\/index.php\/wp-json\/wp\/v2\/types\/page"}],"author":[{"embeddable":true,"href":"https:\/\/saludsinaloa.gob.mx\/index.php\/wp-json\/wp\/v2\/users\/1"}],"replies":[{"embeddable":true,"href":"https:\/\/saludsinaloa.gob.mx\/index.php\/wp-json\/wp\/v2\/comments?post=14374"}],"version-history":[{"count":15,"href":"https:\/\/saludsinaloa.gob.mx\/index.php\/wp-json\/wp\/v2\/pages\/14374\/revisions"}],"predecessor-version":[{"id":22601,"href":"https:\/\/saludsinaloa.gob.mx\/index.php\/wp-json\/wp\/v2\/pages\/14374\/revisions\/22601"}],"wp:attachment":[{"href":"https:\/\/saludsinaloa.gob.mx\/index.php\/wp-json\/wp\/v2\/media?parent=14374"}],"curies":[{"name":"wp","href":"https:\/\/api.w.org\/{rel}","templated":true}]}}