{"id":13663,"date":"2022-07-19T19:08:47","date_gmt":"2022-07-19T19:08:47","guid":{"rendered":"http:\/\/saludsinaloa.gob.mx\/?page_id=13663"},"modified":"2025-03-14T19:41:33","modified_gmt":"2025-03-14T19:41:33","slug":"programa-seguridad-vial-prevencion-accidentes","status":"publish","type":"page","link":"https:\/\/saludsinaloa.gob.mx\/index.php\/programa-seguridad-vial-prevencion-accidentes\/","title":{"rendered":"Programa de Prevenci\u00f3n de Accidentes, Lesiones y Seguridad Vial"},"content":{"rendered":"<p><strong>Objetivo:<\/strong><\/p>\n<ul>\n<li>Promover y coordinar acciones inter e intrasectoriales en materia de prevenci\u00f3n y atenci\u00f3n de<br \/>\nlesiones accidentales, con base en evidencia cient\u00edfica, para contribuir a la reducci\u00f3n de muertes,<br \/>\nlesiones y discapacidades.<br \/>\n<strong>Descripci\u00f3n:<\/strong><\/li>\n<li>Las tareas est\u00e1n dirigidas a promover acciones de prevenci\u00f3n de lesiones accidentales y de seguridad<br \/>\nvial, promoviendo el uso del cintur\u00f3n de seguridad, sistemas de retenci\u00f3n infantil, casco en<br \/>\nmotociclistas, proteger al peat\u00f3n, no usar el celular mientras se conduce, manejar a velocidad<br \/>\nmoderada y evitar conducir bajo los efectos del alcohol. As\u00ed como la prevenci\u00f3n de ca\u00eddas, asfixias,<br \/>\nenvenenamientos e intoxicaciones, quemaduras y ahogamientos. Enfocado a los grupos m\u00e1s<br \/>\nvulnerables como son las ni\u00f1as y ni\u00f1os, adolescentes y adultos mayores. Para ello se cuenta con<br \/>\npromotores de prevenci\u00f3n de accidentes, as\u00ed como el apoyo de diversas instituciones, municipales,<br \/>\nestatales y federales. Tambi\u00e9n se capacita a personal de instituciones p\u00fablicas y poblaci\u00f3n en general<br \/>\nen la atenci\u00f3n inmediata de urgencias m\u00e9dicas en talleres para formar \u201cPrimeros respondientes\u201d, con<br \/>\nel fin de saber qu\u00e9 hacer en caso de siniestros o accidentes s\u00fabitos.<br \/>\n<strong>Bienes y servicios que entrega el programa:<\/strong><br \/>\n\u2022 Municipios que aplican pruebas de alcoholimetr\u00eda.<br \/>\n\u2022 Medici\u00f3n de factores de riesgo vial y lesiones accidentales.<\/li>\n<li>\u00a0Folletos alusivos a la prevenci\u00f3n de accidentes (uso de cintur\u00f3n, sistema retenci\u00f3n infantil,<br \/>\ncasco, conducir bajo efectos del alcohol, velocidad, peat\u00f3n y distractores).<\/li>\n<li>\u00a0Campa\u00f1as y operativos de prevenci\u00f3n de accidentes de vialidad en el \u00e1mbito estatal en<br \/>\ncoordinaci\u00f3n con jurisdicciones.<br \/>\n\u2022 Cursos de \u201cPrimeros respondientes\u201d.<br \/>\n\u2022 Cursos de formadores en la prevenci\u00f3n de Factores de Riesgo para las lesiones accidentales y<br \/>\nseguridad vial.<br \/>\n\u2022 Pl\u00e1ticas de sensibilizaci\u00f3n en grupos vulnerables.<br \/>\n<strong>Cobertura:<\/strong><\/li>\n<li>Todos los municipios del Estado de Sinaloa.<br \/>\n<strong>Beneficiarios:<\/strong><br \/>\nPoblaci\u00f3n en general, con prioridad en ni\u00f1as y ni\u00f1os, en j\u00f3venes de 15 a 29 a\u00f1os y adultos mayores.<br \/>\n<strong>Requisitos del beneficiario:<\/strong><\/li>\n<li>Realizar la solicitud ante la instancia correspondiente.<br \/>\n<strong>Procedimiento para acceder a los bienes y\/o servicios del programa:<\/strong><\/li>\n<li>La solicitud es procesada en base en agenda, acorde a tiempos de disposici\u00f3n.<\/li>\n<\/ul>\n<p><strong>Datos del contacto y responsable del programa:<\/strong><br \/>\nIng. Adriana Armenta Lindoro.<br \/>\nCoordinador Estatal de Seguridad Vial y Prevenci\u00f3n de Accidentes.<br \/>\nDirecci\u00f3n de Prevenci\u00f3n y Promoci\u00f3n de la Salud.<br \/>\n<strong>Horario de atenci\u00f3n:<\/strong><br \/>\nDe lunes a viernes de 8:00 a 15:00 horas.<br \/>\n<strong>Medios de contacto:<\/strong><br \/>\nTel\u00e9fono: 667 758 7000 ext. 40440<br \/>\nCorreo oficial: <a href=\"mailto:seguridad.vial@saludsinaloa.gob.mx\">seguridad.vial@saludsinaloa.gob.mx<\/a><br \/>\n<strong>Domicilio:<\/strong><br \/>\nBoulevard Alfonso Zaragoza Maytorena #2204, Edificio B, tercer piso, Fraccionamiento Bonanza,<br \/>\nC\u00f3digo Postal 80020, Culiac\u00e1n, Sinaloa, M\u00e9xico.<\/p>\n<p>&nbsp;<\/p>\n","protected":false},"excerpt":{"rendered":"<p>Objetivo: Promover y coordinar acciones inter e intrasectoriales en materia de prevenci\u00f3n y atenci\u00f3n de lesiones accidentales, con base en evidencia cient\u00edfica, para contribuir a la reducci\u00f3n de muertes, lesiones y discapacidades. Descripci\u00f3n: Las tareas est\u00e1n dirigidas a promover acciones de prevenci\u00f3n de lesiones accidentales y de seguridad vial, promoviendo el uso del cintur\u00f3n de [&hellip;]<\/p>\n","protected":false},"author":1,"featured_media":0,"parent":0,"menu_order":0,"comment_status":"closed","ping_status":"closed","template":"templates\/full-width-page.php","meta":{"footnotes":""},"class_list":["post-13663","page","type-page","status-publish","hentry"],"_links":{"self":[{"href":"https:\/\/saludsinaloa.gob.mx\/index.php\/wp-json\/wp\/v2\/pages\/13663","targetHints":{"allow":["GET"]}}],"collection":[{"href":"https:\/\/saludsinaloa.gob.mx\/index.php\/wp-json\/wp\/v2\/pages"}],"about":[{"href":"https:\/\/saludsinaloa.gob.mx\/index.php\/wp-json\/wp\/v2\/types\/page"}],"author":[{"embeddable":true,"href":"https:\/\/saludsinaloa.gob.mx\/index.php\/wp-json\/wp\/v2\/users\/1"}],"replies":[{"embeddable":true,"href":"https:\/\/saludsinaloa.gob.mx\/index.php\/wp-json\/wp\/v2\/comments?post=13663"}],"version-history":[{"count":5,"href":"https:\/\/saludsinaloa.gob.mx\/index.php\/wp-json\/wp\/v2\/pages\/13663\/revisions"}],"predecessor-version":[{"id":19791,"href":"https:\/\/saludsinaloa.gob.mx\/index.php\/wp-json\/wp\/v2\/pages\/13663\/revisions\/19791"}],"wp:attachment":[{"href":"https:\/\/saludsinaloa.gob.mx\/index.php\/wp-json\/wp\/v2\/media?parent=13663"}],"curies":[{"name":"wp","href":"https:\/\/api.w.org\/{rel}","templated":true}]}}