{"id":12881,"date":"2021-12-15T05:34:50","date_gmt":"2021-12-15T05:34:50","guid":{"rendered":"http:\/\/saludsinaloa.gob.mx\/?page_id=12881"},"modified":"2021-12-15T17:45:57","modified_gmt":"2021-12-15T17:45:57","slug":"programas-y-proyectos-especiales-para-la-reactivacion-economica-covid-19","status":"publish","type":"page","link":"https:\/\/saludsinaloa.gob.mx\/index.php\/programas-y-proyectos-especiales-para-la-reactivacion-economica-covid-19\/","title":{"rendered":"Programas y proyectos especiales para la reactivaci\u00f3n econ\u00f3mica COVID-19"},"content":{"rendered":"<p>&nbsp;<\/p>\n<table style=\"border-collapse: collapse; width: 100%;\">\n<tbody>\n<tr>\n<td style=\"width: 24.9697%; text-align: center;\" width=\"175\"><strong>NOMBRE<\/strong><\/td>\n<td style=\"width: 24.9697%; text-align: center;\" width=\"126\"><strong>CANTIDAD<\/strong><\/td>\n<td style=\"width: 24.9697%; text-align: center;\" width=\"215\"><strong>BENEFICIARIOS<\/strong><\/td>\n<td style=\"width: 12.4848%; text-align: center;\" width=\"156\"><strong>DESTINO DE RECURSOS<\/strong><\/td>\n<td style=\"width: 12.4848%; text-align: center;\"><strong>INFORMACI\u00d3N DEL PROGRAMA<\/strong><\/td>\n<\/tr>\n<tr>\n<td style=\"width: 24.9697%;\" width=\"175\">Reactivaci\u00f3n econ\u00f3mica de MiPymes sinaloenses<\/td>\n<td style=\"width: 24.9697%; text-align: center;\">$1,800,000.00<\/td>\n<td style=\"width: 24.9697%;\" width=\"215\">Todas las empresas formalmente establecidas que operan en el estado de Sinaloa y que est\u00e1n en cumplimiento de los protocolos de la nueva normalidad.<\/td>\n<td style=\"width: 12.4848%;\" width=\"156\">Reforzar las medidas aplicadas en empresas a trav\u00e9s de asesor\u00edas personalizadas y capacitaciones actualizadas a las empresas en sus implementaciones de seguridad sanitaria.<\/td>\n<td style=\"width: 12.4848%; text-align: center;\"><a href=\"http:\/\/saludsinaloa.gob.mx\/wp-content\/uploads\/2021\/files\/Reglas de Operaci\u00f3n.pdf\" target=\"_blank\" rel=\"noopener noreferrer\">Reglas de operaci\u00f3n<\/a><\/p>\n<p><a href=\"http:\/\/saludsinaloa.gob.mx\/wp-content\/uploads\/2021\/files\/Resultados del programa.pdf\" target=\"_blank\" rel=\"noopener noreferrer\">Resultados del programa<\/a><\/p>\n<p><a href=\"http:\/\/saludsinaloa.gob.mx\/wp-content\/uploads\/2021\/files\/Padron%20de%20beneficiarios_mipymes_capacitacion.pdf\" target=\"_blank\" rel=\"noopener noreferrer\">Padr\u00f3n beneficiarios<\/a><\/td>\n<\/tr>\n<tr>\n<td style=\"width: 24.9697%;\" width=\"175\">Webinar &#8211; proyectos y emprendimiento puro Sinaloa<\/td>\n<td style=\"width: 24.9697%; text-align: center;\">$2,000,000.00<\/td>\n<td style=\"width: 24.9697%;\" width=\"215\">Estudiantes, Empresarios, Emprendedores y P\u00fablico en general.<\/td>\n<td style=\"width: 12.4848%;\" width=\"156\">Ofrecer por medio de una plataforma de contenido en l\u00ednea, diferentes programas, talleres y cursos de capacitaci\u00f3n, con acceso gratuito.<\/td>\n<td style=\"width: 12.4848%;\">\n<p style=\"text-align: center;\"><a href=\"http:\/\/saludsinaloa.gob.mx\/wp-content\/uploads\/2021\/files\/Reglas de operaci\u00f3n_webinar.pdf\" target=\"_blank\" rel=\"noopener noreferrer\">Reglas de operaci\u00f3n<\/a><\/p>\n<p style=\"text-align: center;\"><a href=\"http:\/\/saludsinaloa.gob.mx\/wp-content\/uploads\/2021\/files\/Resultados del programa_webinar.pdf\" target=\"_blank\" rel=\"noopener noreferrer\">Resultados del programa<\/a><\/p>\n<p style=\"text-align: center;\"><a href=\"http:\/\/saludsinaloa.gob.mx\/wp-content\/uploads\/2021\/files\/Padr%C3%B3n%20de%20beneficiarios_webinar.pdf\" target=\"_blank\" rel=\"noopener noreferrer\">Padr\u00f3n beneficiarios<\/a><\/p>\n<\/td>\n<\/tr>\n<tr>\n<td style=\"width: 24.9697%;\" width=\"175\">RED FOSIN<br \/>\nFosin Microcr\u00e9dito \/ Fosin Productivo<\/td>\n<td style=\"width: 24.9697%; text-align: center;\">$15,600,000.00<\/td>\n<td style=\"width: 24.9697%;\" width=\"215\">Dirigido a todas las Micro, Peque\u00f1as y Medianas Empresas Sinaloenses<\/td>\n<td style=\"width: 12.4848%;\" width=\"156\">Programa dirigido a otorgar financiamientos con negocios productivos de cualquier sector empresarial y giro econ\u00f3mico que resultaron afectadas durante la contigencia de COVID-19<\/td>\n<td style=\"width: 12.4848%; text-align: center;\"><a href=\"http:\/\/saludsinaloa.gob.mx\/wp-content\/uploads\/2021\/files\/Reglas de Operacion COVID EMERGENTE.pdf\" target=\"_blank\" rel=\"noopener noreferrer\">Reglas de operaci\u00f3n<\/a><\/p>\n<p><a href=\"http:\/\/saludsinaloa.gob.mx\/wp-content\/uploads\/2021\/files\/Resultados y Presupuesto ejercido.pdf\" target=\"_blank\" rel=\"noopener noreferrer\">Resultado y presupuesto ejercido<\/a><\/p>\n<p><a href=\"http:\/\/saludsinaloa.gob.mx\/wp-content\/uploads\/2021\/files\/Padron%20de%20Beneficiarios_Fosin.pdf\" target=\"_blank\" rel=\"noopener noreferrer\">Padr\u00f3n beneficiarios<\/a><\/td>\n<\/tr>\n<tr>\n<td style=\"width: 24.9697%;\">Reactivaci\u00f3n econ\u00f3mica turismo<\/td>\n<td style=\"width: 24.9697%; text-align: center;\"><\/td>\n<td style=\"width: 24.9697%;\"><\/td>\n<td style=\"width: 12.4848%;\"><\/td>\n<td style=\"width: 12.4848%; text-align: center;\"><a href=\"http:\/\/saludsinaloa.gob.mx\/wp-content\/uploads\/2021\/files\/AFLUENCIA TURISTICA.xlsx\" target=\"_blank\" rel=\"noopener noreferrer\">Afluencia Turistica<\/a><\/p>\n<p><a href=\"http:\/\/saludsinaloa.gob.mx\/wp-content\/uploads\/2021\/files\/TURISMO_.pdf\" target=\"_blank\" rel=\"noopener noreferrer\">Informe<\/a><\/td>\n<\/tr>\n<\/tbody>\n<\/table>\n","protected":false},"excerpt":{"rendered":"<p>&nbsp; NOMBRE CANTIDAD BENEFICIARIOS DESTINO DE RECURSOS INFORMACI\u00d3N DEL PROGRAMA Reactivaci\u00f3n econ\u00f3mica de MiPymes sinaloenses $1,800,000.00 Todas las empresas formalmente establecidas que operan en el estado de Sinaloa y que est\u00e1n en cumplimiento de los protocolos de la nueva normalidad. Reforzar las medidas aplicadas en empresas a trav\u00e9s de asesor\u00edas personalizadas y capacitaciones actualizadas a [&hellip;]<\/p>\n","protected":false},"author":1,"featured_media":0,"parent":0,"menu_order":0,"comment_status":"closed","ping_status":"closed","template":"templates\/full-width-page.php","meta":{"footnotes":""},"class_list":["post-12881","page","type-page","status-publish","hentry"],"_links":{"self":[{"href":"https:\/\/saludsinaloa.gob.mx\/index.php\/wp-json\/wp\/v2\/pages\/12881","targetHints":{"allow":["GET"]}}],"collection":[{"href":"https:\/\/saludsinaloa.gob.mx\/index.php\/wp-json\/wp\/v2\/pages"}],"about":[{"href":"https:\/\/saludsinaloa.gob.mx\/index.php\/wp-json\/wp\/v2\/types\/page"}],"author":[{"embeddable":true,"href":"https:\/\/saludsinaloa.gob.mx\/index.php\/wp-json\/wp\/v2\/users\/1"}],"replies":[{"embeddable":true,"href":"https:\/\/saludsinaloa.gob.mx\/index.php\/wp-json\/wp\/v2\/comments?post=12881"}],"version-history":[{"count":5,"href":"https:\/\/saludsinaloa.gob.mx\/index.php\/wp-json\/wp\/v2\/pages\/12881\/revisions"}],"predecessor-version":[{"id":12918,"href":"https:\/\/saludsinaloa.gob.mx\/index.php\/wp-json\/wp\/v2\/pages\/12881\/revisions\/12918"}],"wp:attachment":[{"href":"https:\/\/saludsinaloa.gob.mx\/index.php\/wp-json\/wp\/v2\/media?parent=12881"}],"curies":[{"name":"wp","href":"https:\/\/api.w.org\/{rel}","templated":true}]}}