{"id":11210,"date":"2020-12-08T01:07:19","date_gmt":"2020-12-08T01:07:19","guid":{"rendered":"http:\/\/saludsinaloa.gob.mx\/?page_id=11210"},"modified":"2020-12-23T01:42:54","modified_gmt":"2020-12-23T01:42:54","slug":"programa-operativo-anual-poa-servicios-de-salud-de-sinaloa-2020","status":"publish","type":"page","link":"https:\/\/saludsinaloa.gob.mx\/index.php\/programa-operativo-anual-poa-servicios-de-salud-de-sinaloa-2020\/","title":{"rendered":"Programa Operativo Anual (POA) Servicios de Salud de Sinaloa 2020"},"content":{"rendered":"<h3><a href=\"http:\/\/saludsinaloa.gob.mx\/index.php\/programa-operativo-anual-poa-servicios-de-salud-de-sinaloa\/\">Regresar<\/a><\/h3>\n<p><strong>Estrategia 60<\/strong><\/p>\n<hr \/>\n<ul>\n<li><a href=\"http:\/\/saludsinaloa.gob.mx\/wp-content\/uploads\/2020\/files\/Abasto de medicamentos.pdf\" target=\"_blank\" rel=\"noopener noreferrer\">Abasto de medicamentos<\/a><\/li>\n<li><a href=\"http:\/\/saludsinaloa.gob.mx\/wp-content\/uploads\/2020\/files\/Adquisicion de medicamentos y material de curacion.pdf\" target=\"_blank\" rel=\"noopener noreferrer\">Adquisici\u00f3n de medicamentos y material de curaci\u00f3n<\/a><\/li>\n<li><a href=\"http:\/\/saludsinaloa.gob.mx\/wp-content\/uploads\/2020\/files\/Afaspe prevencion y atencion a la salud(inversion).pdf\" target=\"_blank\" rel=\"noopener noreferrer\">AFASPE prevenci\u00f3n y atenci\u00f3n a la salud(inversi\u00f3n)<\/a><\/li>\n<li><a href=\"http:\/\/saludsinaloa.gob.mx\/wp-content\/uploads\/2020\/files\/Alimentacion y activacion fisica (afaspe).pdf\" target=\"_blank\" rel=\"noopener noreferrer\">Alimentaci\u00f3n y activaci\u00f3n f\u00edsica (AFASPE)<\/a><\/li>\n<li><a href=\"http:\/\/saludsinaloa.gob.mx\/wp-content\/uploads\/2020\/files\/Alimentacion y activacion fisica SSS.pdf\" target=\"_blank\" rel=\"noopener noreferrer\">Alimentaci\u00f3n y activaci\u00f3n f\u00edsica SSS<\/a><\/li>\n<li><a href=\"http:\/\/saludsinaloa.gob.mx\/wp-content\/uploads\/2020\/files\/Atencion a victimas del delito.pdf\" target=\"_blank\" rel=\"noopener noreferrer\">Atenci\u00f3n a victimas del delito<\/a><\/li>\n<li><a href=\"http:\/\/saludsinaloa.gob.mx\/wp-content\/uploads\/2020\/files\/Demolicion, Adecuacion de Espacion y Construccion del Nuevo Estacionamiento del Hospital Pediatrico de Sinalao.pdf\" target=\"_blank\" rel=\"noopener noreferrer\">Demolici\u00f3n, Adecuaci\u00f3n de Espacio y Construcci\u00f3n del Nuevo Estacionamiento del Hospital Pedi\u00e1trico de Sinaloa<\/a><\/li>\n<li><a href=\"http:\/\/saludsinaloa.gob.mx\/wp-content\/uploads\/2020\/files\/Diabetes mellitus SSS.pdf\" target=\"_blank\" rel=\"noopener noreferrer\">Diabetes mellitus SSS<\/a><\/li>\n<li><a href=\"http:\/\/saludsinaloa.gob.mx\/wp-content\/uploads\/2020\/files\/Diabetes mellitus(afaspe).pdf\" target=\"_blank\" rel=\"noopener noreferrer\">Diabetes mellitus(AFASPE)<\/a><\/li>\n<li><a href=\"http:\/\/saludsinaloa.gob.mx\/wp-content\/uploads\/2020\/files\/Entorno y comunidades saludables (afaspe).pdf\" target=\"_blank\" rel=\"noopener noreferrer\">Entorno y comunidades saludables (AFASPE)<\/a><\/li>\n<li><a href=\"http:\/\/saludsinaloa.gob.mx\/wp-content\/uploads\/2020\/files\/Entornos y comunidades saludables(inversion).pdf\" target=\"_blank\" rel=\"noopener noreferrer\">Entornos y comunidades saludables(inversi\u00f3n)<\/a><\/li>\n<li><a href=\"http:\/\/saludsinaloa.gob.mx\/wp-content\/uploads\/2020\/files\/Equipo de alta especialidad.pdf\" target=\"_blank\" rel=\"noopener noreferrer\">Equipo de alta especialidad<\/a><\/li>\n<li><a href=\"http:\/\/saludsinaloa.gob.mx\/wp-content\/uploads\/2020\/files\/Fortalecer el transplante de organos solidos.pdf\" target=\"_blank\" rel=\"noopener noreferrer\">Fortalecer el trasplante de \u00f3rganos solidos<\/a><\/li>\n<li><a href=\"http:\/\/saludsinaloa.gob.mx\/wp-content\/uploads\/2020\/files\/Fortalecimiento a la infraestructura fisica en la salud.pdf\" target=\"_blank\" rel=\"noopener noreferrer\">Fortalecimiento a la infraestructura f\u00edsica en la salud<\/a><\/li>\n<li><a href=\"http:\/\/saludsinaloa.gob.mx\/wp-content\/uploads\/2020\/files\/Fortalecimiento de la red de tecnologia de la salud.pdf\" target=\"_blank\" rel=\"noopener noreferrer\">Fortalecimiento de la red de tecnolog\u00eda de la salud<\/a><\/li>\n<li><a href=\"http:\/\/saludsinaloa.gob.mx\/wp-content\/uploads\/2020\/files\/Fortalecimiento de los Servicios de Salud.pdf\" target=\"_blank\" rel=\"noopener noreferrer\">Fortalecimiento de los Servicios de Salud<\/a><\/li>\n<li><a href=\"http:\/\/saludsinaloa.gob.mx\/wp-content\/uploads\/2020\/files\/Fortalecimiento en infrAaestructura para el laboratorio estatal de salud publica de sinaloa.pdf\" target=\"_blank\" rel=\"noopener noreferrer\">Fortalecimiento en infraestructura para el laboratorio estatal de salud publica de Sinaloa<\/a><\/li>\n<li><a href=\"http:\/\/saludsinaloa.gob.mx\/wp-content\/uploads\/2020\/files\/Fortalecimiento Institucional de los Servicios de Salud.pdf\" target=\"_blank\" rel=\"noopener noreferrer\">Fortalecimiento Institucional de los Servicios de Salud<\/a><\/li>\n<li><a href=\"http:\/\/saludsinaloa.gob.mx\/wp-content\/uploads\/2020\/files\/Gasto de operecion unidades medicas.pdf\" target=\"_blank\" rel=\"noopener noreferrer\">Gasto de operaci\u00f3n unidades medicas<\/a><\/li>\n<li><a href=\"http:\/\/saludsinaloa.gob.mx\/wp-content\/uploads\/2020\/files\/Nivelacion salarial a 86 quimicos.pdf\" target=\"_blank\" rel=\"noopener noreferrer\">Nivelaci\u00f3n salarial a 86 qu\u00edmicos<\/a><\/li>\n<li><a href=\"http:\/\/saludsinaloa.gob.mx\/wp-content\/uploads\/2020\/files\/Pago a personal voluntario para realizar acciones de prevencion y promocion.pdf\" target=\"_blank\" rel=\"noopener noreferrer\">Pago a personal voluntario para realizar acciones de prevenci\u00f3n y promoci\u00f3n<\/a><\/li>\n<li><a href=\"http:\/\/saludsinaloa.gob.mx\/wp-content\/uploads\/2020\/files\/Pago a suplencias.pdf\" target=\"_blank\" rel=\"noopener noreferrer\">Pago a suplencias<\/a><\/li>\n<li><a href=\"http:\/\/saludsinaloa.gob.mx\/wp-content\/uploads\/2020\/files\/Pago a terceros FIGLOSNTSA.pdf\" target=\"_blank\" rel=\"noopener noreferrer\">Pago a terceros FIGLOSNTSA<\/a><\/li>\n<li><a href=\"http:\/\/saludsinaloa.gob.mx\/wp-content\/uploads\/2020\/files\/Pago a terceros no institucionales.pdf\" target=\"_blank\" rel=\"noopener noreferrer\">Pago a terceros no institucionales<\/a><\/li>\n<li><a href=\"http:\/\/saludsinaloa.gob.mx\/wp-content\/uploads\/2020\/files\/Pago de condiciones generales de trabajo al personal regularizado, formalizado y homologado.pdf\" target=\"_blank\" rel=\"noopener noreferrer\">Pago de condiciones generales de trabajo al personal regularizado, formalizado y homologado<\/a><\/li>\n<li><a href=\"http:\/\/saludsinaloa.gob.mx\/wp-content\/uploads\/2020\/files\/Pago de medidas de fin de a\u00f1o al personal regularizado, formalizado y homologado.pdf\" target=\"_blank\" rel=\"noopener noreferrer\">Pago de medidas de fin de a\u00f1o al personal regularizado, formalizado y homologado<\/a><\/li>\n<li><a href=\"http:\/\/saludsinaloa.gob.mx\/wp-content\/uploads\/2020\/files\/Pago de vales de productividad.pdf\" target=\"_blank\" rel=\"noopener noreferrer\">Pago de vales de productividad<\/a><\/li>\n<li><a href=\"http:\/\/saludsinaloa.gob.mx\/wp-content\/uploads\/2020\/files\/Pago para el fondo estatal de ahorro capitalizable.pdf\" target=\"_blank\" rel=\"noopener noreferrer\">Pago para el fondo estatal de ahorro capitalizable<\/a><\/li>\n<li><a href=\"http:\/\/saludsinaloa.gob.mx\/wp-content\/uploads\/2020\/files\/Personal con cargo a cuotas de recuperacion.pdf\" target=\"_blank\" rel=\"noopener noreferrer\">Personal con cargo a cuotas de recuperaci\u00f3n<\/a><\/li>\n<li><a href=\"http:\/\/saludsinaloa.gob.mx\/wp-content\/uploads\/2020\/files\/Prevencion y atencion a la salud (afaspe).pdf\" target=\"_blank\" rel=\"noopener noreferrer\">Prevenci\u00f3n y atenci\u00f3n a la salud (AFASPE)<\/a><\/li>\n<li><a href=\"http:\/\/saludsinaloa.gob.mx\/wp-content\/uploads\/2020\/files\/Prevencion y atencion a la salud SSS(inversion).pdf\" target=\"_blank\" rel=\"noopener noreferrer\">Prevenci\u00f3n y atenci\u00f3n a la salud SSS(inversi\u00f3n)<\/a><\/li>\n<li><a href=\"http:\/\/saludsinaloa.gob.mx\/wp-content\/uploads\/2020\/files\/Prevencion y Atencion a la Salud SSS.pdf\" target=\"_blank\" rel=\"noopener noreferrer\">Prevenci\u00f3n y Atenci\u00f3n a la Salud SSS<\/a><\/li>\n<li><a href=\"http:\/\/saludsinaloa.gob.mx\/wp-content\/uploads\/2020\/files\/Rabia (afaspe).pdf\" target=\"_blank\" rel=\"noopener noreferrer\">Rabia (AFASPE)<\/a><\/li>\n<li><a href=\"http:\/\/saludsinaloa.gob.mx\/wp-content\/uploads\/2020\/files\/Rabia SSS.pdf\" target=\"_blank\" rel=\"noopener noreferrer\">Rabia SSS<\/a><\/li>\n<li><a href=\"http:\/\/saludsinaloa.gob.mx\/wp-content\/uploads\/2020\/files\/Riesgo cardiovascular (afaspe) inversion.pdf\" target=\"_blank\" rel=\"noopener noreferrer\">Riesgo cardiovascular (AFASPE) inversi\u00f3n<\/a><\/li>\n<li><a href=\"http:\/\/saludsinaloa.gob.mx\/wp-content\/uploads\/2020\/files\/Riesgo Cardiovascular (afaspe).pdf\" target=\"_blank\" rel=\"noopener noreferrer\">Riesgo Cardiovascular (AFASPE)<\/a><\/li>\n<li><a href=\"http:\/\/saludsinaloa.gob.mx\/wp-content\/uploads\/2020\/files\/Riesgo Cardiovascular SSS.pdf\" target=\"_blank\" rel=\"noopener noreferrer\">Riesgo Cardiovascular SSS<\/a><\/li>\n<\/ul>\n<p><strong>Estrategia 61<\/strong><\/p>\n<hr \/>\n<ul>\n<li><a href=\"http:\/\/saludsinaloa.gob.mx\/wp-content\/uploads\/2020\/files\/Cancer de la mujer (afaspe).pdf\" target=\"_blank\" rel=\"noopener noreferrer\">C\u00e1ncer de la mujer (AFASPE)<\/a><\/li>\n<li><a href=\"http:\/\/saludsinaloa.gob.mx\/wp-content\/uploads\/2020\/files\/Cancer de la Mujer SSS.pdf\" target=\"_blank\" rel=\"noopener noreferrer\">C\u00e1ncer de la Mujer SSS<\/a><\/li>\n<li><a href=\"http:\/\/saludsinaloa.gob.mx\/wp-content\/uploads\/2020\/files\/Cancer de la mujer(afaspe)inversion.pdf\" target=\"_blank\" rel=\"noopener noreferrer\">C\u00e1ncer de la mujer(AFASPE)inversi\u00f3n<\/a><\/li>\n<li><a href=\"http:\/\/saludsinaloa.gob.mx\/wp-content\/uploads\/2020\/files\/Dengue SSS.pdf\" target=\"_blank\" rel=\"noopener noreferrer\">Dengue SSS<\/a><\/li>\n<li><a href=\"http:\/\/saludsinaloa.gob.mx\/wp-content\/uploads\/2020\/files\/Dengue(afaspe).pdf\" target=\"_blank\" rel=\"noopener noreferrer\">Dengue(AFASPE)<\/a><\/li>\n<li><a href=\"http:\/\/saludsinaloa.gob.mx\/wp-content\/uploads\/2020\/files\/Dengue(afaspe)Inversion.pdf\" target=\"_blank\" rel=\"noopener noreferrer\">Dengue(AFASPE)Inversi\u00f3n<\/a><\/li>\n<li><a href=\"http:\/\/saludsinaloa.gob.mx\/wp-content\/uploads\/2020\/files\/Lepra SSS.pdf\" target=\"_blank\" rel=\"noopener noreferrer\">Lepra SSS<\/a><\/li>\n<li><a href=\"http:\/\/saludsinaloa.gob.mx\/wp-content\/uploads\/2020\/files\/Lepra(afaspe).pdf\" target=\"_blank\" rel=\"noopener noreferrer\">Lepra(AFASPE)<\/a><\/li>\n<li><a href=\"http:\/\/saludsinaloa.gob.mx\/wp-content\/uploads\/2020\/files\/Salud Bucal SSS.pdf\" target=\"_blank\" rel=\"noopener noreferrer\">Salud Bucal SSS<\/a><\/li>\n<li><a href=\"http:\/\/saludsinaloa.gob.mx\/wp-content\/uploads\/2020\/files\/Salud Bucal(afaspe).pdf\" target=\"_blank\" rel=\"noopener noreferrer\">Salud Bucal(AFASPE)<\/a><\/li>\n<li><a href=\"http:\/\/saludsinaloa.gob.mx\/wp-content\/uploads\/2020\/files\/Salud Mental SSS.pdf\" target=\"_blank\" rel=\"noopener noreferrer\">Salud Mental SSS<\/a><\/li>\n<li><a href=\"http:\/\/saludsinaloa.gob.mx\/wp-content\/uploads\/2020\/files\/Tuberculosis(afaspe).pdf\" target=\"_blank\" rel=\"noopener noreferrer\">Tuberculosis(AFASPE)<\/a><\/li>\n<li><a href=\"http:\/\/saludsinaloa.gob.mx\/wp-content\/uploads\/2020\/files\/Tuberculosis.pdf\" target=\"_blank\" rel=\"noopener noreferrer\">Tuberculosis SSS<\/a><\/li>\n<li><a href=\"http:\/\/saludsinaloa.gob.mx\/wp-content\/uploads\/2020\/files\/Vacunacion SSS.pdf\" target=\"_blank\" rel=\"noopener noreferrer\">Vacunaci\u00f3n SSS<\/a><\/li>\n<li><a href=\"http:\/\/saludsinaloa.gob.mx\/wp-content\/uploads\/2020\/files\/Vacunacion(afaspe).pdf\" target=\"_blank\" rel=\"noopener noreferrer\">Vacunaci\u00f3n(AFASPE)<\/a><\/li>\n<li><a href=\"http:\/\/saludsinaloa.gob.mx\/wp-content\/uploads\/2020\/files\/VIH-sida SSS.pdf\" target=\"_blank\" rel=\"noopener noreferrer\">VIH-sida SSS<\/a><\/li>\n<li><a href=\"http:\/\/saludsinaloa.gob.mx\/wp-content\/uploads\/2020\/files\/VIH-sida(afaspe).pdf\" target=\"_blank\" rel=\"noopener noreferrer\">VIH-sida(AFASPE)<\/a><\/li>\n<li><a href=\"http:\/\/saludsinaloa.gob.mx\/wp-content\/uploads\/2020\/files\/Violencia familiar y de genero (afaspe).pdf\" target=\"_blank\" rel=\"noopener noreferrer\">Violencia familiar y de genero (AFASPE)<\/a><\/li>\n<li><a href=\"http:\/\/saludsinaloa.gob.mx\/wp-content\/uploads\/2020\/files\/Violencia familiar y de genero SSS.pdf\" target=\"_blank\" rel=\"noopener noreferrer\">Violencia familiar y de genero SSS<\/a><\/li>\n<\/ul>\n<p><strong>Estrategia 62<\/strong><\/p>\n<hr \/>\n<ul>\n<li><a href=\"http:\/\/saludsinaloa.gob.mx\/wp-content\/uploads\/2020\/files\/Infancia SSS.pdf\" target=\"_blank\" rel=\"noopener noreferrer\">Infancia SSS<\/a><\/li>\n<li><a href=\"http:\/\/saludsinaloa.gob.mx\/wp-content\/uploads\/2020\/files\/Infancia(afaspe).pdf\" target=\"_blank\" rel=\"noopener noreferrer\">Infancia(afaspe)<\/a><\/li>\n<li><a href=\"http:\/\/saludsinaloa.gob.mx\/wp-content\/uploads\/2020\/files\/Planificacion familiar SSS.pdf\" target=\"_blank\" rel=\"noopener noreferrer\">Planificacion familiar SSS<\/a><\/li>\n<li><a href=\"http:\/\/saludsinaloa.gob.mx\/wp-content\/uploads\/2020\/files\/Planificacion familiar(afaspe).pdf\" target=\"_blank\" rel=\"noopener noreferrer\">Planificacion familiar(afaspe)<\/a><\/li>\n<li><a href=\"http:\/\/saludsinaloa.gob.mx\/wp-content\/uploads\/2020\/files\/Planificacion familiar(inversion).pdf\" target=\"_blank\" rel=\"noopener noreferrer\">Planificacion familiar(inversion)<\/a><\/li>\n<li><a href=\"http:\/\/saludsinaloa.gob.mx\/wp-content\/uploads\/2020\/files\/Salud Materna y perinatal SSS.pdf\" target=\"_blank\" rel=\"noopener noreferrer\">Salud Materna y perinatal SSS<\/a><\/li>\n<li><a href=\"http:\/\/saludsinaloa.gob.mx\/wp-content\/uploads\/2020\/files\/Salud Materna y perinatal(afaspe).pdf\" target=\"_blank\" rel=\"noopener noreferrer\">Salud Materna y perinatal(afaspe)<\/a><\/li>\n<li><a href=\"http:\/\/saludsinaloa.gob.mx\/wp-content\/uploads\/2020\/files\/Salud materna y perinatal(afaspe)inversion.pdf\" target=\"_blank\" rel=\"noopener noreferrer\">Salud materna y perinatal(afaspe)inversion<\/a><\/li>\n<li><a href=\"http:\/\/saludsinaloa.gob.mx\/wp-content\/uploads\/2020\/files\/Salud Reproductiva(afaspe).pdf\" target=\"_blank\" rel=\"noopener noreferrer\">Salud Reproductiva(afaspe)<\/a><\/li>\n<li><a href=\"http:\/\/saludsinaloa.gob.mx\/wp-content\/uploads\/2020\/files\/Salud Reproductiva(afaspe)inversion.pdf\" target=\"_blank\" rel=\"noopener noreferrer\">Salud Reproductiva(afaspe)inversion<\/a><\/li>\n<\/ul>\n<p><strong>Estrategia 64<\/strong><\/p>\n<hr \/>\n<ul>\n<li><a href=\"http:\/\/saludsinaloa.gob.mx\/wp-content\/uploads\/2020\/files\/Programa de capacitacion, prevencion, tratamiento y control de la adicciones.pdf\" target=\"_blank\" rel=\"noopener noreferrer\">Programa de capacitaci\u00f3n, prevenci\u00f3n, tratamiento y control de la adicciones<\/a><\/li>\n<li><a href=\"http:\/\/saludsinaloa.gob.mx\/wp-content\/uploads\/2020\/files\/Programa de prevencion, tratamiento y control de adicciones(inversion).pdf\" target=\"_blank\" rel=\"noopener noreferrer\">Programa de prevenci\u00f3n, tratamiento y control de adicciones(inversi\u00f3n)<\/a><\/li>\n<li><a href=\"http:\/\/saludsinaloa.gob.mx\/wp-content\/uploads\/2020\/files\/Proteccion contra riesgos sanitario y red nacional de laboratorios(inversion).pdf\" target=\"_blank\" rel=\"noopener noreferrer\">Protecci\u00f3n contra riesgos sanitario y red nacional de laboratorios(inversi\u00f3n)<\/a><\/li>\n<li><a href=\"http:\/\/saludsinaloa.gob.mx\/wp-content\/uploads\/2020\/files\/Proteccion contra riesgos sanitarios y red nacional de laboratorios.pdf\" target=\"_blank\" rel=\"noopener noreferrer\">Protecci\u00f3n contra riesgos sanitarios y red nacional de laboratorios<\/a><\/li>\n<\/ul>\n<p><strong>Estrategia 67<\/strong><\/p>\n<hr \/>\n<ul>\n<li><a href=\"http:\/\/saludsinaloa.gob.mx\/wp-content\/uploads\/2020\/files\/Fondo de Prevision presupuestal fpp(inversion).pdf\" target=\"_blank\" rel=\"noopener noreferrer\">Fondo de Previsi\u00f3n presupuestal fpp 2%(inversi\u00f3n)<\/a><\/li>\n<li><a href=\"http:\/\/saludsinaloa.gob.mx\/wp-content\/uploads\/2020\/files\/Seguro medico XXI.pdf\" target=\"_blank\" rel=\"noopener noreferrer\">Seguro m\u00e9dico siglo XXI<\/a><\/li>\n<\/ul>\n<p><strong>Estrategia 68<\/strong><\/p>\n<hr \/>\n<ul>\n<li><a href=\"http:\/\/saludsinaloa.gob.mx\/wp-content\/uploads\/2020\/files\/Fortalecimiento a la atencion medica.pdf\" target=\"_blank\" rel=\"noopener noreferrer\">Fortalecimiento a la atenci\u00f3n medica<\/a><\/li>\n<\/ul>\n","protected":false},"excerpt":{"rendered":"<p>Regresar Estrategia 60 Abasto de medicamentos Adquisici\u00f3n de medicamentos y material de curaci\u00f3n AFASPE prevenci\u00f3n y atenci\u00f3n a la salud(inversi\u00f3n) Alimentaci\u00f3n y activaci\u00f3n f\u00edsica (AFASPE) Alimentaci\u00f3n y activaci\u00f3n f\u00edsica SSS Atenci\u00f3n a victimas del delito Demolici\u00f3n, Adecuaci\u00f3n de Espacio y Construcci\u00f3n del Nuevo Estacionamiento del Hospital Pedi\u00e1trico de Sinaloa Diabetes mellitus SSS Diabetes mellitus(AFASPE) Entorno [&hellip;]<\/p>\n","protected":false},"author":1,"featured_media":0,"parent":0,"menu_order":0,"comment_status":"closed","ping_status":"closed","template":"templates\/full-width-page.php","meta":{"footnotes":""},"class_list":["post-11210","page","type-page","status-publish","hentry"],"_links":{"self":[{"href":"https:\/\/saludsinaloa.gob.mx\/index.php\/wp-json\/wp\/v2\/pages\/11210","targetHints":{"allow":["GET"]}}],"collection":[{"href":"https:\/\/saludsinaloa.gob.mx\/index.php\/wp-json\/wp\/v2\/pages"}],"about":[{"href":"https:\/\/saludsinaloa.gob.mx\/index.php\/wp-json\/wp\/v2\/types\/page"}],"author":[{"embeddable":true,"href":"https:\/\/saludsinaloa.gob.mx\/index.php\/wp-json\/wp\/v2\/users\/1"}],"replies":[{"embeddable":true,"href":"https:\/\/saludsinaloa.gob.mx\/index.php\/wp-json\/wp\/v2\/comments?post=11210"}],"version-history":[{"count":6,"href":"https:\/\/saludsinaloa.gob.mx\/index.php\/wp-json\/wp\/v2\/pages\/11210\/revisions"}],"predecessor-version":[{"id":11419,"href":"https:\/\/saludsinaloa.gob.mx\/index.php\/wp-json\/wp\/v2\/pages\/11210\/revisions\/11419"}],"wp:attachment":[{"href":"https:\/\/saludsinaloa.gob.mx\/index.php\/wp-json\/wp\/v2\/media?parent=11210"}],"curies":[{"name":"wp","href":"https:\/\/api.w.org\/{rel}","templated":true}]}}