{"id":1062,"date":"2017-11-28T17:22:47","date_gmt":"2017-11-28T17:22:47","guid":{"rendered":"http:\/\/wpress2.saludsinaloa.gob.mx\/wordpress\/?page_id=1062"},"modified":"2025-09-15T21:12:14","modified_gmt":"2025-09-15T21:12:14","slug":"programa-anual-de-adquisiciones","status":"publish","type":"page","link":"https:\/\/saludsinaloa.gob.mx\/index.php\/programa-anual-de-adquisiciones\/","title":{"rendered":"Programa Anual de Adquisiciones"},"content":{"rendered":"<p><a href=\"http:\/\/wpress2.saludsinaloa.gob.mx\/wordpress\/wp-content\/uploads\/2017\/files\/Plan Anual de ADQUISICIONES 2016.pdf\" target=\"_blank\" rel=\"noopener\">Programa Anual de Adquisiciones 2016<\/a><br \/>\n<a href=\"http:\/\/wpress2.saludsinaloa.gob.mx\/wordpress\/wp-content\/uploads\/2017\/files\/Plan Anual de ADQUISICIONES 2015 final enero 2016.pdf\" target=\"_blank\" rel=\"noopener\">Programa Anual de Adquisiciones 2015<\/a><br \/>\n<a href=\"http:\/\/wpress2.saludsinaloa.gob.mx\/wordpress\/wp-content\/uploads\/2017\/files\/Plan Anual de ADQUISICIONES 2014.pdf\" target=\"_blank\" rel=\"noopener\">Programa Anual de Adquisiciones 2014<\/a><br \/>\n<a href=\"http:\/\/wpress2.saludsinaloa.gob.mx\/wordpress\/wp-content\/uploads\/2017\/files\/aRCHIVO DE ADQUISICIONES DE LICITACIONES 2013 (3).pdf\" target=\"_blank\" rel=\"noopener\">Programa Anual de Adquisiciones 2013<\/a><\/p>\n<p class=\"textoNormal\">Fuente: Subdirecci\u00f3n de Recursos Materiales a Enero del 2016<br \/>\nElabor\u00f3: Subdirecci\u00f3n de Recursos Materiales &#8211; SERVICIOS DE SALUD DE SINALOA.<\/p>\n","protected":false},"excerpt":{"rendered":"<p>Programa Anual de Adquisiciones 2016 Programa Anual de Adquisiciones 2015 Programa Anual de Adquisiciones 2014 Programa Anual de Adquisiciones 2013 Fuente: Subdirecci\u00f3n de Recursos Materiales a Enero del 2016 Elabor\u00f3: Subdirecci\u00f3n de Recursos Materiales &#8211; SERVICIOS DE SALUD DE SINALOA.<\/p>\n","protected":false},"author":1,"featured_media":405,"parent":0,"menu_order":0,"comment_status":"closed","ping_status":"closed","template":"templates\/full-width-page.php","meta":{"footnotes":""},"class_list":["post-1062","page","type-page","status-publish","has-post-thumbnail","hentry"],"_links":{"self":[{"href":"https:\/\/saludsinaloa.gob.mx\/index.php\/wp-json\/wp\/v2\/pages\/1062","targetHints":{"allow":["GET"]}}],"collection":[{"href":"https:\/\/saludsinaloa.gob.mx\/index.php\/wp-json\/wp\/v2\/pages"}],"about":[{"href":"https:\/\/saludsinaloa.gob.mx\/index.php\/wp-json\/wp\/v2\/types\/page"}],"author":[{"embeddable":true,"href":"https:\/\/saludsinaloa.gob.mx\/index.php\/wp-json\/wp\/v2\/users\/1"}],"replies":[{"embeddable":true,"href":"https:\/\/saludsinaloa.gob.mx\/index.php\/wp-json\/wp\/v2\/comments?post=1062"}],"version-history":[{"count":5,"href":"https:\/\/saludsinaloa.gob.mx\/index.php\/wp-json\/wp\/v2\/pages\/1062\/revisions"}],"predecessor-version":[{"id":20786,"href":"https:\/\/saludsinaloa.gob.mx\/index.php\/wp-json\/wp\/v2\/pages\/1062\/revisions\/20786"}],"wp:featuredmedia":[{"embeddable":true,"href":"https:\/\/saludsinaloa.gob.mx\/index.php\/wp-json\/wp\/v2\/media\/405"}],"wp:attachment":[{"href":"https:\/\/saludsinaloa.gob.mx\/index.php\/wp-json\/wp\/v2\/media?parent=1062"}],"curies":[{"name":"wp","href":"https:\/\/api.w.org\/{rel}","templated":true}]}}